{"id":606,"date":"2021-06-11T08:00:34","date_gmt":"2021-06-11T06:00:34","guid":{"rendered":"https:\/\/www.hsu-hh.de\/statdat\/?page_id=606"},"modified":"2025-06-25T13:54:32","modified_gmt":"2025-06-25T11:54:32","slug":"lizzie-neumann","status":"publish","type":"page","link":"https:\/\/www.hsu-hh.de\/statdat\/lizzie-neumann","title":{"rendered":"Lizzie Neumann, M.Sc."},"content":{"rendered":"<div class=\"clearfix\">\u00a0<\/div>\n<div class=\"ansprechparter-container\">\n<div class=\"row ansprechpartner-item ansprechparter-header\">\n<div>\u00a0<\/div>\n<div class=\"col-md-4 col-lg-3 col-xs-4 ansprechpartner-item floatright img-circle center-block\" style=\"margin-bottom: 30px\">\n<div class=\"img-responsive-wrapper\"><img loading=\"lazy\" decoding=\"async\" class=\"aligncenter wp-image-736\" src=\"https:\/\/www.hsu-hh.de\/statdat\/wp-content\/uploads\/sites\/794\/2021\/11\/IMG_0921-214x300.jpg\" alt=\" \" width=\"131\" height=\"183\" data-credit=\"Lizzie Neumann\" srcset=\"https:\/\/www.hsu-hh.de\/statdat\/wp-content\/uploads\/sites\/794\/2021\/11\/IMG_0921-214x300.jpg 214w, https:\/\/www.hsu-hh.de\/statdat\/wp-content\/uploads\/sites\/794\/2021\/11\/IMG_0921.jpg 600w\" sizes=\"auto, (max-width: 131px) 100vw, 131px\" \/><\/div>\n<\/div>\n<div class=\"col-md-12 col-lg-3 col-xs-12 ansprechpartner-item kontakt floatright\" style=\"margin-bottom: 30px\">\n<div class=\"row\">\n<div class=\"col-xs-12 col-sm-6 col-lg-12\">\n<div class=\"row\">\n<div>\u00a0<\/div>\n<div class=\"col-xs-12 col-lg-4 row-text bold\">Raum:<\/div>\n<div class=\"col-xs-12 col-lg-8 row-text\">1373<\/div>\n<\/div>\n<\/div>\n<div class=\"col-xs-12 col-sm-6 col-lg-12\">\n<div class=\"row\">\n<div class=\"col-xs-12 col-md-12 row-text bold\">Telefon:<\/div>\n<div>(040) 6541-3007<\/div>\n<div class=\"col-xs-12 col-md-12 row-text bold\">E-Mail:<\/div>\n<div class=\"col-xs-12 col-md-12 row-text\">neumannl(at)hsu-hh.de<\/div>\n<\/div>\n<\/div>\n<\/div>\n<\/div>\n<div class=\"col-md-6 col-lg-3 col-xs-12 ansprechpartner-item anschrift floatright\">\n<div>\u00a0<\/div>\n<div class=\"row-headline\">Besucheranschrift<\/div>\n<div class=\"row-text\">Helmut-Schmidt-Universit\u00e4t<\/div>\n<div class=\"row-text\">Geb\u00e4ude H1<\/div>\n<div class=\"row-text\">Holstenhofweg 85<\/div>\n<div class=\"row-text\">22043 Hamburg<\/div>\n<\/div>\n<div class=\"col-md-6 col-lg-3 col-xs-12 ansprechpartner-item anschrift floatright\">\n<div>\u00a0<\/div>\n<div class=\"row-headline\">Postanschrift<\/div>\n<div class=\"row-text\">Helmut-Schmidt-Universit\u00e4t<\/div>\n<div class=\"row-text\">Fakult\u00e4t f\u00fcr <abbr title=\"Wirtschafts- und Sozialwissenschaften\">WiSo<\/abbr><\/div>\n<div class=\"row-text\">Statistik und Datenwissenschaften<\/div>\n<div class=\"row-text\">Postfach 70 08 22<\/div>\n<div class=\"row-text\">22008 Hamburg<\/div>\n<\/div>\n<div>\u00a0<\/div>\n<\/div>\n<\/div>\n<div class=\"clearfix\">\u00a0<\/div>\n<h3>\u00a0<\/h3>\n<p>Seit Mai 2021 arbeite ich als Wissenschaftliche Mitarbeiterin im Team von <abbr title=\"Professor\">Prof.<\/abbr> <abbr title=\"Doktor\">Dr.<\/abbr> Jan Gertheiss. Ich promoviere im Bereich &#8222;Statistische Lernverfahren zur Kovariablen-Adjustierung beim Structural Health Monitoring&#8220; innerhalb des Teilprojektes <em>Data Analytics<\/em> im dtec.bw-Verbundprojekt <em>SHM \u2013 Digitalisierung und \u00dcberwachung von Infrastrukturbauwerken<\/em>.<\/p>\n<h3>Publikationen<\/h3>\n<p>Neumann, L. (2025). Monitoring Confounder-adjusted Principal Component Scores with an Application to Load Test Data. In: Proceedings of the 35th European Safety and Reliability &amp; the 33rd Society for Risk Analysis Europe Conference. Edited by Eirik Bjorheim Abrahamsen, Terje Aven, Frederic Bouder, Roger Flage, Marja Yl\u00f6nen. Research Publishing, Singapore, 2985-2992, doi:10.3850\/978-981-94-3281-3-procd<\/p>\n<p>Neumann, L., P. Wittenberg, A. Mendler, and J. Gertheiss (2025). Confounder-adjusted covariances of system outputs and applications to structural health monitoring. In: Mechanical Systems and Signal Processing 224, 111083, doi: 10.1016\/j.ymssp.2024.111983<\/p>\n<p>Neumann, L., P. Wittenberg, and J. Gertheiss (2025). Confidence Intervals for Conditional Covariances of Natural Frequencies. In: Proceedings of the IOMAC 2025 (to appear), available from https:\/\/iomac2025.sciencesconf.org\/591249<\/p>\n<p>Neumann, L. (2023). Covariate-adjusted Association of Sensor Outputs using a Nonparametric Estimate of the Conditional Covariance. In: Proceedings of the 37th International Workshop on Statistical Modelling: Volume I., Dortmund, Germany, 543-548.<\/p>\n<p>Neumann, L., Gertheiss J. (2022). Covariate-adjusted Association of Sensor Outputs for Structural Health Monitoring. In: dtec.bw-Beitr\u00e4ge der Helmut-Schmidt-Universit\u00e4t \/ Universit\u00e4t der Bundeswehr Hamburg: Forschungsaktivit\u00e4ten im Zentrum f\u00fcr Digitalisierungs- und Technologieforschung der Bundeswehr dtec.bw \u2013 Band 1, 287-291, available from https:\/\/doi.org\/10.24405\/14566<\/p>\n<p>Neumann, L., Gertheiss J. (2022). Covariate-adjusted Association of Sensor Outputs. In: Proceedings of the 36th International Workshop on Statistical Modelling: Volume I., Trieste, Italy, 513-516.<\/p>\n<h3>Lehre<\/h3>\n<p><abbr title=\"Herbsttrimester\">HT<\/abbr>: \u00dcbung &#8222;Quantitative Methoden I&#8220;, &#8222;Quantitative Methoden IV&#8220;<\/p>\n<p><abbr title=\"Wintertrimester\">WT<\/abbr>: \u00dcbung &#8222;Quantitative Methoden II&#8220;, &#8222;Statistik f\u00fcr Politologen&#8220;<\/p>\n<p><abbr title=\"Fr\u00fchjahrstrimester\">FT<\/abbr>: \u00dcbung &#8222;Quantitative Methoden III&#8220;, &#8222;Zeitreihenanalyse&#8220;<\/p>\n\n\n<p><\/p>\n","protected":false},"excerpt":{"rendered":"<p>\u00a0 \u00a0 \u00a0 Raum: 1373 Telefon: (040) 6541-3007 E-Mail: neumannl(at)hsu-hh.de \u00a0 Besucheranschrift Helmut-Schmidt-Universit\u00e4t Geb\u00e4ude H1 Holstenhofweg 85 22043 Hamburg \u00a0 Postanschrift Helmut-Schmidt-Universit\u00e4t Fakult\u00e4t f\u00fcr WiSo Statistik und Datenwissenschaften Postfach 70 [&hellip;]<\/p>\n","protected":false},"author":3023,"featured_media":0,"parent":0,"menu_order":0,"comment_status":"closed","ping_status":"closed","template":"","meta":{"footnotes":""},"categories":[4],"tags":[],"class_list":["post-606","page","type-page","status-publish","hentry","category-forschung"],"_links":{"self":[{"href":"https:\/\/www.hsu-hh.de\/statdat\/wp-json\/wp\/v2\/pages\/606","targetHints":{"allow":["GET"]}}],"collection":[{"href":"https:\/\/www.hsu-hh.de\/statdat\/wp-json\/wp\/v2\/pages"}],"about":[{"href":"https:\/\/www.hsu-hh.de\/statdat\/wp-json\/wp\/v2\/types\/page"}],"author":[{"embeddable":true,"href":"https:\/\/www.hsu-hh.de\/statdat\/wp-json\/wp\/v2\/users\/3023"}],"replies":[{"embeddable":true,"href":"https:\/\/www.hsu-hh.de\/statdat\/wp-json\/wp\/v2\/comments?post=606"}],"version-history":[{"count":14,"href":"https:\/\/www.hsu-hh.de\/statdat\/wp-json\/wp\/v2\/pages\/606\/revisions"}],"predecessor-version":[{"id":1514,"href":"https:\/\/www.hsu-hh.de\/statdat\/wp-json\/wp\/v2\/pages\/606\/revisions\/1514"}],"wp:attachment":[{"href":"https:\/\/www.hsu-hh.de\/statdat\/wp-json\/wp\/v2\/media?parent=606"}],"wp:term":[{"taxonomy":"category","embeddable":true,"href":"https:\/\/www.hsu-hh.de\/statdat\/wp-json\/wp\/v2\/categories?post=606"},{"taxonomy":"post_tag","embeddable":true,"href":"https:\/\/www.hsu-hh.de\/statdat\/wp-json\/wp\/v2\/tags?post=606"}],"curies":[{"name":"wp","href":"https:\/\/api.w.org\/{rel}","templated":true}]}}