{"id":513,"date":"2022-05-03T08:25:28","date_gmt":"2022-05-03T06:25:28","guid":{"rendered":"https:\/\/www.hsu-hh.de\/stahlbau\/?page_id=513"},"modified":"2026-02-09T21:01:58","modified_gmt":"2026-02-09T20:01:58","slug":"dominik-thomas","status":"publish","type":"page","link":"https:\/\/www.hsu-hh.de\/stahlbau\/mitarbeiter\/dominik-thomas\/","title":{"rendered":""},"content":{"rendered":"<script type=\"application\/ld+json\">[{\"@context\": \"https:\/\/www.schema.org\",\"@type\": \"Person\",\"name\": \"Herr Dominik Thomas, M.Sc.\",\"worksFor\": [{\t\"@type\": \"Organization\",\t\"name\": \"Helmut-Schmidt-Universit\u00e4t\",\t\"url\": \"https:\/\/www.hsu-hh.de\"\t, \"department\": {\"@type\": \"Organization\",\t\t\t\t\t\"name\": \"Stahlbau und Stahlwasserbau\",\t\t\t\t\t\"location\": {\t\t\t\t\t\t\"@type\": \"PostalAddress\",\t\t\t\t\t\t\"addressLocality\": \"\",        \t\t\t\t\"postalCode\": \"22159\",        \t\t\t\t\"streetAddress\": \"Friedrich-Ebert-Damm 245 , Geb\u00e4ude DRV\"\t\t\t\t\t}},\t\"location\": {\t\t\"@type\": \"PostalAddress\",    \t\"addressLocality\": \"\",    \t\"postalCode\": \"22008\",    \t\"postOfficeBoxNumber\": \"700822\"\t}   }],\"image\": \"https:\/\/www.hsu-hh.de\/stahlbau\/wp-content\/uploads\/sites\/848\/2021\/09\/DT-Website-e1631441004766-150x150.jpg\",\"telephone\": \"+49406541-3961\",\"faxNumber\": \"\",\"email\": \"dominik.thomas@hsu-hh.de\"}]<\/script><div class=\"clearfix\"><\/div><div class=\"ansprechparter-container \" style=\"margin-top:1em; \"><div class=\"row ansprechpartner-item ansprechparter-header\" ><div class=\"col-xs-8 col-lg-12\" style=\"margin-bottom: 30px;\"><h3 class=\"ansprechparter-headline\">Herr Dominik Thomas, M.Sc.<\/h3><\/div><\/div><div class=\"col-md-4 col-lg-3 col-xs-4 ansprechpartner-item floatright img-circle center-block\" style=\"margin-bottom: 30px;\"><div class=\"img-responsive-wrapper\"><img decoding=\"async\" src=\"https:\/\/www.hsu-hh.de\/stahlbau\/wp-content\/uploads\/sites\/848\/2021\/09\/DT-Website-e1631441004766-150x150.jpg\" alt=\"DT\" class=\"img-circle img-responsive center-block\" \/><\/div><\/div><div class=\"col-md-12 col-lg-3 col-xs-12 ansprechpartner-item kontakt floatright\" style=\"margin-bottom: 30px; \"><div class=\"row\"><div class=\"col-xs-12 col-sm-6 col-lg-12\"><div class=\"row\"><div class=\"col-xs-4 col-lg-4 row-text bold\" >Raum:<\/div><div class=\" row-text\">1E-107<\/div><\/div><\/div><div class=\"col-xs-12 col-sm-6 col-lg-12\"><div class=\"row\"><div class=\"col-xs-4 col-lg-4 row-text bold\">Telefon:<\/div><div class=\" row-text\">+49406541-3961<\/div><\/div><\/div><div class=\"col-xs-12 col-sm-6 col-lg-12\"><div class=\"row\"><div class=\"col-xs-4 col-lg-4 row-text bold\">E-Mail:<\/div><div class=\"row-text\" style=\"overflow:hidden; word-break: break-word\"><a href=\"mailto:dominik.thomas@hsu-hh.de\" rel=\"nofollow\">dominik.thomas@hsu-hh.de<\/a><\/div><\/div><\/div><\/div><\/div><div class=\"col-md-6 col-lg-3 col-xs-12 ansprechpartner-item anschrift floatright\" ><div class=\"row-headline\">Besucheranschrift<\/div><div class=\"dataBesucheranschrift\" style=\"\"><div class=\"row-text\">Helmut-Schmidt-Universit\u00e4t<\/div><div class=\"row-text\">Geb\u00e4ude DRV<\/div><div class=\"row-text\">Friedrich-Ebert-Damm 245<\/div><div class=\"row-text\">22159 Hamburg<\/div><\/div><\/div><div class=\"col-md-6 col-lg-3 col-xs-12 ansprechpartner-item anschrift floatright\"><div class=\"row-headline\">Postanschrift<\/div><div class=\"dataPostanschrift\" style=\"\"><div class=\"row-text\">Helmut-Schmidt-Universit\u00e4t<\/div><div class=\"row-text\">Stahlbau und Stahlwasserbau<\/div><div class=\"row-text\">Postfach 70 08 22<\/div><div class=\"row-text\">22008 Hamburg<\/div><\/div><\/div><\/div><div class=\"clearfix\"><\/div>\n\n\n<h3 class=\"wp-block-heading\">Kurzvita<\/h3>\n\n\n\n<p><strong><em>seit 01.07.2021 <\/em><\/strong><\/p>\n\n\n\n<p>Wissenschaftlicher Mitarbeiter, Lehrstuhl Stahl- und Stahlwasserbau, Helmut-Schmidt-Universit\u00e4t Hamburg<\/p>\n\n\n\n<p><strong><em>2020-2021<\/em><\/strong><\/p>\n\n\n\n<p>Java- und Datenbankprogrammierer f\u00fcr Agrarkatastersoftware, Hansa Luftbild AG, M\u00fcnster<\/p>\n\n\n\n<p><strong><em>2020<\/em><\/strong><\/p>\n\n\n\n<p>Studienabschluss Master of Science,&nbsp;Physik \u2013 Schwerpunkte Biophysik, Materialphysik und Kernphysik, Westf\u00e4lische Wilhelms-Universit\u00e4t M\u00fcnster, Abschlussarbeit: Methods of optical detection for brain activity and metabolism<\/p>\n\n\n\n<p><strong><em>2017-2019<\/em><\/strong><\/p>\n\n\n\n<p>First- und Second-Level-Support (<abbr title=\"Studentische Hilfskraft\">SHK<\/abbr>) f\u00fcr die <abbr title=\"Informationstechnologie\">IT<\/abbr>-Nutzerberatung der WWU M\u00fcnster<\/p>\n\n\n\n<p><em><strong>2018<\/strong><\/em><\/p>\n\n\n\n<p>Studienabschluss Bachelor of Science&nbsp;Informatik, Westf\u00e4lische Wilhelms-Universit\u00e4t M\u00fcnster&nbsp;Abschlussarbeit: Schnelle Online-Detektion von epileptischen Anf\u00e4llen in Kalziumaufnahmen im GAERS-Modell<\/p>\n\n\n\n<p><strong><em>2016<\/em><\/strong><\/p>\n\n\n\n<p>Studienabschluss Bachelor of Science, Physik, Westf\u00e4lische Wilhelms-Universit\u00e4t M\u00fcnster Abschlussarbeit: Monte-Carlo-Simulation eines Nachweissystems f\u00fcr Einzelphotonen am Speicherring CRYRING<\/p>\n\n\n\n<p>Tutor (<abbr title=\"Studentische Hilfskraft\">SHK<\/abbr>) f\u00fcr die Vorlesung \u201eDatenbanken\u201c des Instituts f\u00fcr Informatik, WWU M\u00fcnster<\/p>\n\n\n\n<p><strong><em>2015-2016<\/em><\/strong><\/p>\n\n\n\n<p>iOS-App-Entwickler (<abbr title=\"Studentische Hilfskraft\">SHK<\/abbr>) f\u00fcr die zeb <abbr title=\"Gesellschaft mit beschr\u00e4nkter Haftung\">GmbH<\/abbr>, M\u00fcnster<\/p>\n\n\n\n<p><strong><em>2013-2015<\/em><\/strong><\/p>\n\n\n\n<p>Angestellt als PHP-Programmierer (<abbr title=\"Studentische Hilfskraft\">SHK<\/abbr>) f\u00fcr die Zentrale Studienberatung der WWU M\u00fcnster<\/p>\n\n\n\n<h3 class=\"wp-block-heading\"><strong>Lehre<\/strong><\/h3>\n\n\n\n<p>Betreuung: Stahlbr\u00fcckenbau, Stahlverbundbau, ISA-Erdbeben<\/p>\n\n\n\n<h3 class=\"wp-block-heading\"><strong>Forschungsprojekte<\/strong><\/h3>\n\n\n\n<p>MISDRO &#8211; Zustandserfassung von Infrastrukturbauwerken aus Stahl mittels multivariater Inspektionssysteme und Drohnen<\/p>\n\n\n\n<h3 class=\"wp-block-heading\"><strong>Ver\u00f6ffentlichungen<\/strong><\/h3>\n\n\n\n<p><\/p>\n\n\n\n<p><strong><em>202<\/em>5<\/strong><\/p>\n\n\n\n<p>&#8222;<em>Drohnenbasierte Korrosionsdetektion mit Hyperspektralaufnahmen im sichtbaren Spektrum<\/em>&#8220; In <em>Stahlbau<\/em>, 1\u20137. <a href=\"https:\/\/doi.org\/10.1002\/stab.70055\" rel='nofollow'>https:\/\/doi.org\/10.1002\/stab.70055<\/a>. D. Thomas, M. G\u00fcndel<\/p>\n\n\n\n<p>&#8222;<em>Discrete waypoint optimization for UAS-based inspection missions<\/em>&#8220; In <em>2025 29th International Conference on Methods and Models in Automation and Robotics (MMAR)<\/em>: 243\u2013248. <a href=\"https:\/\/www.google.com\/search?q=https:\/\/doi.org\/10.1109\/MMAR65820.2025.11150991\" target=\"_blank\" rel=\"noreferrer noopener\">https:\/\/doi.org\/10.1109\/MMAR65820.2025.11150991<\/a>. A. Wickers, D. Thomas, M. Alpen, J. Horn, M. G\u00fcndel<\/p>\n\n\n\n<p>&#8222;<em>PCA-based Hyperspectral Iron(III) Detection for Remote Corrosion Assessment by UAS<\/em>&#8220; In <em>14th Japanese German<br>Bridge Symposium &#8211; Proceedings<\/em>: 117-121. D. Thomas, M. G\u00fcndel<\/p>\n\n\n\n<p>&#8222;<em>Hyperspectral \u03b1-Fe(III)O(OH) spectral matching algorithm for UAS-based rust grade evaluation of steel components in compliance with <abbr title=\"International Standards Organization\">ISO<\/abbr> 4628-3<\/em>&#8220; In <em>Life-Cycle Performance of Structures and Infrastructure Systems in Diverse Environments<\/em>: 1765-1770. <a href=\"https:\/\/www.taylorfrancis.com\/books\/oa-edit\/10.1201\/9781003595120\/\" rel='nofollow'>https:\/\/www.taylorfrancis.com\/books\/oa-edit\/10.1201\/9781003595120\/<\/a>. D. Thomas, M. G\u00fcndel. A. Wickers, M. Alpen, J. Horn<\/p>\n\n\n\n<p>&#8222;<em>Spatial resolution evaluation for UAS-based inspection missions<\/em>&#8220; In <em>Life-Cycle Performance of Structures and Infrastructure Systems<br>in Diverse Environments<\/em>: 505-513. <a href=\"https:\/\/www.taylorfrancis.com\/books\/oa-edit\/10.1201\/9781003595120\/life-cycle-performance-structures-infrastructure-systems-diverse-environments-chun-qing-li-dan-frangopol\" rel='nofollow'>https:\/\/www.taylorfrancis.com\/books\/oa-edit\/10.1201\/9781003595120\/<\/a>. A. Wickers, M. Alpen, J. Horn, D. Thomas, M. G\u00fcndel<\/p>\n\n\n\n<p><strong><em>2024<\/em><\/strong><\/p>\n\n\n\n<p>&#8222;<em>UAV-based hyperspectral imaging of iron(III) on steel infrastructure<\/em>&#8220; In <em>dtec.bw-Beitr\u00e4ge der Helmut-Schmidt-Universit\u00e4t \/ Universit\u00e4t der Bundeswehr Hamburg : Forschungsaktivit\u00e4ten im Zentrum f\u00fcr Digitalisierungs- und Technologieforschung der Bundeswehr dtec.bw : Band 2 \u2013 2024<\/em>: 164-168. <a href=\"https:\/\/doi.org\/10.24405\/16794\" rel='nofollow'>https:\/\/doi.org\/10.24405\/16794<\/a>. A. Wickers, D. Thomas, M. Alpen, M. G\u00fcndel, J. Horn<\/p>\n\n\n\n<p>&#8222;<em>Automatisierte Zustandserfassung mittels multivariater Inspektionssysteme und Drohnen \u2013 Stand der Entwicklung<\/em>&#8220; In <em>Br\u00fcckenkolloquium Heft 6\/1<\/em>: 191-196. <a href=\"https:\/\/elibrary.narr.digital\/article\/99.0000\/kbr202410191\" rel='nofollow'>https:\/\/elibrary.narr.digital\/article\/99.0000\/kbr202410191<\/a>. D. M\u00fcnzner, D. Thomas<\/p>\n\n\n\n<p>&#8222;<em>Surface extraction for UAS-based inspection missions<\/em>&#8220; In <em>6th International Conference on Control and Robotics (ICCR2024)<\/em>: 56-62. <a href=\"https:\/\/doi.org\/10.1109\/ICCR64365.2024.10927419\" rel='nofollow'>https:\/\/doi.org\/10.1109\/ICCR64365.2024.10927419<\/a>. <a href=\"https:\/\/doi.org\/10.1109\/ICCR64365.2024.10927419\" rel='nofollow'><span><\/span><\/a><a href=\"\" rel='nofollow'><\/a>A. Wickers, D. Thomas, M. Alpen, J. Horn, M. G\u00fcndel<\/p>\n\n\n\n<p><strong><em>2023<\/em><\/strong><\/p>\n\n\n\n<p>&#8222;Hyperspectral imaging systems for corrosion detection from remotely operated vehicles&#8220; In ce\/papers, 6: 934-938. <a href=\"https:\/\/doi.org\/10.1002\/cepa.2132\" rel='nofollow'>https:\/\/doi.org\/10.1002\/cepa.2132<\/a>. D. Thomas, M. G\u00fcndel<\/p>\n\n\n\n<p><em>&#8222;Multivariate inspection of German steel civil infrastructure using autonomous UAS&#8220;<\/em> In <em>Life-Cycle of Structures and Infrastructure Systems<\/em>: 493-500. <a href=\"https:\/\/doi.org\/10.1201\/9781003323020-58\" rel='nofollow'>https:\/\/doi.org\/10.1201\/9781003323020-58<\/a>. D. Thomas., M. G\u00fcndel, A. Wickers, M. Alpen, J. Horn<\/p>\n\n\n\n<p><strong><em>2022<\/em><\/strong><\/p>\n\n\n\n<p><em>&#8222;Drohnengest\u00fctzte, multivariate Inspektionssysteme zur Zustandserfassung von Stahlbr\u00fccken und Stahlwasserbauten&#8220;<\/em> In d<em>tec.bw-Beitr\u00e4ge der Helmut-Schmidt-Universit\u00e4t \/ Universit\u00e4t der Bundeswehr Hamburg: Forschungsaktivit\u00e4ten im Zentrum f\u00fcr Digitalisierungs- und Technologieforschung der Bundeswehr dtec.bw &#8211; Band 1<\/em> &#8211; 2022: 249-259. <a href=\"https:\/\/doi.org\/10.24405\/14559\" rel='nofollow'>https:\/\/doi.org\/10.24405\/14559<\/a>. D. Thomas, M. G\u00fcndel, A. Wickers, M. Alpen. J. Horn<\/p>\n\n\n\n<p><em>&#8222;Fiber-based lactate recordings with fluorescence resonance energy transfer sensors by applying an magnetic resonance-informed correction of hemodynamic artifacts&#8220;<\/em> In <em>Neurophotonics, 9(3).<\/em> <a href=\"https:\/\/doi.org\/10.1117\/1.nph.9.3.032212\" rel='nofollow'>https:\/\/doi.org\/10.1117\/1.nph.9.3.032212<\/a>. H. Lambers, L. Wachsmuth, D. Thomas, F. Boumezbeur, V. Hoesker, B. Pradier, C. Faber<\/p>\n\n\n\n<p><\/p>\n","protected":false},"excerpt":{"rendered":"<p>Kurzvita seit 01.07.2021 Wissenschaftlicher Mitarbeiter, Lehrstuhl Stahl- und Stahlwasserbau, Helmut-Schmidt-Universit\u00e4t Hamburg 2020-2021 Java- und Datenbankprogrammierer f\u00fcr Agrarkatastersoftware, Hansa Luftbild AG, M\u00fcnster 2020 Studienabschluss Master of Science,&nbsp;Physik \u2013 Schwerpunkte Biophysik, Materialphysik [&hellip;]<\/p>\n","protected":false},"author":3335,"featured_media":0,"parent":106,"menu_order":0,"comment_status":"closed","ping_status":"closed","template":"","meta":{"footnotes":""},"categories":[8],"tags":[209],"class_list":["post-513","page","type-page","status-publish","hentry","category-team","tag-dt-de"],"_links":{"self":[{"href":"https:\/\/www.hsu-hh.de\/stahlbau\/wp-json\/wp\/v2\/pages\/513","targetHints":{"allow":["GET"]}}],"collection":[{"href":"https:\/\/www.hsu-hh.de\/stahlbau\/wp-json\/wp\/v2\/pages"}],"about":[{"href":"https:\/\/www.hsu-hh.de\/stahlbau\/wp-json\/wp\/v2\/types\/page"}],"author":[{"embeddable":true,"href":"https:\/\/www.hsu-hh.de\/stahlbau\/wp-json\/wp\/v2\/users\/3335"}],"replies":[{"embeddable":true,"href":"https:\/\/www.hsu-hh.de\/stahlbau\/wp-json\/wp\/v2\/comments?post=513"}],"version-history":[{"count":26,"href":"https:\/\/www.hsu-hh.de\/stahlbau\/wp-json\/wp\/v2\/pages\/513\/revisions"}],"predecessor-version":[{"id":1835,"href":"https:\/\/www.hsu-hh.de\/stahlbau\/wp-json\/wp\/v2\/pages\/513\/revisions\/1835"}],"up":[{"embeddable":true,"href":"https:\/\/www.hsu-hh.de\/stahlbau\/wp-json\/wp\/v2\/pages\/106"}],"wp:attachment":[{"href":"https:\/\/www.hsu-hh.de\/stahlbau\/wp-json\/wp\/v2\/media?parent=513"}],"wp:term":[{"taxonomy":"category","embeddable":true,"href":"https:\/\/www.hsu-hh.de\/stahlbau\/wp-json\/wp\/v2\/categories?post=513"},{"taxonomy":"post_tag","embeddable":true,"href":"https:\/\/www.hsu-hh.de\/stahlbau\/wp-json\/wp\/v2\/tags?post=513"}],"curies":[{"name":"wp","href":"https:\/\/api.w.org\/{rel}","templated":true}]}}