{"id":208,"date":"2021-02-06T13:57:35","date_gmt":"2021-02-06T12:57:35","guid":{"rendered":"https:\/\/www.hsu-hh.de\/stahlbau\/?page_id=208"},"modified":"2023-07-07T11:04:00","modified_gmt":"2023-07-07T09:04:00","slug":"misdro","status":"publish","type":"page","link":"https:\/\/www.hsu-hh.de\/stahlbau\/forschung\/misdro\/","title":{"rendered":"MISDRO"},"content":{"rendered":"\n<h3 class=\"wp-block-heading\">Zustandserfassung von Infrastrukturbauwerken aus Stahl mittels multivariater Inspektionssysteme und Drohnen<\/h3>\n\n\n\n<figure class=\"wp-block-image size-large\"><img loading=\"lazy\" decoding=\"async\" width=\"1024\" height=\"320\" src=\"https:\/\/www.hsu-hh.de\/stahlbau\/wp-content\/uploads\/sites\/848\/2021\/02\/iStock-537267968-1024x320.jpg\" data-credit=\"iStockphoto\" alt=\"Drohnenflug\" class=\"wp-image-222\" srcset=\"https:\/\/www.hsu-hh.de\/stahlbau\/wp-content\/uploads\/sites\/848\/2021\/02\/iStock-537267968-1024x320.jpg 1024w, https:\/\/www.hsu-hh.de\/stahlbau\/wp-content\/uploads\/sites\/848\/2021\/02\/iStock-537267968-300x94.jpg 300w, https:\/\/www.hsu-hh.de\/stahlbau\/wp-content\/uploads\/sites\/848\/2021\/02\/iStock-537267968-768x240.jpg 768w, https:\/\/www.hsu-hh.de\/stahlbau\/wp-content\/uploads\/sites\/848\/2021\/02\/iStock-537267968-1536x480.jpg 1536w, https:\/\/www.hsu-hh.de\/stahlbau\/wp-content\/uploads\/sites\/848\/2021\/02\/iStock-537267968-2048x640.jpg 2048w, https:\/\/www.hsu-hh.de\/stahlbau\/wp-content\/uploads\/sites\/848\/2021\/02\/iStock-537267968-1100x344.jpg 1100w\" sizes=\"auto, (max-width: 1024px) 100vw, 1024px\" \/><\/figure>\n\n\n\n<p>Ziel dieses Projektes ist die Methodenentwicklung und Erprobung eines automatisierten multivariaten Inspektionssystems f\u00fcr Infrastrukturbauwerke aus Stahl, wobei UAS als Tr\u00e4gersysteme zum Einsatz kommen.&nbsp;Dies umfasst&nbsp;zum einen&nbsp;die Erforschung der Hardware-Komponenten (<abbr title=\"unter anderem\">u.a.<\/abbr> von&nbsp;UAS, Sensorik und Einheiten f\u00fcr die Datenerfassung, Datenverarbeitung und Datenspeicherung)&nbsp;und zum anderen&nbsp;der Software-Komponenten&nbsp;(bspw. Algorithmen f\u00fcr den optimalen&nbsp;Flugpfad&nbsp;und die Zustandsanalyse auf Basis der Sensordaten,&nbsp;sowie f\u00fcr&nbsp;die Speicherung in einer Cloud&nbsp;und die&nbsp;Visualisierung mittels Weboberfl\u00e4che).&nbsp;Als zentraler Sensor zur Schadensdetektion wird eine Hyperspektralkamera verwendet, um bei der Befliegung&nbsp;eine vielschichtige Datenbasis f\u00fcr eine genaue Schadensanalyse zu erhalten.&nbsp;<\/p>\n\n\n\n<p>MISDRO&nbsp;wird&nbsp;gef\u00f6rdert vom Zentrum f\u00fcr Digitalisierungs- und Technologieforschung der Bundeswehr (DTEC.Bw).&nbsp;Unter der F\u00fchrung der Professur f\u00fcr Stahlbau arbeiten die Professur f\u00fcr Regelungstechnik&nbsp;sowie&nbsp;vier weitere Industriepartner aus dem Umfeld der Baupr\u00fcfung, der UAS-Entwicklung und der KI-gest\u00fctzten Sensordatenverarbeitung&nbsp;an dem Projekt.&nbsp;<\/p>\n\n\n\n<p><strong>Ansprechpartner<\/strong><\/p>\n\n\n\n<p><a href=\"https:\/\/www.hsu-hh.de\/stahlbau\/dominik-thomas\/\" data-type=\"page\" data-id=\"513\">Dominik Thomas, <abbr title=\"Master of Science\">M.Sc.<\/abbr><\/a><\/p>\n\n\n\n<p><strong>Beteiligte Professuren im Hause<\/strong><\/p>\n\n\n\n<p><a href=\"https:\/\/www.hsu-hh.de\/stahlbau\/\">Lehrstuhl f\u00fcr Stahlbau und Stahlwasserbau<\/a><\/p>\n\n\n\n<p><a href=\"https:\/\/www.hsu-hh.de\/rt\/\">Professur f\u00fcr Regelungstechnik<\/a><\/p>\n","protected":false},"excerpt":{"rendered":"<p>Zustandserfassung von Infrastrukturbauwerken aus Stahl mittels multivariater Inspektionssysteme und Drohnen Ziel dieses Projektes ist die Methodenentwicklung und Erprobung eines automatisierten multivariaten Inspektionssystems f\u00fcr Infrastrukturbauwerke aus Stahl, wobei UAS als Tr\u00e4gersysteme [&hellip;]<\/p>\n","protected":false},"author":2497,"featured_media":0,"parent":112,"menu_order":0,"comment_status":"closed","ping_status":"closed","template":"","meta":{"footnotes":""},"categories":[4],"tags":[],"class_list":["post-208","page","type-page","status-publish","hentry","category-forschung"],"_links":{"self":[{"href":"https:\/\/www.hsu-hh.de\/stahlbau\/wp-json\/wp\/v2\/pages\/208","targetHints":{"allow":["GET"]}}],"collection":[{"href":"https:\/\/www.hsu-hh.de\/stahlbau\/wp-json\/wp\/v2\/pages"}],"about":[{"href":"https:\/\/www.hsu-hh.de\/stahlbau\/wp-json\/wp\/v2\/types\/page"}],"author":[{"embeddable":true,"href":"https:\/\/www.hsu-hh.de\/stahlbau\/wp-json\/wp\/v2\/users\/2497"}],"replies":[{"embeddable":true,"href":"https:\/\/www.hsu-hh.de\/stahlbau\/wp-json\/wp\/v2\/comments?post=208"}],"version-history":[{"count":10,"href":"https:\/\/www.hsu-hh.de\/stahlbau\/wp-json\/wp\/v2\/pages\/208\/revisions"}],"predecessor-version":[{"id":1130,"href":"https:\/\/www.hsu-hh.de\/stahlbau\/wp-json\/wp\/v2\/pages\/208\/revisions\/1130"}],"up":[{"embeddable":true,"href":"https:\/\/www.hsu-hh.de\/stahlbau\/wp-json\/wp\/v2\/pages\/112"}],"wp:attachment":[{"href":"https:\/\/www.hsu-hh.de\/stahlbau\/wp-json\/wp\/v2\/media?parent=208"}],"wp:term":[{"taxonomy":"category","embeddable":true,"href":"https:\/\/www.hsu-hh.de\/stahlbau\/wp-json\/wp\/v2\/categories?post=208"},{"taxonomy":"post_tag","embeddable":true,"href":"https:\/\/www.hsu-hh.de\/stahlbau\/wp-json\/wp\/v2\/tags?post=208"}],"curies":[{"name":"wp","href":"https:\/\/api.w.org\/{rel}","templated":true}]}}