{"id":190,"date":"2021-01-09T22:10:22","date_gmt":"2021-01-09T21:10:22","guid":{"rendered":"https:\/\/www.hsu-hh.de\/stahlbau\/?page_id=190"},"modified":"2021-01-09T22:17:38","modified_gmt":"2021-01-09T21:17:38","slug":"stahlwasserbau","status":"publish","type":"page","link":"https:\/\/www.hsu-hh.de\/stahlbau\/lehre\/stahlwasserbau\/","title":{"rendered":"Stahlwasserbau"},"content":{"rendered":"\n<p><strong>Vorlesungszeitraum:<\/strong><\/p>\n\n\n\n<p>Herbsttrimester<\/p>\n\n\n\n<p><strong>Umfang:<\/strong><\/p>\n\n\n\n<p>2,0 TWS Vorlesung, 2,0 TWS \u00dcbung<\/p>\n\n\n\n<p><strong>Inhalte:<\/strong><\/p>\n\n\n\n<ul class=\"wp-block-list\"><li>Einwirkungen<\/li><li>Werkstoffe und Korrosionsschutz<\/li><li>Bemessung und Konstruktion von Verschlussk\u00f6rpern<\/li><li>Tragf\u00e4higkeits- und Gebrauchstauglichkeitsnachweise<\/li><li>Betriebsfestigkeitsnachweise<\/li><li>Maschinelle und elektrische Ausr\u00fcstung<\/li><li>Sonderthemen<\/li><\/ul>\n","protected":false},"excerpt":{"rendered":"<p>Vorlesungszeitraum: Herbsttrimester Umfang: 2,0 TWS Vorlesung, 2,0 TWS \u00dcbung Inhalte: Einwirkungen Werkstoffe und Korrosionsschutz Bemessung und Konstruktion von Verschlussk\u00f6rpern Tragf\u00e4higkeits- und Gebrauchstauglichkeitsnachweise Betriebsfestigkeitsnachweise Maschinelle und elektrische Ausr\u00fcstung Sonderthemen<\/p>\n","protected":false},"author":2497,"featured_media":0,"parent":116,"menu_order":0,"comment_status":"closed","ping_status":"closed","template":"","meta":{"footnotes":""},"categories":[6],"tags":[],"class_list":["post-190","page","type-page","status-publish","hentry","category-lehre"],"_links":{"self":[{"href":"https:\/\/www.hsu-hh.de\/stahlbau\/wp-json\/wp\/v2\/pages\/190","targetHints":{"allow":["GET"]}}],"collection":[{"href":"https:\/\/www.hsu-hh.de\/stahlbau\/wp-json\/wp\/v2\/pages"}],"about":[{"href":"https:\/\/www.hsu-hh.de\/stahlbau\/wp-json\/wp\/v2\/types\/page"}],"author":[{"embeddable":true,"href":"https:\/\/www.hsu-hh.de\/stahlbau\/wp-json\/wp\/v2\/users\/2497"}],"replies":[{"embeddable":true,"href":"https:\/\/www.hsu-hh.de\/stahlbau\/wp-json\/wp\/v2\/comments?post=190"}],"version-history":[{"count":1,"href":"https:\/\/www.hsu-hh.de\/stahlbau\/wp-json\/wp\/v2\/pages\/190\/revisions"}],"predecessor-version":[{"id":191,"href":"https:\/\/www.hsu-hh.de\/stahlbau\/wp-json\/wp\/v2\/pages\/190\/revisions\/191"}],"up":[{"embeddable":true,"href":"https:\/\/www.hsu-hh.de\/stahlbau\/wp-json\/wp\/v2\/pages\/116"}],"wp:attachment":[{"href":"https:\/\/www.hsu-hh.de\/stahlbau\/wp-json\/wp\/v2\/media?parent=190"}],"wp:term":[{"taxonomy":"category","embeddable":true,"href":"https:\/\/www.hsu-hh.de\/stahlbau\/wp-json\/wp\/v2\/categories?post=190"},{"taxonomy":"post_tag","embeddable":true,"href":"https:\/\/www.hsu-hh.de\/stahlbau\/wp-json\/wp\/v2\/tags?post=190"}],"curies":[{"name":"wp","href":"https:\/\/api.w.org\/{rel}","templated":true}]}}