{"id":186,"date":"2021-01-09T22:05:11","date_gmt":"2021-01-09T21:05:11","guid":{"rendered":"https:\/\/www.hsu-hh.de\/stahlbau\/?page_id=186"},"modified":"2021-01-09T22:17:15","modified_gmt":"2021-01-09T21:17:15","slug":"stahlbau-2-weiterfuehrender-stahlbau","status":"publish","type":"page","link":"https:\/\/www.hsu-hh.de\/stahlbau\/lehre\/stahlbau-2-weiterfuehrender-stahlbau\/","title":{"rendered":"Stahlbau 2 (Weiterf\u00fchrender Stahlbau)"},"content":{"rendered":"\n<p><strong>Vorlesungszeitraum:<\/strong><\/p>\n\n\n\n<p>Fr\u00fchjahrstrimester<\/p>\n\n\n\n<p><strong>Umfang:<\/strong><\/p>\n\n\n\n<p>2,0 TWS Vorlesung, 2,0 TWS \u00dcbung<\/p>\n\n\n\n<p><strong>Inhalte:<\/strong><\/p>\n\n\n\n<ul class=\"wp-block-list\"><li>Theorie 2. Ordnung<\/li><li>Biegeknicken M-N-Interaktion<\/li><li>Biegeknicken Knickl\u00e4ngen<\/li><li>Knicken mehrteiliger Druckst\u00e4be<\/li><li>Biegedrillknicken<\/li><li>Erm\u00fcdung<\/li><\/ul>\n","protected":false},"excerpt":{"rendered":"<p>Vorlesungszeitraum: Fr\u00fchjahrstrimester Umfang: 2,0 TWS Vorlesung, 2,0 TWS \u00dcbung Inhalte: Theorie 2. Ordnung Biegeknicken M-N-Interaktion Biegeknicken Knickl\u00e4ngen Knicken mehrteiliger Druckst\u00e4be Biegedrillknicken Erm\u00fcdung<\/p>\n","protected":false},"author":2497,"featured_media":0,"parent":116,"menu_order":0,"comment_status":"closed","ping_status":"closed","template":"","meta":{"footnotes":""},"categories":[6],"tags":[],"class_list":["post-186","page","type-page","status-publish","hentry","category-lehre"],"_links":{"self":[{"href":"https:\/\/www.hsu-hh.de\/stahlbau\/wp-json\/wp\/v2\/pages\/186","targetHints":{"allow":["GET"]}}],"collection":[{"href":"https:\/\/www.hsu-hh.de\/stahlbau\/wp-json\/wp\/v2\/pages"}],"about":[{"href":"https:\/\/www.hsu-hh.de\/stahlbau\/wp-json\/wp\/v2\/types\/page"}],"author":[{"embeddable":true,"href":"https:\/\/www.hsu-hh.de\/stahlbau\/wp-json\/wp\/v2\/users\/2497"}],"replies":[{"embeddable":true,"href":"https:\/\/www.hsu-hh.de\/stahlbau\/wp-json\/wp\/v2\/comments?post=186"}],"version-history":[{"count":1,"href":"https:\/\/www.hsu-hh.de\/stahlbau\/wp-json\/wp\/v2\/pages\/186\/revisions"}],"predecessor-version":[{"id":187,"href":"https:\/\/www.hsu-hh.de\/stahlbau\/wp-json\/wp\/v2\/pages\/186\/revisions\/187"}],"up":[{"embeddable":true,"href":"https:\/\/www.hsu-hh.de\/stahlbau\/wp-json\/wp\/v2\/pages\/116"}],"wp:attachment":[{"href":"https:\/\/www.hsu-hh.de\/stahlbau\/wp-json\/wp\/v2\/media?parent=186"}],"wp:term":[{"taxonomy":"category","embeddable":true,"href":"https:\/\/www.hsu-hh.de\/stahlbau\/wp-json\/wp\/v2\/categories?post=186"},{"taxonomy":"post_tag","embeddable":true,"href":"https:\/\/www.hsu-hh.de\/stahlbau\/wp-json\/wp\/v2\/tags?post=186"}],"curies":[{"name":"wp","href":"https:\/\/api.w.org\/{rel}","templated":true}]}}