{"id":1682,"date":"2025-07-09T13:37:42","date_gmt":"2025-07-09T11:37:42","guid":{"rendered":"https:\/\/www.hsu-hh.de\/stahlbau\/?page_id=1682"},"modified":"2025-07-09T13:41:03","modified_gmt":"2025-07-09T11:41:03","slug":"versuchshalle-stahl-beton","status":"publish","type":"page","link":"https:\/\/www.hsu-hh.de\/stahlbau\/versuchshalle-stahl-beton\/","title":{"rendered":"Versuchshalle Stahl &amp; Beton"},"content":{"rendered":"\n<figure class=\"wp-block-image size-large\"><img loading=\"lazy\" decoding=\"async\" width=\"1024\" height=\"294\" src=\"https:\/\/www.hsu-hh.de\/stahlbau\/wp-content\/uploads\/sites\/848\/2025\/03\/banner-1-1024x294.jpg\" data-credit=\"HSU\" alt=\"\" class=\"wp-image-1680\" srcset=\"https:\/\/www.hsu-hh.de\/stahlbau\/wp-content\/uploads\/sites\/848\/2025\/03\/banner-1-1024x294.jpg 1024w, https:\/\/www.hsu-hh.de\/stahlbau\/wp-content\/uploads\/sites\/848\/2025\/03\/banner-1-300x86.jpg 300w, https:\/\/www.hsu-hh.de\/stahlbau\/wp-content\/uploads\/sites\/848\/2025\/03\/banner-1-768x220.jpg 768w, https:\/\/www.hsu-hh.de\/stahlbau\/wp-content\/uploads\/sites\/848\/2025\/03\/banner-1-1536x441.jpg 1536w, https:\/\/www.hsu-hh.de\/stahlbau\/wp-content\/uploads\/sites\/848\/2025\/03\/banner-1-2048x587.jpg 2048w, https:\/\/www.hsu-hh.de\/stahlbau\/wp-content\/uploads\/sites\/848\/2025\/03\/banner-1-1100x316.jpg 1100w\" sizes=\"auto, (max-width: 1024px) 100vw, 1024px\" \/><\/figure>\n\n\n\n<p>Zusammen mit der Proffesur Massivbau betreiben wir die Versuchshalle Stahl&amp;Beton.<\/p>\n\n\n\n<p>Folgende Sensorik und Pr\u00fcfmaschienen stehen uns f\u00fcr Versuche zur Verf\u00fcgung:<\/p>\n\n\n<div class=\"wp-block-image\">\n<figure class=\"alignright size-large is-resized\"><img loading=\"lazy\" decoding=\"async\" width=\"1024\" height=\"731\" src=\"https:\/\/www.hsu-hh.de\/stahlbau\/wp-content\/uploads\/sites\/848\/2025\/03\/20250225_HSU_Glinde_Versuchshalle_MaschBau_BauIng_CG01-1024x731.jpg\" data-credit=\"HSU\/UniBw H\/Gelhausen\" alt=\"\" class=\"wp-image-1647\" style=\"width:379px;height:auto\" srcset=\"https:\/\/www.hsu-hh.de\/stahlbau\/wp-content\/uploads\/sites\/848\/2025\/03\/20250225_HSU_Glinde_Versuchshalle_MaschBau_BauIng_CG01-1024x731.jpg 1024w, https:\/\/www.hsu-hh.de\/stahlbau\/wp-content\/uploads\/sites\/848\/2025\/03\/20250225_HSU_Glinde_Versuchshalle_MaschBau_BauIng_CG01-300x214.jpg 300w, https:\/\/www.hsu-hh.de\/stahlbau\/wp-content\/uploads\/sites\/848\/2025\/03\/20250225_HSU_Glinde_Versuchshalle_MaschBau_BauIng_CG01-768x549.jpg 768w, https:\/\/www.hsu-hh.de\/stahlbau\/wp-content\/uploads\/sites\/848\/2025\/03\/20250225_HSU_Glinde_Versuchshalle_MaschBau_BauIng_CG01-1536x1097.jpg 1536w, https:\/\/www.hsu-hh.de\/stahlbau\/wp-content\/uploads\/sites\/848\/2025\/03\/20250225_HSU_Glinde_Versuchshalle_MaschBau_BauIng_CG01-2048x1463.jpg 2048w, https:\/\/www.hsu-hh.de\/stahlbau\/wp-content\/uploads\/sites\/848\/2025\/03\/20250225_HSU_Glinde_Versuchshalle_MaschBau_BauIng_CG01-1100x786.jpg 1100w\" sizes=\"auto, (max-width: 1024px) 100vw, 1024px\" \/><\/figure>\n<\/div>\n\n\n<p><strong>Aufspannfeld<\/strong><\/p>\n\n\n\n<ul class=\"wp-block-list\">\n<li>Abmessungen:&nbsp; 10 m x 5 m<\/li>\n\n\n\n<li>T-Nuten Abstand:&nbsp; 300 mm<\/li>\n\n\n\n<li>Max. Pr\u00fcfkraft:&nbsp; 3000 kN<\/li>\n\n\n\n<li>Max. Pr\u00fcffrequenz:&nbsp; 10 Hz<\/li>\n\n\n\n<li>Max. Probengewicht: &nbsp; 10 t<\/li>\n\n\n\n<li>Max. Verformung 5 mm bei 3000 kN<\/li>\n\n\n\n<li>Schwingungsisolierung mit Luftfedern<\/li>\n\n\n\n<li>Einsatzgebiete: statische, zyklische und dynamische Zug-, Druck- und Biegeversuche an Bauteilen<\/li>\n<\/ul>\n\n\n\n<p><\/p>\n\n\n\n<p><strong>Pr\u00fcfportal<\/strong><\/p>\n\n\n\n<div class=\"wp-block-columns is-layout-flex wp-container-core-columns-is-layout-9d6595d7 wp-block-columns-is-layout-flex\">\n<div class=\"wp-block-column is-layout-flow wp-block-column-is-layout-flow\">\n<figure class=\"wp-block-image size-large\"><img loading=\"lazy\" decoding=\"async\" width=\"1024\" height=\"731\" src=\"https:\/\/www.hsu-hh.de\/stahlbau\/wp-content\/uploads\/sites\/848\/2025\/03\/20250225_HSU_Glinde_Versuchshalle_MaschBau_BauIng_CG11-1024x731.jpg\" data-credit=\"HSU\/UniBw H\/Gelhausen\" alt=\"\" class=\"wp-image-1657\" srcset=\"https:\/\/www.hsu-hh.de\/stahlbau\/wp-content\/uploads\/sites\/848\/2025\/03\/20250225_HSU_Glinde_Versuchshalle_MaschBau_BauIng_CG11-1024x731.jpg 1024w, https:\/\/www.hsu-hh.de\/stahlbau\/wp-content\/uploads\/sites\/848\/2025\/03\/20250225_HSU_Glinde_Versuchshalle_MaschBau_BauIng_CG11-300x214.jpg 300w, https:\/\/www.hsu-hh.de\/stahlbau\/wp-content\/uploads\/sites\/848\/2025\/03\/20250225_HSU_Glinde_Versuchshalle_MaschBau_BauIng_CG11-768x549.jpg 768w, https:\/\/www.hsu-hh.de\/stahlbau\/wp-content\/uploads\/sites\/848\/2025\/03\/20250225_HSU_Glinde_Versuchshalle_MaschBau_BauIng_CG11-1536x1097.jpg 1536w, https:\/\/www.hsu-hh.de\/stahlbau\/wp-content\/uploads\/sites\/848\/2025\/03\/20250225_HSU_Glinde_Versuchshalle_MaschBau_BauIng_CG11-2048x1463.jpg 2048w, https:\/\/www.hsu-hh.de\/stahlbau\/wp-content\/uploads\/sites\/848\/2025\/03\/20250225_HSU_Glinde_Versuchshalle_MaschBau_BauIng_CG11-1100x786.jpg 1100w\" sizes=\"auto, (max-width: 1024px) 100vw, 1024px\" \/><figcaption class=\"wp-element-caption\"><br><\/figcaption><\/figure>\n<\/div>\n\n\n\n<div class=\"wp-block-column is-layout-flow wp-block-column-is-layout-flow\">\n<ul class=\"wp-block-list\">\n<li>Typ: PP 1250 HK-4<\/li>\n\n\n\n<li>Hersteller: Form +Test Seidner Co. <abbr title=\"Gesellschaft mit beschr\u00e4nkter Haftung\">GmbH<\/abbr><\/li>\n\n\n\n<li>Max. Pr\u00fcfkraft (statisch):&nbsp; 1250 kN<\/li>\n\n\n\n<li>Max. Pr\u00fcfkraft (dynamisch):&nbsp; 1000 kN<\/li>\n\n\n\n<li>Pr\u00fcfbreite: &nbsp; 3000 mm<\/li>\n\n\n\n<li>Pr\u00fcfraumh\u00f6he:&nbsp; 4000 mm<\/li>\n\n\n\n<li>H\u00f6henverstellung im Raster von 100 mm<\/li>\n\n\n\n<li>Max. Verformung 1 mm bei 1000 kN<\/li>\n\n\n\n<li>Einsatzgebiete: statische, zyklische und dynamische Zug-, Druck- und Biegeversuche an Bauteilen<\/li>\n<\/ul>\n<\/div>\n<\/div>\n\n\n\n<p><\/p>\n\n\n\n<div class=\"wp-block-columns is-layout-flex wp-container-core-columns-is-layout-9d6595d7 wp-block-columns-is-layout-flex\">\n<div class=\"wp-block-column is-layout-flow wp-block-column-is-layout-flow\">\n<p><strong>Zyklische Universalpr\u00fcfmaschine<\/strong><\/p>\n\n\n\n<ul class=\"wp-block-list\">\n<li>Typ: UP 250 AK-2DH<\/li>\n\n\n\n<li>Hersteller: Form + Test Seidner &amp; Co. <abbr title=\"Gesellschaft mit beschr\u00e4nkter Haftung\">GmbH<\/abbr><\/li>\n\n\n\n<li>Max. Pr\u00fcfkraft (statisch)&nbsp; \u00b1 250 kN<\/li>\n\n\n\n<li>Max. Pr\u00fcfkraft (dynamisch):&nbsp; \u00b1 200 kN<\/li>\n\n\n\n<li>Pr\u00fcffrequenz:&nbsp; \u00b1 5 mm bei 20 Hz<\/li>\n\n\n\n<li>Kolbenhub:&nbsp; 100 mm<\/li>\n\n\n\n<li>Pr\u00fcfraumh\u00f6he: &nbsp; 100 \u2013 1500 mm<\/li>\n\n\n\n<li>Einsatzgebiete: Statische und zyklische Zug-, Druck- und Biegeversuche an Werkstoffproben und kleinen Bauteilen<\/li>\n<\/ul>\n<\/div>\n\n\n\n<div class=\"wp-block-column is-layout-flow wp-block-column-is-layout-flow\">\n<figure class=\"wp-block-image size-large\"><img loading=\"lazy\" decoding=\"async\" width=\"1024\" height=\"683\" src=\"https:\/\/www.hsu-hh.de\/stahlbau\/wp-content\/uploads\/sites\/848\/2025\/03\/20250225_HSU_Glinde_Versuchshalle_MaschBau_BauIng_CG19-1024x683.jpg\" data-credit=\"HSU\/UniBw H\/Gelhausen\" alt=\"\" class=\"wp-image-1665\" srcset=\"https:\/\/www.hsu-hh.de\/stahlbau\/wp-content\/uploads\/sites\/848\/2025\/03\/20250225_HSU_Glinde_Versuchshalle_MaschBau_BauIng_CG19-1024x683.jpg 1024w, https:\/\/www.hsu-hh.de\/stahlbau\/wp-content\/uploads\/sites\/848\/2025\/03\/20250225_HSU_Glinde_Versuchshalle_MaschBau_BauIng_CG19-300x200.jpg 300w, https:\/\/www.hsu-hh.de\/stahlbau\/wp-content\/uploads\/sites\/848\/2025\/03\/20250225_HSU_Glinde_Versuchshalle_MaschBau_BauIng_CG19-768x512.jpg 768w, https:\/\/www.hsu-hh.de\/stahlbau\/wp-content\/uploads\/sites\/848\/2025\/03\/20250225_HSU_Glinde_Versuchshalle_MaschBau_BauIng_CG19-1536x1024.jpg 1536w, https:\/\/www.hsu-hh.de\/stahlbau\/wp-content\/uploads\/sites\/848\/2025\/03\/20250225_HSU_Glinde_Versuchshalle_MaschBau_BauIng_CG19-2048x1365.jpg 2048w, https:\/\/www.hsu-hh.de\/stahlbau\/wp-content\/uploads\/sites\/848\/2025\/03\/20250225_HSU_Glinde_Versuchshalle_MaschBau_BauIng_CG19-1100x733.jpg 1100w\" sizes=\"auto, (max-width: 1024px) 100vw, 1024px\" \/><\/figure>\n<\/div>\n<\/div>\n\n\n\n<p><\/p>\n\n\n\n<p><strong>Druckpr\u00fcfmaschine<\/strong><\/p>\n\n\n\n<div class=\"wp-block-columns is-layout-flex wp-container-core-columns-is-layout-9d6595d7 wp-block-columns-is-layout-flex\">\n<div class=\"wp-block-column is-layout-flow wp-block-column-is-layout-flow\">\n<figure class=\"wp-block-image size-large\"><img loading=\"lazy\" decoding=\"async\" width=\"1024\" height=\"683\" src=\"https:\/\/www.hsu-hh.de\/stahlbau\/wp-content\/uploads\/sites\/848\/2025\/03\/20250225_HSU_Glinde_Versuchshalle_MaschBau_BauIng_CG16-1024x683.jpg\" data-credit=\"HSU\/UniBw H\/Gelhausen\" alt=\"\" class=\"wp-image-1662\" srcset=\"https:\/\/www.hsu-hh.de\/stahlbau\/wp-content\/uploads\/sites\/848\/2025\/03\/20250225_HSU_Glinde_Versuchshalle_MaschBau_BauIng_CG16-1024x683.jpg 1024w, https:\/\/www.hsu-hh.de\/stahlbau\/wp-content\/uploads\/sites\/848\/2025\/03\/20250225_HSU_Glinde_Versuchshalle_MaschBau_BauIng_CG16-300x200.jpg 300w, https:\/\/www.hsu-hh.de\/stahlbau\/wp-content\/uploads\/sites\/848\/2025\/03\/20250225_HSU_Glinde_Versuchshalle_MaschBau_BauIng_CG16-768x512.jpg 768w, https:\/\/www.hsu-hh.de\/stahlbau\/wp-content\/uploads\/sites\/848\/2025\/03\/20250225_HSU_Glinde_Versuchshalle_MaschBau_BauIng_CG16-1536x1024.jpg 1536w, https:\/\/www.hsu-hh.de\/stahlbau\/wp-content\/uploads\/sites\/848\/2025\/03\/20250225_HSU_Glinde_Versuchshalle_MaschBau_BauIng_CG16-2048x1365.jpg 2048w, https:\/\/www.hsu-hh.de\/stahlbau\/wp-content\/uploads\/sites\/848\/2025\/03\/20250225_HSU_Glinde_Versuchshalle_MaschBau_BauIng_CG16-1100x733.jpg 1100w\" sizes=\"auto, (max-width: 1024px) 100vw, 1024px\" \/><\/figure>\n<\/div>\n\n\n\n<div class=\"wp-block-column is-layout-flow wp-block-column-is-layout-flow\">\n<ul class=\"wp-block-list\">\n<li>Typ: Alpha 1-10000<\/li>\n\n\n\n<li>Hersteller: Form + Test Seidner &amp; Co. <abbr title=\"Gesellschaft mit beschr\u00e4nkter Haftung\">GmbH<\/abbr><\/li>\n\n\n\n<li>Pr\u00fcfkraftbereich:&nbsp; 100 \u2013 10 000 kN<\/li>\n\n\n\n<li>Pr\u00fcfraumh\u00f6he:&nbsp; 100 \u2013 2000 mm<\/li>\n\n\n\n<li>Einsatzgebiete: Druckpr\u00fcfungen an Bauteilen wie St\u00fctzen<\/li>\n<\/ul>\n<\/div>\n<\/div>\n\n\n\n<p><\/p>\n\n\n\n<p><strong>Einzelpr\u00fcfzylinder 250<\/strong><strong> kN<\/strong><\/p>\n\n\n<div class=\"wp-block-image\">\n<figure class=\"alignright size-large is-resized\"><img loading=\"lazy\" decoding=\"async\" width=\"251\" height=\"1024\" src=\"https:\/\/www.hsu-hh.de\/stahlbau\/wp-content\/uploads\/sites\/848\/2025\/03\/20250225_HSU_Glinde_Versuchshalle_MaschBau_BauIng_CG03-1-251x1024.jpg\" data-credit=\"HSU\/Gelhausen\" alt=\"\" class=\"wp-image-1692\" style=\"width:123px;height:auto\" srcset=\"https:\/\/www.hsu-hh.de\/stahlbau\/wp-content\/uploads\/sites\/848\/2025\/03\/20250225_HSU_Glinde_Versuchshalle_MaschBau_BauIng_CG03-1-251x1024.jpg 251w, https:\/\/www.hsu-hh.de\/stahlbau\/wp-content\/uploads\/sites\/848\/2025\/03\/20250225_HSU_Glinde_Versuchshalle_MaschBau_BauIng_CG03-1-768x3130.jpg 768w, https:\/\/www.hsu-hh.de\/stahlbau\/wp-content\/uploads\/sites\/848\/2025\/03\/20250225_HSU_Glinde_Versuchshalle_MaschBau_BauIng_CG03-1-377x1536.jpg 377w, https:\/\/www.hsu-hh.de\/stahlbau\/wp-content\/uploads\/sites\/848\/2025\/03\/20250225_HSU_Glinde_Versuchshalle_MaschBau_BauIng_CG03-1-502x2048.jpg 502w, https:\/\/www.hsu-hh.de\/stahlbau\/wp-content\/uploads\/sites\/848\/2025\/03\/20250225_HSU_Glinde_Versuchshalle_MaschBau_BauIng_CG03-1-scaled.jpg 628w\" sizes=\"auto, (max-width: 251px) 100vw, 251px\" \/><\/figure>\n<\/div>\n\n\n<ul class=\"wp-block-list\">\n<li>Typ: EPZ-H 250<\/li>\n\n\n\n<li>Hersteller: Form + Test Seidner &amp; Co. <abbr title=\"Gesellschaft mit beschr\u00e4nkter Haftung\">GmbH<\/abbr><\/li>\n\n\n\n<li>Max. Pr\u00fcfkraft (statisch):&nbsp; \u00b1 250 kN<\/li>\n\n\n\n<li>Max. Pr\u00fcfkraft (dynamisch):&nbsp; \u00b1 200 kN<\/li>\n\n\n\n<li>Max. Pr\u00fcffrequenz:&nbsp; 6 Hz<\/li>\n\n\n\n<li>Kolbenhub:&nbsp; 600 mm<\/li>\n\n\n\n<li>Einsatzgebiete: statische, zyklische und dynamische Zug-, Druck- und Biegeversuche an Bauteilen<\/li>\n<\/ul>\n\n\n\n<p><\/p>\n\n\n\n<p><strong>Einzelpr\u00fcfzylinder 1000 kN<\/strong><\/p>\n\n\n\n<ul class=\"wp-block-list\">\n<li>Typ: EPZ-H 1000<\/li>\n\n\n\n<li>Hersteller: Form + Test Seidner &amp; Co. <abbr title=\"Gesellschaft mit beschr\u00e4nkter Haftung\">GmbH<\/abbr><\/li>\n\n\n\n<li>Max. Pr\u00fcfkraft (statisch):&nbsp; \u00b1 1000 kN<\/li>\n\n\n\n<li>Max. Pr\u00fcfkraft (dynamisch):&nbsp; \u00b1 800 kN<\/li>\n\n\n\n<li>Max. Pr\u00fcffrequenz:&nbsp; 3 Hz<\/li>\n\n\n\n<li>Kolbenhub:&nbsp; 400 mm<\/li>\n\n\n\n<li>Einsatzgebiete: statische und zyklische Zug-, Druck- und Biegeversuche an Bauteilen<\/li>\n<\/ul>\n\n\n\n<p><\/p>\n\n\n\n<p><strong>Verteiler- und Regelstation<\/strong><\/p>\n\n\n\n<ul class=\"wp-block-list\">\n<li>Typ: VS 1040 und RS-C2000-N-<abbr title=\"Personal Computer\">PC<\/abbr><\/li>\n\n\n\n<li>Hersteller: Form + Test Seidner &amp; Co. <abbr title=\"Gesellschaft mit beschr\u00e4nkter Haftung\">GmbH<\/abbr><\/li>\n\n\n\n<li>Nenndurchfluss:&nbsp; 1040 l\/min<\/li>\n\n\n\n<li>Systemdruck:&nbsp; 280 bar<\/li>\n\n\n\n<li>Anschlussbl\u00f6cke:&nbsp; 1x 260 und 1x 520 l\/min<\/li>\n\n\n\n<li>Messkan\u00e4le:&nbsp; 12<\/li>\n\n\n\n<li>Max. Abtastrate:&nbsp; 14,4 kHz<\/li>\n\n\n\n<li>quasi-statische, zyklische und dynamische Versuche<\/li>\n\n\n\n<li>Kraft-, Weg- oder Deformationsregelung sowie umschaltbar unter Last<\/li>\n\n\n\n<li>Nutzung von Weg-, Geschwindigkeits- und Beschleunigungssensoren zur adaptiven Regelung<\/li>\n\n\n\n<li>Einsatzgebiete: gleichzeitiger Betrieb und Steuerung von zwei Einzelpr\u00fcfzylindern <abbr title=\"beziehungsweise\">bzw.<\/abbr> Universalpr\u00fcfmaschinen<\/li>\n<\/ul>\n\n\n\n<p><\/p>\n\n\n\n<p><strong>Messsystem<\/strong><\/p>\n\n\n\n<ul class=\"wp-block-list\">\n<li>Typ: QuantumX MX840B<\/li>\n\n\n\n<li>Hersteller: Hottinger Br\u00fcel &amp; Kjaer <abbr title=\"Gesellschaft mit beschr\u00e4nkter Haftung\">GmbH<\/abbr><\/li>\n\n\n\n<li>Messkan\u00e4le:&nbsp; 48<\/li>\n\n\n\n<li>Max. Abtastrate:&nbsp; 40 kHz<\/li>\n\n\n\n<li>2 Kraftmessdosen:&nbsp; 500 kN<\/li>\n\n\n\n<li>2 Kraftmessdosen:&nbsp; 100 kN<\/li>\n\n\n\n<li>6 Wegaufnehmer:&nbsp; 100 mm<\/li>\n\n\n\n<li>2 Neigungssensoren:&nbsp; 5\u2026180\u00b0<\/li>\n\n\n\n<li>2 Seilzugaufnehmer:&nbsp; 0\u2026500 mm<\/li>\n\n\n\n<li>6 DD1 Dehnungssensoren:&nbsp; +\/- 2,5 mm<\/li>\n\n\n\n<li>Einsatzgebiete: Statische Zug-, Druck- und Biegeversuche an Bauteilen<\/li>\n<\/ul>\n\n\n\n<p><\/p>\n","protected":false},"excerpt":{"rendered":"<p>Zusammen mit der Proffesur Massivbau betreiben wir die Versuchshalle Stahl&amp;Beton. Folgende Sensorik und Pr\u00fcfmaschienen stehen uns f\u00fcr Versuche zur Verf\u00fcgung: Aufspannfeld Pr\u00fcfportal Zyklische Universalpr\u00fcfmaschine Druckpr\u00fcfmaschine Einzelpr\u00fcfzylinder 250 kN Einzelpr\u00fcfzylinder 1000 [&hellip;]<\/p>\n","protected":false},"author":3706,"featured_media":0,"parent":0,"menu_order":0,"comment_status":"closed","ping_status":"closed","template":"","meta":{"footnotes":""},"categories":[4],"tags":[],"class_list":["post-1682","page","type-page","status-publish","hentry","category-forschung"],"_links":{"self":[{"href":"https:\/\/www.hsu-hh.de\/stahlbau\/wp-json\/wp\/v2\/pages\/1682","targetHints":{"allow":["GET"]}}],"collection":[{"href":"https:\/\/www.hsu-hh.de\/stahlbau\/wp-json\/wp\/v2\/pages"}],"about":[{"href":"https:\/\/www.hsu-hh.de\/stahlbau\/wp-json\/wp\/v2\/types\/page"}],"author":[{"embeddable":true,"href":"https:\/\/www.hsu-hh.de\/stahlbau\/wp-json\/wp\/v2\/users\/3706"}],"replies":[{"embeddable":true,"href":"https:\/\/www.hsu-hh.de\/stahlbau\/wp-json\/wp\/v2\/comments?post=1682"}],"version-history":[{"count":27,"href":"https:\/\/www.hsu-hh.de\/stahlbau\/wp-json\/wp\/v2\/pages\/1682\/revisions"}],"predecessor-version":[{"id":1768,"href":"https:\/\/www.hsu-hh.de\/stahlbau\/wp-json\/wp\/v2\/pages\/1682\/revisions\/1768"}],"wp:attachment":[{"href":"https:\/\/www.hsu-hh.de\/stahlbau\/wp-json\/wp\/v2\/media?parent=1682"}],"wp:term":[{"taxonomy":"category","embeddable":true,"href":"https:\/\/www.hsu-hh.de\/stahlbau\/wp-json\/wp\/v2\/categories?post=1682"},{"taxonomy":"post_tag","embeddable":true,"href":"https:\/\/www.hsu-hh.de\/stahlbau\/wp-json\/wp\/v2\/tags?post=1682"}],"curies":[{"name":"wp","href":"https:\/\/api.w.org\/{rel}","templated":true}]}}