{"id":1090,"date":"2023-07-05T17:10:03","date_gmt":"2023-07-05T15:10:03","guid":{"rendered":"https:\/\/www.hsu-hh.de\/stahlbau\/?page_id=1090"},"modified":"2023-07-06T08:54:17","modified_gmt":"2023-07-06T06:54:17","slug":"klein-windenergieanlagen-fuer-wohngebaeude","status":"publish","type":"page","link":"https:\/\/www.hsu-hh.de\/stahlbau\/forschung\/klein-windenergieanlagen-fuer-wohngebaeude\/","title":{"rendered":"Klein-Windenergieanlagen f\u00fcr Wohngeb\u00e4ude"},"content":{"rendered":"\n<p>Die Bereitstellung elektrischer Energie ist f\u00fcr das Funktionieren unserer modernen Gesellschaft unerl\u00e4sslich. Um unsere Abh\u00e4ngigkeit von fossilen Brennstoffen zu verringern, werden neue und nachhaltigere Energiequellen erforscht. Windenergie hat sich in Deutschland bereits als sehr beliebte L\u00f6sung erwiesen, allerdings wird der Strom typischerweise aus gro\u00dfen Windparks gewonnen, die einen hohen Investitions- und Bauaufwand erfordern. Gemeinsam mit dem Lehrstuhl f\u00fcr Str\u00f6mungsmaschinen der Energietechnik untersucht der Lehrstuhl f\u00fcr Stahlbau und Stahlwasserbau den Einsatz von Kleinwindkraftanlagen zur Erzeugung sauberer Energie an Wohngeb\u00e4uden. Das Forschungsprojekt umfasst eine Vielzahl von Themen, darunter: die Entwicklung neuer Arten von Klein-Windkraftanlagen, die dynamische Interaktion zwischen den Klein-Windenergieanlagen und dem Geb\u00e4ude sowie die \u00dcberwachung der Turbine, um die Auswirkungen von Eis und Erm\u00fcdung auf ihre Leistung zu untersuchen.<\/p>\n\n\n\n<p><strong>Ansprechpartner:<\/strong><\/p>\n\n\n\n<p><a href=\"https:\/\/www.hsu-hh.de\/stahlbau\/max-guendel\/\" data-type=\"page\" data-id=\"239\"><abbr title=\"Universit\u00e4tsprofessor\">Univ.-Prof.<\/abbr> <abbr title=\"Doktor\">Dr.<\/abbr>&#8211;<abbr title=\"Ingenieur\">Ing.<\/abbr> Max G\u00fcndel<\/a><\/p>\n\n\n\n<p><strong>Beteiligte Professuren im Hause<\/strong><\/p>\n\n\n\n<p><a href=\"https:\/\/www.hsu-hh.de\/lsm\/\">Professur f\u00fcr Str\u00f6mungsmaschinen in der Energietechnik<\/a><\/p>\n","protected":false},"excerpt":{"rendered":"<p>Die Bereitstellung elektrischer Energie ist f\u00fcr das Funktionieren unserer modernen Gesellschaft unerl\u00e4sslich. Um unsere Abh\u00e4ngigkeit von fossilen Brennstoffen zu verringern, werden neue und nachhaltigere Energiequellen erforscht. Windenergie hat sich in [&hellip;]<\/p>\n","protected":false},"author":3335,"featured_media":0,"parent":112,"menu_order":0,"comment_status":"closed","ping_status":"closed","template":"","meta":{"footnotes":""},"categories":[4],"tags":[],"class_list":["post-1090","page","type-page","status-publish","hentry","category-forschung"],"_links":{"self":[{"href":"https:\/\/www.hsu-hh.de\/stahlbau\/wp-json\/wp\/v2\/pages\/1090","targetHints":{"allow":["GET"]}}],"collection":[{"href":"https:\/\/www.hsu-hh.de\/stahlbau\/wp-json\/wp\/v2\/pages"}],"about":[{"href":"https:\/\/www.hsu-hh.de\/stahlbau\/wp-json\/wp\/v2\/types\/page"}],"author":[{"embeddable":true,"href":"https:\/\/www.hsu-hh.de\/stahlbau\/wp-json\/wp\/v2\/users\/3335"}],"replies":[{"embeddable":true,"href":"https:\/\/www.hsu-hh.de\/stahlbau\/wp-json\/wp\/v2\/comments?post=1090"}],"version-history":[{"count":5,"href":"https:\/\/www.hsu-hh.de\/stahlbau\/wp-json\/wp\/v2\/pages\/1090\/revisions"}],"predecessor-version":[{"id":1338,"href":"https:\/\/www.hsu-hh.de\/stahlbau\/wp-json\/wp\/v2\/pages\/1090\/revisions\/1338"}],"up":[{"embeddable":true,"href":"https:\/\/www.hsu-hh.de\/stahlbau\/wp-json\/wp\/v2\/pages\/112"}],"wp:attachment":[{"href":"https:\/\/www.hsu-hh.de\/stahlbau\/wp-json\/wp\/v2\/media?parent=1090"}],"wp:term":[{"taxonomy":"category","embeddable":true,"href":"https:\/\/www.hsu-hh.de\/stahlbau\/wp-json\/wp\/v2\/categories?post=1090"},{"taxonomy":"post_tag","embeddable":true,"href":"https:\/\/www.hsu-hh.de\/stahlbau\/wp-json\/wp\/v2\/tags?post=1090"}],"curies":[{"name":"wp","href":"https:\/\/api.w.org\/{rel}","templated":true}]}}