{"id":842,"date":"2017-11-27T16:14:57","date_gmt":"2017-11-27T15:14:57","guid":{"rendered":"https:\/\/www.hsu-hh.de\/staackib\/?page_id=842"},"modified":"2020-04-16T16:16:06","modified_gmt":"2020-04-16T14:16:06","slug":"aktuelles-2016","status":"publish","type":"page","link":"https:\/\/www.hsu-hh.de\/staackib\/aktuelles-2016","title":{"rendered":"Aktuelles 2016"},"content":{"rendered":"<p>(zum Archiv \u2013 <a href=\"https:\/\/www.hsu-hh.de\/staackib\/aktuelles-2015\" target=\"_blank\" rel=\"noopener noreferrer\">2015<\/a>)<\/p>\n<p>&nbsp;<\/p>\n<p><strong>International Conference\u00a0Structures of cooperative and common security: A prospect\u00a0of development\u00a0for East Asia?<\/strong><\/p>\n<p>K\u00f6nnen europ\u00e4ische und spezifisch deutsche Erfahrungen mit kooperativer Sicherheit n\u00fctzlich sein, um ungel\u00f6ste Sicherheitsprobleme in Ostasien zu l\u00f6sen\u00a0<abbr title=\"beziehungsweise\">bzw.<\/abbr>\u00a0zu bearbeiten? Diese Frage stand im Mittelpunkt der\u00a0<abbr title=\"unter anderem\">u.a.<\/abbr>\u00a0von der Deutschen Stiftung Friedensforschung (DSF) gef\u00f6rderten Konferenz\u00a0<em>Structures of cooperative and common security: A prospect of development\u00a0for East Asia?<\/em>, die vom 30. Oktober bis 2. November 2016 in Hamburg stattfand. Wissenschaftler\/innen aus China, Deutschland, Korea und \u00d6sterreich diskutierten \u00fcber Vertrauens- und sicherheitsbildende Ma\u00dfnahmen, R\u00fcstungskontrolle, \u00f6konomische Integration und unterschiedliche Sicherheitsperzeptionen. Die Tagung bildete den Auftakt zu einer Konferenzfolge, in deren Verlauf die thematische Debatte vertieft und durch zus\u00e4tzliche Sichtweisen von Wissenschaftler\/innen aus anderen Staaten der Region Ostasien erweitert werden soll. Die n\u00e4chste Konferenz soll im Juni 2017 in Beijing stattfinden; eine dritte dann voraussichtlich 2018 in Seoul. Das Projekt wurde von Michael Staack initiiert und erfolgt in Zusammenarbeit mit der China Foreign Affairs University Beijing, dem Institut f\u00fcr Friedensforschung und Sicherheitspolitik an der Universit\u00e4t Hamburg, der Korea National Defense University Seoul und dem Walther-Sch\u00fccking-Institut f\u00fcr V\u00f6lkerrecht an der Christian-Albrechts-Universit\u00e4t Kiel. &#8230; Zum Programm &#8230;\u00a0<a href=\"https:\/\/www.hsu-hh.de\/staackib\/wp-content\/uploads\/sites\/757\/2017\/11\/Program-conference-structures-of-cooperative-and-common-security-2016_PDF-5.pdf\" target=\"_blank\" rel=\"noopener noreferrer\">\u21d2<\/a><\/p>\n<p><img loading=\"lazy\" decoding=\"async\" class=\"attachment-266x266 \" src=\"https:\/\/www.hsu-hh.de\/staackib\/wp-content\/uploads\/sites\/757\/2017\/11\/Konferenz-DSF-Gruppenbild-1.jpg\" alt=\"\" width=\"370\" height=\"247\" \/><\/p>\n<p><img loading=\"lazy\" decoding=\"async\" class=\"attachment-266x266 \" src=\"https:\/\/www.hsu-hh.de\/staackib\/wp-content\/uploads\/sites\/757\/2017\/11\/Konferenz-DSF_1-1.jpg\" alt=\"\" width=\"370\" height=\"247\" \/><\/p>\n<p>&nbsp;<\/p>\n<p><strong>Russia\u00b4s relations with the EU and NATO\u201c: Konferenz in St. Petersburg<\/strong><\/p>\n<p>\u200b\u200bAm 20. und 21. Oktober 2016 nahm Michael Staack an der Internationalen Konferenz\u00a0\u201e<em>Russia\u00b4s relations with the EU and NATO: from strategic partnership towards strategic challenge?<\/em>\u201c\u00a0in St. Petersburg teil. Die Konferenz findet seit 20 Jahren statt und bietet eine Dialogplattform f\u00fcr Diplomaten und Wissenschaftler\/innen aus Russland, dem Baltikum sowie Mittel- und Osteuropa (unter Einschluss der Ukraine) sowie aus Deutschland, Finnland, Gro\u00dfbritannien und den Niederlanden. Die Konferenz wird vom\u00a0Center of International and\u00a0Regional Policy\u00a0(St. Petersburg) ausgerichtet und in diesem Jahr\u00a0<abbr title=\"unter anderem\">u.a.<\/abbr>\u00a0von der slowakischen EU-Ratspr\u00e4sidentschaft und der Friedrich-Ebert-Stiftung unterst\u00fctzt. Professor Staack sprach zum Abschluss der Konferenz \u00fcber das Thema\u00a0\u201eManaging the relationship towards a new normal\u201c. Ausgehend von der Analyse, dass die milit\u00e4rischen Risiken zwischen beiden Seiten heute als gef\u00e4hrlicher einzusch\u00e4tzen seien als zu Zeiten des Ost-West-Konflikts, machte er folgende Vorschl\u00e4ge zur Verbesserung der Beziehungen: Reaktivierung von R\u00fcstungskontrolle und Vertrauens- und sicherheitsbildenden Ma\u00dfnahmen, umfassender Dialog vor allem in einer gest\u00e4rkten OSZE, Auslotung von M\u00f6glichkeiten der Ann\u00e4herung zun\u00e4chst auf Track II-Ebene, Ausweitung der zivilgesellschaftlichen Kontakte, Nutzung der chinesischen\u00a0Silk Road Initiative\u00a0f\u00fcr eine trilaterale Zusammenarbeit zwischen EU, Russland und China.<\/p>\n<p>&nbsp;<\/p>\n<p><strong>Forum 2000 in Prag:\u00a0Courage to Take Responsibility<\/strong><\/p>\n<p>Vom 16. bis 18. Oktober 2016 beteiligte sich Michael Staack am internationalen Kongress\u00a0<em>Courage to Take\u00a0Responsibility<\/em>\u00a0in Prag. Veranstalter des Kongresses war die\u00a0Foundation Forum 2000\u00a0(www.forum2000.cz\u00a0<a href=\"https:\/\/www.forum2000.cz\/en\/homepage\" target=\"_blank\" rel=\"noopener noreferrer\">\u21d2<\/a>),\u00a0die (1996) vom tschechischen Pr\u00e4sidenten und B\u00fcrgerrechtler Vaclav Havel gegr\u00fcndet wurde und sich f\u00fcr Demokratie, Menschenrechte und Toleranz einsetzt. Schwerpunktthema der Konferenz 2016 waren die Krise demokratischer F\u00fchrerschaft in der westlichen Welt und der Aufstieg des Autoritarismus. Professor Staack nahm an den Panels \u201eThe Future of North Korea: Democracy and Respect for Human Rights in Sight?\u201c und \u201eTurkey: Democracy Hijacked?\u201c teil.\u00a0&#8230; Zum Konferenzbericht &#8230;\u00a0<a href=\"https:\/\/www.hsu-hh.de\/staackib\/wp-content\/uploads\/sites\/757\/2017\/11\/Conference-Reports_forum-2000-4.pdf\" target=\"_blank\" rel=\"noopener noreferrer\">\u21d2<\/a>\u00a0&#8230; Zum Panel: The Future of North Korea &#8230;\u00a0<a href=\"https:\/\/www.hsu-hh.de\/staackib\/wp-content\/uploads\/sites\/757\/2017\/11\/20th-Forum-2000-Conferences-Human-Rights-in-North-Korea-2.pdf\" target=\"_blank\" rel=\"noopener noreferrer\">\u21d2<\/a><\/p>\n<p>&nbsp;<\/p>\n<p><strong>Dan Krause: Forschungsaufenthalt in S\u00fcdafrika<\/strong><\/p>\n<p>Im September 2016 hielt sich Dan Krause als Gastwissenschaftler an der Universit\u00e4t von Pretoria auf. Der Forschungsaufenthalt erfolgte im Rahmen seines Promotionsvorhabens \u00fcber die Politik der drei s\u00fcdlichen Demokratien Brasilien, Indien und S\u00fcdafrika zur Schutzverantwortung (R2P) und fiel zeitlich mit dem Beginn der Studentenproteste zusammen.\u00a0&#8230; Zum Forschungsaufenthalt &#8230;\u00a0<a href=\"https:\/\/www.hsu-hh.de\/staackib\/wp-content\/uploads\/sites\/757\/2017\/11\/Forschungsaufenthalt-Pretoria_2016-Krause-1.pdf\" target=\"_blank\" rel=\"noopener noreferrer\">\u21d2<\/a><\/p>\n<p>&nbsp;<\/p>\n<p><strong>Deutsche Stiftung Friedensforschung f\u00f6rdert Internationale Tagung zur Sicherheit in Ostasien<\/strong><\/p>\n<p>Die Deutsche Stiftung Friedensforschung f\u00f6rdert ein von Professor Staack beantragtes Tagungsprojekt zum Thema &#8222;Strukturen kooperativer und gemeinsamer Sicherheit &#8211; eine Entwicklungsperspektive f\u00fcr Ostasien?&#8220; (&#8222;Structures of cooperative and common security: A prospect for development of East Asia?&#8220;). Im Rahmen der vom 30. Oktober bis 1. November 2016 in Hamburg stattfindenden Konferenz soll die regionale Sicherheitskonstellation in Ostasien analysiert, unterschiedliche Sicherheitsperzeptionen diskutiert und, darauf aufbauend, er\u00f6rtert werden, inwiefern europ\u00e4ische Erfahrungen mit kooperativer Sicherheit (<abbr title=\"zum Beispiel\">z.B.<\/abbr>\u00a0Vertrauens- und sicherheitsbildende Ma\u00dfnahmen, politische Vertrauensbildung, R\u00fcstungskontrolle, Institutionenbildung) f\u00fcr die Bearbeitung des Sicherheitsdilemmas in der Region (<abbr title=\"zum Beispiel\">z.B.<\/abbr>\u00a0Territorialkonflikte im S\u00fcdchinesischen Meer, R\u00fcstungswettl\u00e4ufe) friedenspolitisch frucht- und nutzbar gemacht werden k\u00f6nnen.<\/p>\n<p>Die Internationale Tagung ist interdisziplin\u00e4r angelegt (Internationale Beziehungen, V\u00f6lkerrecht, Friedens- und Konfliktforschung), wird vom Ausw\u00e4rtigen Amt unterst\u00fctzt und dient auch der wissenschaftlichen Politikberatung. Die Durchf\u00fchrung der Konferenz erfolgt in Zusammenarbeit mit drei renommierten Institutionen: der China Foreign Affairs University, die dem chinesischen Au\u00dfenministerium zugeordnet ist, dem Institut f\u00fcr Friedensforschung und Sicherheitspolitik an der Universit\u00e4t Hamburg und dem Walther-Sch\u00fccking-Institut f\u00fcr V\u00f6lkerrecht an der Christian-Albrechts-Universit\u00e4t Kiel. Mit der Hamburger Tagung erfolgt der Auftakt zu einem Projekt, das zwei weitere Konferenzen (2017 in Peking und 2018 in den USA) zu Fragen der regionalen Sicherheit in Ostasien umfassen soll. <a href=\"https:\/\/www.hsu-hh.de\/staackib\/wp-content\/uploads\/sites\/757\/2017\/11\/International-Conference-on-Structures-of-Cooperative-Security_English-5.pdf\" target=\"_blank\" rel=\"noopener noreferrer\">\u21d2<\/a> (English)<\/p>\n<p>&nbsp;<\/p>\n<p><strong>Internationales Symposium \u201eThink Tanks und die deutsch-chinesischen Beziehungen\u201c\u00a0<\/strong><\/p>\n<p>Welche Rolle spielen Think Tanks in den deutsch-chinesischen Beziehungen und im politischen Prozess ihres eigenen Landes? Diese Fragestellungen standen im Vordergrund einer Tagung, die am 23. und 25. September 2016 von Prof.in\u00a0<abbr title=\"Doktor\">Dr.<\/abbr>\u00a0WU Jiang, Prodekanin der Deutschen Abteilung, an der\u00a0Beijing Foreign Studies University\u00a0ausgerichtet wurde. An der Expertenkonferenz nahmen mit Anna Geis, David Groten und Michael Staack auch drei Vertreter des Instituts f\u00fcr Internationale Politik der Helmut-Schmidt-Universit\u00e4t teil. Gemeinsam mit Prof. MEI Zhaorong (1988-1997 Botschafter der Volksrepublik China in Deutschland) referierte Professor Staack \u00fcber Bedeutung, Ausgestaltung und Perspektiven der\u00a0Strategischen Partnerschaft zwischen China\u00a0und\u00a0Deutschland. Die im Rahmen der Tagung gehaltenen Vortr\u00e4ge werden 2017 als Buch erscheinen.\u00a0&#8230; Zum Programm des Symposiums &#8230;\u00a0<a href=\"https:\/\/www.hsu-hh.de\/staackib\/wp-content\/uploads\/sites\/757\/2017\/11\/Programm-des-Internationalen-Symposiums_Think-Tanks-und-die-Deutsch-Chinesischen-Beziehungen-2.pdf\" target=\"_blank\" rel=\"noopener noreferrer\">\u21d2<\/a><\/p>\n<p><img loading=\"lazy\" decoding=\"async\" class=\"attachment-266x266 \" src=\"https:\/\/www.hsu-hh.de\/staackib\/wp-content\/uploads\/sites\/757\/2017\/11\/Gruppenbild-Symposium-Peking-1.jpg\" alt=\"Gruppenbild Symposium Peking\" width=\"376\" height=\"209\" \/><\/p>\n<p><img loading=\"lazy\" decoding=\"async\" class=\"attachment-266x266 \" src=\"https:\/\/www.hsu-hh.de\/staackib\/wp-content\/uploads\/sites\/757\/2017\/11\/Symposium-STAACK-01.jpg\" alt=\"Symposium\" width=\"374\" height=\"250\" \/><\/p>\n<p><img loading=\"lazy\" decoding=\"async\" class=\"attachment-266x266 \" src=\"https:\/\/www.hsu-hh.de\/staackib\/wp-content\/uploads\/sites\/757\/2017\/11\/Symposium-STAACK-04.jpg\" alt=\"Symposium\" width=\"373\" height=\"249\" \/><\/p>\n<p><img loading=\"lazy\" decoding=\"async\" class=\"attachment-266x266 \" src=\"https:\/\/www.hsu-hh.de\/staackib\/wp-content\/uploads\/sites\/757\/2017\/11\/Symposium-STAACK-05.jpg\" alt=\"Symposium\" width=\"374\" height=\"249\" \/><\/p>\n<p>&nbsp;<\/p>\n<p><strong>Akademische Exkursion nach Peking und Seoul<\/strong><\/p>\n<p>Im September f\u00fchrt Professor Staack zum dritten Mal &#8211; nach 2008 und 2012 &#8211; eine Akademische Exkursion nach Ostasien durch. Auf dem Programm in Peking (17.-27.9.2016) und Seoul (27.-30.9.2016) stehen Gespr\u00e4che und Diskussionen\u00a0<abbr title=\"unter anderem\">u.a.<\/abbr>\u00a0an f\u00fchrenden Denkfabriken und Universit\u00e4ten sowie mit den deutschen Botschaftern. In Korea erfolgt auch ein Besuch der Demilitarisierten Zone (DMZ). Inhaltlich wird es\u00a0<abbr title=\"unter anderem\">u.a.<\/abbr>\u00a0um die Entwicklung der strategischen Partnerschaft zwischen Deutschland und China gehen, die Lage auf der koreanischen Halbinsel, sicherheitspolitische Kooperation in Ostasien, Regelungsm\u00f6glichkeiten f\u00fcr die Territorialstreitigkeiten in der S\u00fcdchinesischen See, aber auch um die Entwicklung der Europ\u00e4ischen Union nach dem Brexit-Votum und die deutsche Au\u00dfenpolitik. An der Exkursion nehmen neun Wissenschaftler\/innen der Helmut-Schmidt-Universit\u00e4t und neun Studierende der Politischen Wissenschaft teil. &#8230;\u00a0Zum\u00a0Exkursionsbericht 2012\u00a0&#8230;\u00a0<a href=\"https:\/\/www.hsu-hh.de\/staackib\/wp-content\/uploads\/sites\/757\/2017\/11\/Exkursionsbericht-Beijing-2012-2.pdf\" target=\"_blank\" rel=\"noopener noreferrer\">\u21d2<\/a><\/p>\n<p>&nbsp;<\/p>\n<p><strong>Delegationsbesuch des Korea Institute for National Unification an der\u00a0<abbr title=\"Helmut-Schmidt-Universit\u00e4t\">HSU<\/abbr><\/strong><\/p>\n<p>Am 19. Juli 2016 besuchte eine Delegation des Korea Institute for National Unification (KINU) die Helmut-Schmidt-Universit\u00e4t. Im Vordergrund des Meinungsaustauschs mit Prof. Michael Staack standen die Entwicklung auf der koreanischen Halbinsel sowie aktuelle Sicherheitsprobleme und die Zukunft der Sicherheitsbeziehungen in Ostasien. Das KINU geh\u00f6rt zu den f\u00fchrenden Think Tanks der Republik Korea und befasst sich insbesondere mit innen- und au\u00dfenpolitischen Studien zur Wiedervereinigung des geteilten Landes. Die aus Wissenschaftlern und Vertretern von Regierung und Opposition bestehende Delegation besuchte au\u00dfer Hamburg auch verschiedene Institutionen in Heidelberg und in der Bundeshauptstadt Berlin.<\/p>\n<p><img loading=\"lazy\" decoding=\"async\" class=\"attachment-266x266 \" src=\"https:\/\/www.hsu-hh.de\/staackib\/wp-content\/uploads\/sites\/757\/2017\/11\/Delegation-Korea-19.07.2016_2.jpg\" alt=\"Delegation Korea\" width=\"367\" height=\"276\" \/><\/p>\n","protected":false},"excerpt":{"rendered":"<p>(zum Archiv \u2013 2015) &nbsp; International Conference\u00a0Structures of cooperative and common security: A prospect\u00a0of development\u00a0for East Asia? K\u00f6nnen europ\u00e4ische und spezifisch deutsche Erfahrungen mit kooperativer Sicherheit n\u00fctzlich sein, um ungel\u00f6ste [&hellip;]<\/p>\n","protected":false},"author":89,"featured_media":880,"parent":0,"menu_order":0,"comment_status":"closed","ping_status":"closed","template":"","meta":{"footnotes":""},"categories":[],"tags":[],"class_list":["post-842","page","type-page","status-publish","has-post-thumbnail","hentry"],"_links":{"self":[{"href":"https:\/\/www.hsu-hh.de\/staackib\/wp-json\/wp\/v2\/pages\/842","targetHints":{"allow":["GET"]}}],"collection":[{"href":"https:\/\/www.hsu-hh.de\/staackib\/wp-json\/wp\/v2\/pages"}],"about":[{"href":"https:\/\/www.hsu-hh.de\/staackib\/wp-json\/wp\/v2\/types\/page"}],"author":[{"embeddable":true,"href":"https:\/\/www.hsu-hh.de\/staackib\/wp-json\/wp\/v2\/users\/89"}],"replies":[{"embeddable":true,"href":"https:\/\/www.hsu-hh.de\/staackib\/wp-json\/wp\/v2\/comments?post=842"}],"version-history":[{"count":17,"href":"https:\/\/www.hsu-hh.de\/staackib\/wp-json\/wp\/v2\/pages\/842\/revisions"}],"predecessor-version":[{"id":1804,"href":"https:\/\/www.hsu-hh.de\/staackib\/wp-json\/wp\/v2\/pages\/842\/revisions\/1804"}],"wp:featuredmedia":[{"embeddable":true,"href":"https:\/\/www.hsu-hh.de\/staackib\/wp-json\/wp\/v2\/media\/880"}],"wp:attachment":[{"href":"https:\/\/www.hsu-hh.de\/staackib\/wp-json\/wp\/v2\/media?parent=842"}],"wp:term":[{"taxonomy":"category","embeddable":true,"href":"https:\/\/www.hsu-hh.de\/staackib\/wp-json\/wp\/v2\/categories?post=842"},{"taxonomy":"post_tag","embeddable":true,"href":"https:\/\/www.hsu-hh.de\/staackib\/wp-json\/wp\/v2\/tags?post=842"}],"curies":[{"name":"wp","href":"https:\/\/api.w.org\/{rel}","templated":true}]}}