{"id":591,"date":"2017-11-14T12:59:43","date_gmt":"2017-11-14T11:59:43","guid":{"rendered":"https:\/\/www.hsu-hh.de\/staackib\/?page_id=591"},"modified":"2023-02-24T00:12:47","modified_gmt":"2023-02-23T23:12:47","slug":"forschungs-und-promotionsvorhaben-westafrika","status":"publish","type":"page","link":"https:\/\/www.hsu-hh.de\/staackib\/forschungs-und-promotionsvorhaben-westafrika","title":{"rendered":"Forschungs- und Promotionsvorhaben &#8211; Westafrika"},"content":{"rendered":"<p>\u00a0<\/p>\n<h3><strong>Das Promotionsvorhaben von Sonja Nietz, M.A.<\/strong><\/h3>\n<p>Vorl\u00e4ufiger Titel: <em>Sicherheitsmanagement in Westafrika. Nigeria und die Politik der Inneren Sicherheit\u00a0(2009-2019)\u00a0\u00a0<\/em><br \/>Betreuer: <abbr title=\"Professor\">Prof.<\/abbr>\u00a0<abbr title=\"Doktor\">Dr.<\/abbr>\u00a0Michael Staack<\/p>\n<p>Zusammenfassung:<\/p>\n<p>Die Studie bietet eine kritische Untersuchung der Inhalte, Herausforderungen und Perspektiven des internen Sicherheits- und Krisenmanagements <abbr title=\"beziehungsweise\">bzw.<\/abbr> der Politik der Inneren Sicherheit in Nigeria. Sie zielt im Wesentlichen darauf ab, die Ursachen, das Wesen und Dynamiken sicherheitspolitischer Aushandlungsprozesse und Entscheidungen im Rahmen der Terrorismusbek\u00e4mpfung seit 2009\/2010 in einem noch relativ jungen demokratischen Umfeld nachzuzeichnen sowie Implikationen f\u00fcr das operative Krisenmanagement der Armee zu er\u00f6rtern. In diesem Zuge wird der Mehrwert einer Analyse relationaler Beziehungen innerhalb des staatlichen Sicherheitsapparats in Verbindung mit neoinstitutionalistischen Annahmen, insbesondere in seiner historisch-institutionellen Variante, f\u00fcr ein tiefergehendes Verst\u00e4ndnis des Sicherheits- und Krisenmanagements in Nigeria aufgezeigt, bestehende Verbindungen und Abh\u00e4ngigkeiten zu anderen sicherheitspolitischen Herausforderungen im Kontext der Terrorbek\u00e4mpfung beleuchtet und offene Fragen beantwortet.<\/p>\n<p>\u00a0<\/p>\n<p>Forschungsinteressen:<\/p>\n<p>\u2022 Sicherheitspolitik und Konfliktbearbeitung in (West)-Afrika<br \/>\u2022 Externe Akteure in Afrika und Afrika in den internationalen Beziehungen<br \/>\u2022 Zivil\/politisch-milit\u00e4rische Beziehungen<br \/>\u2022 Politische Institutionen<\/p>\n<p>Kontakt:<\/p>\n<p>Sonja Nietz, M.A.<br \/>Professur f\u00fcr Theorie und Empirie der Internationalen Beziehungen<br \/>Helmut-Schmidt-Universit\u00e4t\/Universit\u00e4t der Bundeswehr<br \/>Holstenhofweg 85, 22043 Hamburg<br \/>Geb\u00e4ude H1, Raum 2380<br \/>Tel.: 040\/6541-2627<br \/>E-Mail: nietzs@hsu-hh.de<\/p>\n<p>\u00a0<\/p>\n<hr \/>\n<h3><strong>Das Promotionsvorhaben von Paul Sedzro, M.A.<\/strong><\/h3>\n<p>Vorl\u00e4ufiger Titel: <em>ECOWAS als friedens- und sicherheitspolitischer Akteur: Der Einfluss der Innenpolitik Nigerias auf \u00a0die ECOWAS-Leistungsf\u00e4higkeit in der Bew\u00e4ltigung von Konflikten und Krisen in Westafrika. Eine Studie am Beispiel der Elfenbeink\u00fcste, Mali und Gambia (2002-2020).<\/em> <br \/>Betreuer: <abbr title=\"Professor\">Prof.<\/abbr>\u00a0<abbr title=\"Doktor\">Dr.<\/abbr>\u00a0Michael Staack<\/p>\n<p>Zusammenfassung:<\/p>\n<p>Im Mittelpunkt dieses Dissertationsprojektes steht die Frage, inwieweit sich Nigerias innenpolitische Entwicklungen auf die nigerianische au\u00dfen- und sicherheitspolitische F\u00fchrungsrolle in Westafrika auswirken und indirekt die ECOWAS-Leistungsf\u00e4higkeit in der regionalen Konfliktbearbeitung beeinflussen. Es wird argumentiert, dass der Grad der ECOWAS-Leistungsf\u00e4higkeit in der regionalen Konfliktbearbeitung von der politischen Stabilit\u00e4t Nigerias abh\u00e4ngt. Zur Pr\u00fcfung dieser Hypothese werden die ECOWAS-Friedensmissionen in der Elfenbeink\u00fcste, Mali und Gambia untersucht, wobei der Fokus auf Nigerias Beitrag gelegt wird. \u00a0Als theoretische Grundlage der Arbeit wird\u00a0 die Theorie der hegemonialen Stabilit\u00e4t herangezogen. Daraus werden Indikatoren zur Erkl\u00e4rung des \u00a0jeweiligen F\u00fchrungsverhaltens Nigerias im ECOWAS-Konfliktmanagement in den drei Konflikten identifiziert. Abschlie\u00dfend wird gepr\u00fcft, ob diese Indikatoren tats\u00e4chlich einen Einflu\u00df auf die ECOWAS-Leistungsf\u00e4higkeit ausge\u00fcbt haben.<\/p>\n<p>\u00a0<\/p>\n<p>Forschungsinteressen:<\/p>\n<p>\u2022 Sicherheitspolitik und Konfliktmanagement in Westafrika<br \/>\u2022 Externe Akteure in Afrika und Afrika in den internationalen Beziehungen<br \/>\u2022 Frankreichs Afrikapolitik<br \/>\u2022 Migrationspolitik<br \/>\u2022 Innen- und Au\u00dfenpolitik in Westafrika\u00a0<br \/>\u2022 Demokratisierung im franz\u00f6sischsprachigen Afrika\u00a0<\/p>\n<p>Kontakt:<\/p>\n<p>Paul Sedzro, M.A.<br \/>Professur f\u00fcr Theorie und Empirie der Internationalen Beziehungen<br \/>Helmut-Schmidt-Universit\u00e4t\/Universit\u00e4t der Bundeswehr<br \/>Holstenhofweg 85, 22043 Hamburg<br \/>E-Mail: paulus.sedzro@yahoo.fr<\/p>\n<p>\u00a0<\/p>\n<p><strong>Projet de th\u00e8se de doctorat de Mr.\u00a0 Paul Sedzro, M.A.<\/strong><\/p>\n<p>Th\u00e8me provisoire: <em>la CEDEAO, acteur de paix et de securit\u00e9. L\u2019influence de la politique int\u00e9rieure du Nig\u00e9ria sur la capacit\u00e9 d\u2019action de la CEDEAO dans la gestion des conflits et crises en Afrique de l\u2018 Ouest. L\u2019exemple des interventions de la CEDEAO en C\u00f4te d\u2018 Ivoire, au Mali et en Gambie, de 2002 \u00e1 2020.<\/em><\/p>\n<p>R\u00e9sum\u00e9:<\/p>\n<p>Cette these ambitionne d\u2018 analyser l influence de la politique int\u00e9rieure du Nigeria sur le role de leadership s\u00e9curitaire du Nig\u00e9ria en Afrique de l\u2018 Ouest et indirectement sur la capacit\u00e9 de la CEDEAO dans la gestion des conflits. En tant que puissance r\u00e9gionale, le Nigeria joue un role central dans les efforts de la CEDEAO dans le maintien de la paix. La th\u00e8se se base sur l\u2018 argument selon lequel la stabilit\u00e9 politique du Nig\u00e9ria d\u00e9termine la capacit\u00e9 de la CEDEAO \u00e1 g\u00e9rer les conflits et crises en Afrique del\u2018 Ouest. Cette hypoth\u00e8se sera v\u00e9rif\u00e9e \u00e1 l aide de l\u2018 \u00e9tude des interventions de la CEDEAO en Cote d\u2018 Ivoire, au Mali et en Gambie, de 2002 \u00e1 2020. L\u2019analyse aura pour cadre th\u00e9orique La th\u00e9orie de la stabilit\u00e9 h\u00e9g\u00e9monique. Se basant sur cette theorie, des indicateurs seront identifi\u00e9s pour permettre d\u2019expliquer le role de la vie politique nig\u00e9rianne dans l efficacit\u00e9 de la CEDEAO dans la gestion des conflits dans les trois pays pr\u00e9cit\u00e9s.<\/p>\n<p>\u00a0<\/p>\n<p>Priorit\u00e9s de recherche:<\/p>\n<p>\u2022 Politique s\u00e9curitaire et gestion des conflits en Afrique de l\u2019Ouest<br \/>\u2022 Acteurs externes en Afrique et l\u2018Afrique dans les relations internationales.<br \/>\u2022 Politique africaine de la France.<br \/>\u2022 Politique migratoire<br \/>\u2022 Politique int\u00e9rieure et \u00e9trang\u00e8re de l Afrique de L\u2019Ouest<br \/>\u2022 D\u00e9mocratisation en Afrique frankophone.<\/p>\n<p>Coordonn\u00e9es:<\/p>\n<p>Paul Sedzro, M.A.<br \/>Professur f\u00fcr Theorie und Empirie der Internationalen Beziehungen<br \/>Helmut-Schmidt-Universit\u00e4t\/Universit\u00e4t der Bundeswehr<br \/>Holstenhofweg 85, 22043 Hamburg<br \/>E-Mail: paulus.sedzro@yahoo.fr<\/p>\n\n\n<p><\/p>\n","protected":false},"excerpt":{"rendered":"<p>\u00a0 Das Promotionsvorhaben von Sonja Nietz, M.A. Vorl\u00e4ufiger Titel: Sicherheitsmanagement in Westafrika. Nigeria und die Politik der Inneren Sicherheit\u00a0(2009-2019)\u00a0\u00a0Betreuer: Prof.\u00a0Dr.\u00a0Michael Staack Zusammenfassung: Die Studie bietet eine kritische Untersuchung der Inhalte, [&hellip;]<\/p>\n","protected":false},"author":89,"featured_media":0,"parent":0,"menu_order":0,"comment_status":"closed","ping_status":"closed","template":"","meta":{"footnotes":""},"categories":[4],"tags":[],"class_list":["post-591","page","type-page","status-publish","hentry","category-forschung"],"_links":{"self":[{"href":"https:\/\/www.hsu-hh.de\/staackib\/wp-json\/wp\/v2\/pages\/591","targetHints":{"allow":["GET"]}}],"collection":[{"href":"https:\/\/www.hsu-hh.de\/staackib\/wp-json\/wp\/v2\/pages"}],"about":[{"href":"https:\/\/www.hsu-hh.de\/staackib\/wp-json\/wp\/v2\/types\/page"}],"author":[{"embeddable":true,"href":"https:\/\/www.hsu-hh.de\/staackib\/wp-json\/wp\/v2\/users\/89"}],"replies":[{"embeddable":true,"href":"https:\/\/www.hsu-hh.de\/staackib\/wp-json\/wp\/v2\/comments?post=591"}],"version-history":[{"count":24,"href":"https:\/\/www.hsu-hh.de\/staackib\/wp-json\/wp\/v2\/pages\/591\/revisions"}],"predecessor-version":[{"id":3264,"href":"https:\/\/www.hsu-hh.de\/staackib\/wp-json\/wp\/v2\/pages\/591\/revisions\/3264"}],"wp:attachment":[{"href":"https:\/\/www.hsu-hh.de\/staackib\/wp-json\/wp\/v2\/media?parent=591"}],"wp:term":[{"taxonomy":"category","embeddable":true,"href":"https:\/\/www.hsu-hh.de\/staackib\/wp-json\/wp\/v2\/categories?post=591"},{"taxonomy":"post_tag","embeddable":true,"href":"https:\/\/www.hsu-hh.de\/staackib\/wp-json\/wp\/v2\/tags?post=591"}],"curies":[{"name":"wp","href":"https:\/\/api.w.org\/{rel}","templated":true}]}}