{"id":540,"date":"2017-11-14T12:28:57","date_gmt":"2017-11-14T11:28:57","guid":{"rendered":"https:\/\/www.hsu-hh.de\/staackib\/?page_id=540"},"modified":"2017-11-27T16:09:47","modified_gmt":"2017-11-27T15:09:47","slug":"konferenzen-und-medienbeitraege-rueckkehr-des-handelsstaates","status":"publish","type":"page","link":"https:\/\/www.hsu-hh.de\/staackib\/konferenzen-und-medienbeitraege-rueckkehr-des-handelsstaates","title":{"rendered":"Konferenzen und Medienbeitr\u00e4ge &#8211; R\u00fcckkehr des Handelsstaates"},"content":{"rendered":"<p>&nbsp;<\/p>\n<p><strong>MEDIENBEITR\u00c4GE<\/strong><\/p>\n<p>Staack, Michael (2013): Deutschland muss in der NATO \u201esicherheitspolitisch Klarheit schaffen\u201c, Interview im Deutschlandfunk vom 23.10.2013. <a href=\"http:\/\/www.deutschlandfunk.de\/deutschland-muss-in-der-nato-sicherheitspolitisch-klarheit.694.de.html?dram:article_id=266118\" target=\"_blank\" rel=\"noopener\">\u21d2<\/a><\/p>\n<p>Staack, Michael (2013): \u201eDas Pendel schl\u00e4gt zur\u00fcck\u201c, Interview zum Afghanistan-Abzug der Bundeswehr, Landeszeitung L\u00fcneburg vom 17.10.2013. <a href=\"https:\/\/www.presseportal.de\/pm\/65442\/2578512\" target=\"_blank\" rel=\"noopener\">\u21d2<\/a><\/p>\n<hr \/>\n<p><strong>GASTVORTR\u00c4GE<\/strong><\/p>\n<p>\u201eAfghanistan: Bilanz eines Einsatzes\u201c,\u00a018. Februar 2014, Winfried Nachtwei, ehemaliger sicherheitspolitischer Sprecher der Bundestagsfraktion B\u00fcndnis 90\/Die Gr\u00fcnen.<\/p>\n<p>\u201eAktuelle au\u00dfen- und sicherheitspolitische Herausforderungen\u201c,\u00a014. Januar 2013,\u00a0<abbr title=\"Doktor\">Dr.<\/abbr>\u00a0Guido Westerwelle, Bundesminister des Ausw\u00e4rtigen a.D. <a href=\"https:\/\/www.auswaertiges-amt.de\/de\/infoservice\/web-archiv-node\/archivreden-node\/2013-archivreden-node\/130114-bm-helmut-schmidt-hs\/253088\" target=\"_blank\" rel=\"noopener\">\u21d2<\/a><\/p>\n<p>\u201eWird Deutschlands Sicherheit immer noch am Hindukush verteidigt?\u201c,\u00a011. Januar 2011,\u00a0<abbr title=\"Doktor\">Dr.<\/abbr>\u00a0Peter Struck, Bundesminister der Verteidigung a.D.<\/p>\n<p>\u201eDeutschlands globale Ordnungspolitik und die Vereinten Nationen\u201c,\u00a015. M\u00e4rz 2010,\u00a0<abbr title=\"Doktor\">Dr.<\/abbr>\u00a0Gunter Pleuger, Botschafter a.D. der Bundesrepublik Deutschland bei den Vereinten Nationen, Pr\u00e4sident der Europa-Universit\u00e4t Viadrina in Frankfurt\/Oder.<\/p>\n<p>\u201eStrategische Partnerschaft mit der Russischen F\u00f6deration\u201c,\u00a019. Januar 2010, Prof. Egon Bahr, Bundesminister a.D.<\/p>\n<p>\u201eDeutsche Au\u00dfenpolitik in einer multipolaren Welt\u201c,\u00a018. November 2009, Prof.\u00a0<abbr title=\"Doktor\">Dr.<\/abbr>\u00a0Volker Perthes, \u00a0Direktor des Deutschen Instituts f\u00fcr Internationale Politik und Sicherheit und gesch\u00e4ftsf\u00fchrender Vorsitzender der Stiftung Wissenschaft und Politik (SWP).<\/p>\n","protected":false},"excerpt":{"rendered":"<p>&nbsp; MEDIENBEITR\u00c4GE Staack, Michael (2013): Deutschland muss in der NATO \u201esicherheitspolitisch Klarheit schaffen\u201c, Interview im Deutschlandfunk vom 23.10.2013. \u21d2 Staack, Michael (2013): \u201eDas Pendel schl\u00e4gt zur\u00fcck\u201c, Interview zum Afghanistan-Abzug der [&hellip;]<\/p>\n","protected":false},"author":89,"featured_media":0,"parent":0,"menu_order":0,"comment_status":"closed","ping_status":"closed","template":"","meta":{"footnotes":""},"categories":[],"tags":[],"class_list":["post-540","page","type-page","status-publish","hentry"],"_links":{"self":[{"href":"https:\/\/www.hsu-hh.de\/staackib\/wp-json\/wp\/v2\/pages\/540","targetHints":{"allow":["GET"]}}],"collection":[{"href":"https:\/\/www.hsu-hh.de\/staackib\/wp-json\/wp\/v2\/pages"}],"about":[{"href":"https:\/\/www.hsu-hh.de\/staackib\/wp-json\/wp\/v2\/types\/page"}],"author":[{"embeddable":true,"href":"https:\/\/www.hsu-hh.de\/staackib\/wp-json\/wp\/v2\/users\/89"}],"replies":[{"embeddable":true,"href":"https:\/\/www.hsu-hh.de\/staackib\/wp-json\/wp\/v2\/comments?post=540"}],"version-history":[{"count":6,"href":"https:\/\/www.hsu-hh.de\/staackib\/wp-json\/wp\/v2\/pages\/540\/revisions"}],"predecessor-version":[{"id":841,"href":"https:\/\/www.hsu-hh.de\/staackib\/wp-json\/wp\/v2\/pages\/540\/revisions\/841"}],"wp:attachment":[{"href":"https:\/\/www.hsu-hh.de\/staackib\/wp-json\/wp\/v2\/media?parent=540"}],"wp:term":[{"taxonomy":"category","embeddable":true,"href":"https:\/\/www.hsu-hh.de\/staackib\/wp-json\/wp\/v2\/categories?post=540"},{"taxonomy":"post_tag","embeddable":true,"href":"https:\/\/www.hsu-hh.de\/staackib\/wp-json\/wp\/v2\/tags?post=540"}],"curies":[{"name":"wp","href":"https:\/\/api.w.org\/{rel}","templated":true}]}}