{"id":528,"date":"2017-11-14T12:20:15","date_gmt":"2017-11-14T11:20:15","guid":{"rendered":"https:\/\/www.hsu-hh.de\/staackib\/?page_id=528"},"modified":"2018-11-12T11:41:49","modified_gmt":"2018-11-12T10:41:49","slug":"528-2","status":"publish","type":"page","link":"https:\/\/www.hsu-hh.de\/staackib\/528-2","title":{"rendered":"Forschungs- und Promotionsvorhaben &#8211; Kooperative Sicherheit in Ostasien"},"content":{"rendered":"<p>&nbsp;<\/p>\n<p><strong>Das Promotionsvorhaben von David Groten, B.A.\/LL.M.\u00a0<\/strong>(Lebenslauf)<\/p>\n<p>Vorl\u00e4ufiger Titel: Perception Matters: The Role of (Dis)respect Experiences and Respect Expectations in the South China Sea Dispute: A Chinese Perspective<br \/>\nBetreuer: Prof.\u00a0<abbr title=\"Doktor\">Dr.<\/abbr> Michael Staack<\/p>\n<p>Zusammenfassung:<\/p>\n<p>Chinas Au\u00dfenpolitik ist, insbesondere aufgrund des immensen Einflusses des chinesischen \u201aWiederaufstiegs\u2019 auf die Zukunft der Weltwirtschaft, die Internationale Politik und die Zukunft der Internationalen Beziehungen sowie in Folge der Bef\u00fcrchtungen, Chancen und Herausforderungen, die mit dieser Entwicklung einhergehen, zunehmend Gegenstand (zumeist westlicher) medialer Berichterstattung und politikwissenschaftlicher Forschung. Letztere zeichnen sich jedoch h\u00e4ufig durch einen sehr kritischen, pro-westlichen und daher einseitigen Blickwinkel aus. H\u00e4ufig wird eine Wertung chinesischer Au\u00dfenpolitik und des rasanten wirtschaftlichen und zunehmend auch politischen \u201aWiederaufstiegs\u2019 Chinas aus westlicher Perspektive vorgenommen.<br \/>\nDiese Arbeit m\u00f6chte sich daher nicht in diese Reihe eingliedern, sondern chinesische Au\u00dfenpolitik, genauer gesagt bestimmte chinesische au\u00dfenpolitische Handlungsweisen in Ostasien, aus der stark vernachl\u00e4ssigten chinesischen Perspektive behandeln. Die dieser Arbeit zu Grunde liegende, aus dem Konstruktivismus entlehnte Annahme, ist, dass chinesische au\u00dfenpolitische Entscheidungen in Ostasien nicht so sehr direkt davon beeinflusst werden, wie sich andere Akteure verhalten oder die sich daraus ergebenden eigenen materiellen Zw\u00e4ngen, sondern insbesondere dadurch, wie dieses Verhalten von relevanten au\u00dfenpolitischen Akteuren in China (aus Politik und Wissenschaft) perzipiert und interpretiert wird und wie sich dies auf die Wahl der chinesischen au\u00dfenpolitischen Handlungsm\u00f6glichkeiten auswirkt. In diesem Zusammenhang soll untersucht werden, welche Rolle die Faktoren \u201aRespektstreben\u2019 und \u201aSicherheitsstreben\u2019 f\u00fcr die chinesische Wahrnehmung und damit ebenfalls f\u00fcr die chinesische, auf der Wahrnehmung aufbauende, au\u00dfenpolitische Reaktion spielt.<br \/>\nInsgesamt m\u00f6chte diese Arbeit einerseits das Tableau der au\u00dfenpolitischen Analyse im Allgemeinen und chinesischer Au\u00dfenpolitik im Besonderen um eine konstruktivistisch orientierte Sichtweise erweitern, andererseits die Bedeutung von unterschiedlichen Perzeption(en) und Faktoren, die diese Perzeptionen beeinflussen, in den Mittelpunkt der au\u00dfenpolitischen Analyse stellen. Ohne eine angemessene Ber\u00fccksichtigung dieser kognitiver Faktoren (seitens der Wissenschaft aber auch seitens der Akteure Ostasiens) und das Wissen um Ursachen f\u00fcr Wahrnehmungskl\u00fcfte zwischen den Akteuren in der Region kann zum einen das chinesische au\u00dfenpolitische Verhalten nicht hinreichend analysiert werden und zum anderen das Problem regionaler Instabilit\u00e4t und Konfliktanf\u00e4lligkeit in Ostasien niemals verringert werden.<\/p>\n<p>&nbsp;<\/p>\n<p>Forschungsinteressen:<\/p>\n<p>\u2022 Chinesische Au\u00dfenpolitik;<br \/>\n\u2022 Chinesisch-amerikanische Beziehungen;<br \/>\n\u2022 Chinesisch-europ\u00e4ische Beziehungen;<br \/>\n\u2022 Au\u00dfenpolitik und Kooperation;<br \/>\n\u2022 Methoden politikwissenschaftlicher Forschung;<br \/>\n\u2022 Politische Psychologie;<br \/>\n\u2022 Respekt, Status und Emotionen in der Internationalen Politik.<\/p>\n<p>&nbsp;<\/p>\n<p>Kontakt:<\/p>\n<p>David Groten, B.A.\/LL.M.<br \/>\nWissenschaftlicher Mitarbeiter<br \/>\nProfessur f\u00fcr Theorie und Empirie der Internationalen Beziehungen<br \/>\nHelmut-Schmidt-Universit\u00e4t\/Universit\u00e4t der Bundeswehr<br \/>\nHolstenhofweg 85, 22043 Hamburg<br \/>\nGeb\u00e4ude H1, Raum 2380<br \/>\nTel.: 040\/6541-2627<br \/>\nE-Mail: grotend@hsu-hh.de<\/p>\n<p>&nbsp;<\/p>\n","protected":false},"excerpt":{"rendered":"<p>&nbsp; Das Promotionsvorhaben von David Groten, B.A.\/LL.M.\u00a0(Lebenslauf) Vorl\u00e4ufiger Titel: Perception Matters: The Role of (Dis)respect Experiences and Respect Expectations in the South China Sea Dispute: A Chinese Perspective Betreuer: Prof.\u00a0Dr. [&hellip;]<\/p>\n","protected":false},"author":89,"featured_media":0,"parent":0,"menu_order":0,"comment_status":"closed","ping_status":"closed","template":"","meta":{"footnotes":""},"categories":[],"tags":[],"class_list":["post-528","page","type-page","status-publish","hentry"],"_links":{"self":[{"href":"https:\/\/www.hsu-hh.de\/staackib\/wp-json\/wp\/v2\/pages\/528","targetHints":{"allow":["GET"]}}],"collection":[{"href":"https:\/\/www.hsu-hh.de\/staackib\/wp-json\/wp\/v2\/pages"}],"about":[{"href":"https:\/\/www.hsu-hh.de\/staackib\/wp-json\/wp\/v2\/types\/page"}],"author":[{"embeddable":true,"href":"https:\/\/www.hsu-hh.de\/staackib\/wp-json\/wp\/v2\/users\/89"}],"replies":[{"embeddable":true,"href":"https:\/\/www.hsu-hh.de\/staackib\/wp-json\/wp\/v2\/comments?post=528"}],"version-history":[{"count":13,"href":"https:\/\/www.hsu-hh.de\/staackib\/wp-json\/wp\/v2\/pages\/528\/revisions"}],"predecessor-version":[{"id":1229,"href":"https:\/\/www.hsu-hh.de\/staackib\/wp-json\/wp\/v2\/pages\/528\/revisions\/1229"}],"wp:attachment":[{"href":"https:\/\/www.hsu-hh.de\/staackib\/wp-json\/wp\/v2\/media?parent=528"}],"wp:term":[{"taxonomy":"category","embeddable":true,"href":"https:\/\/www.hsu-hh.de\/staackib\/wp-json\/wp\/v2\/categories?post=528"},{"taxonomy":"post_tag","embeddable":true,"href":"https:\/\/www.hsu-hh.de\/staackib\/wp-json\/wp\/v2\/tags?post=528"}],"curies":[{"name":"wp","href":"https:\/\/api.w.org\/{rel}","templated":true}]}}