{"id":2878,"date":"2021-11-22T19:01:00","date_gmt":"2021-11-22T18:01:00","guid":{"rendered":"https:\/\/www.hsu-hh.de\/staackib\/?page_id=2878"},"modified":"2025-11-12T17:16:50","modified_gmt":"2025-11-12T16:16:50","slug":"team","status":"publish","type":"page","link":"https:\/\/www.hsu-hh.de\/staackib\/en\/team","title":{"rendered":"Team"},"content":{"rendered":"\n<div class=\"wp-block-columns is-layout-flex wp-container-core-columns-is-layout-9d6595d7 wp-block-columns-is-layout-flex\">\n<div class=\"wp-block-column is-layout-flow wp-block-column-is-layout-flow\" style=\"flex-basis:100%\">\n<h3><abbr title=\"Professor\">Prof.<\/abbr> <abbr title=\"Doktor\">Dr.<\/abbr> Michael Staack<\/h3>\n<div class=\"ansprechparter-container\">\n<div class=\"row ansprechpartner-item ansprechparter-header\">\n<div class=\"col-xs-8 col-lg-12\" style=\"margin-bottom: 30px\">\n<h2 class=\"ansprechparter-headline\"><abbr title=\"Professor\">Prof.<\/abbr> <abbr title=\"Doktor\">Dr.<\/abbr> Michael Staack<\/h2>\n<\/div>\n<div class=\"col-md-4 col-lg-3 col-xs-4 ansprechpartner-item floatright img-circle center-block\" style=\"margin-bottom: 30px\">\n<div class=\"img-responsive-wrapper\"><img loading=\"lazy\" decoding=\"async\" class=\"attachment-266x266 \" src=\"https:\/\/www.hsu-hh.de\/staackib\/wp-content\/uploads\/sites\/757\/2017\/11\/Prof-Staack_53.jpg\" alt=\"Prof. Staack\" width=\"128\" height=\"218\" \/><\/div>\n<\/div>\n<div class=\"col-md-12 col-lg-3 col-xs-12 ansprechpartner-item kontakt floatright\" style=\"margin-bottom: 30px\">\n<div class=\"row\">\n<div class=\"col-xs-12 col-sm-6 col-lg-12\">\n<div class=\"row\">\n<div class=\"col-xs-12 col-lg-4 row-text bold\">Room:<\/div>\n<div class=\"col-xs-12 col-lg-8 row-text\">2379<\/div>\n<\/div>\n<\/div>\n<div class=\"col-xs-12 col-sm-6 col-lg-12\">\n<div class=\"row\">\n<div class=\"col-xs-12 col-lg-4 row-text bold\">Phone:<\/div>\n<div class=\"col-xs-12 col-lg-8 row-text\">+49-40-6541-2877<\/div>\n<\/div>\n<\/div>\n<div class=\"col-xs-12 col-sm-6 col-lg-12\">\n<div class=\"row\">\n<div class=\"col-xs-12 col-lg-4 row-text bold\">Fax:<\/div>\n<div class=\"col-xs-12 col-lg-8 row-text\">+49-40-6541-3522<\/div>\n<\/div>\n<\/div>\n<div class=\"col-xs-12 col-sm-6 col-lg-12\">\n<div class=\"row\">\n<div class=\"col-xs-12 col-md-12 row-text bold\">Email:<\/div>\n<div class=\"col-xs-12 col-md-12 row-text\">michael.staack@hsu-hh.de<\/div>\n<div class=\"col-xs-12 col-md-12 row-text\">\u00a0<\/div>\n<\/div>\n<\/div>\n<\/div>\n<\/div>\n<div class=\"col-md-6 col-lg-3 col-xs-12 ansprechpartner-item anschrift floatright\">\n<div class=\"row-headline\">Visiting address<\/div>\n<div class=\"row-text\">Helmut-Schmidt-Universit\u00e4t<\/div>\n<div class=\"row-text\">Geb\u00e4ude H1<\/div>\n<div class=\"row-text\">Holstenhofweg 85<\/div>\n<div class=\"row-text\">22043 Hamburg<\/div>\n<\/div>\n<div class=\"col-md-6 col-lg-3 col-xs-12 ansprechpartner-item anschrift floatright\">\n<div class=\"row-headline\">Postal address<\/div>\n<div class=\"row-text\">Helmut-Schmidt-Universit\u00e4t<\/div>\n<div class=\"row-text\">Sekretariat Susanne Kropf<\/div>\n<div class=\"row-text\">Holstenhofweg 85<\/div>\n<div class=\"row-text\">22043 Hamburg<\/div>\n<\/div>\n<\/div>\n<div class=\"clearfix\">\u00a0<\/div>\n<\/div>\n<p><strong><a href=\"https:\/\/www.hsu-hh.de\/staackib\/wp-content\/uploads\/sites\/757\/2021\/11\/CV-Staack.pdf\" target=\"_blank\" rel=\"noopener\">Curriculum Vitae<\/a>\u00a0<\/strong><\/p>\n<h3><abbr title=\"Doktor\">Dr.<\/abbr> Caroline Fehl<\/h3>\n<div class=\"ansprechparter-container\">\n<div class=\"row ansprechpartner-item ansprechparter-header\">\n<div class=\"col-xs-8 col-lg-12\" style=\"margin-bottom: 30px\">\n<h2 class=\"ansprechparter-headline\">Acting Professor <abbr title=\"Doktor\">Dr.<\/abbr> Caroline Fehl<\/h2>\n<\/div>\n<div class=\"col-md-4 col-lg-3 col-xs-4 ansprechpartner-item floatright img-circle center-block\" style=\"margin-bottom: 30px\">\n<div class=\"img-responsive-wrapper\">\u00a0<\/div>\n<\/div>\n<div class=\"col-md-12 col-lg-3 col-xs-12 ansprechpartner-item kontakt floatright\" style=\"margin-bottom: 30px\">\n<div class=\"row\">\n<div class=\"col-xs-12 col-sm-6 col-lg-12\">\n<div class=\"row\">\n<div class=\"col-xs-12 col-lg-4 row-text bold\">Room:<\/div>\n<div class=\"col-xs-12 col-lg-8 row-text\">2379<\/div>\n<\/div>\n<\/div>\n<div class=\"col-xs-12 col-sm-6 col-lg-12\">\n<div class=\"row\">\n<div class=\"col-xs-12 col-lg-4 row-text bold\">Phone:<\/div>\n<div class=\"col-xs-12 col-lg-8 row-text\">+49-40-6541-2877<\/div>\n<\/div>\n<\/div>\n<div class=\"col-xs-12 col-sm-6 col-lg-12\">\n<div class=\"row\">\n<div class=\"col-xs-12 col-md-12 row-text bold\">Email:<\/div>\n<div class=\"col-xs-12 col-md-12 row-text\">fehlc@hsu-hh.de<\/div>\n<div class=\"col-xs-12 col-md-12 row-text\">\u00a0<\/div>\n<\/div>\n<\/div>\n<\/div>\n<\/div>\n<div class=\"col-md-6 col-lg-3 col-xs-12 ansprechpartner-item anschrift floatright\">\n<div class=\"row-headline\">Visiting address<\/div>\n<div class=\"row-text\">Helmut-Schmidt-Universit\u00e4t<\/div>\n<div class=\"row-text\">Geb\u00e4ude H1<\/div>\n<div class=\"row-text\">Holstenhofweg 85<\/div>\n<div class=\"row-text\">22043 Hamburg<\/div>\n<\/div>\n<div class=\"col-md-6 col-lg-3 col-xs-12 ansprechpartner-item anschrift floatright\">\n<div class=\"row-headline\">Postal address<\/div>\n<div class=\"row-text\">Helmut-Schmidt-Universit\u00e4t<br \/>Sekretariat Susanne Kropf<br \/>Holstenhofweg 85<br \/>22043 Hamburg<\/div>\n<\/div>\n<\/div>\n<div class=\"clearfix\">\u00a0<\/div>\n<\/div>\n<p>Office hours: Tuesday 5:30 p.m. to 6:30 p.m. and by individual appointment<\/p>\n<p>Research interests:<\/p>\n<p>\u00b7 International security policy<\/p>\n<p>\u00b7 International norms, institutions, and organizations<\/p>\n<p>\u00b7 Nuclear arms control, disarmament, and non-proliferation<\/p>\n<p>\u00b7 Nuclear weapons testing<\/p>\n<p>\u00b7 US foreign policy and transatlantic relations<\/p>\n<p>\u00b7 International criminal law and dealing with the past<\/p>\n<p>Current research projects:<\/p>\n<p>\u00b7 Transitional justice in the nuclear age: Addressing the humanitarian and environmental consequences of nuclear weapons testing<\/p>\n<p>\u00b7 The ICC and Western war crimes: Public perception and political dilemmas<\/p>\n<p>Curriculum vitae and publications:<\/p>\n<p>https:\/\/www.prif.org\/ueber-uns\/person\/caroline-fehl-1<\/p>\n<h3>Sonja Nietz, M.A.<\/h3>\n<div class=\"ansprechparter-container\">\n<div class=\"row ansprechpartner-item ansprechparter-header\">\n<div class=\"col-xs-8 col-lg-12\" style=\"margin-bottom: 30px\">\n<h2 class=\"ansprechparter-headline\">Sonja Nietz, M.A.<\/h2>\n<\/div>\n<div class=\"col-md-4 col-lg-3 col-xs-4 ansprechpartner-item floatright img-circle center-block\" style=\"margin-bottom: 30px\">\n<div class=\"img-responsive-wrapper\"><strong><img loading=\"lazy\" decoding=\"async\" class=\"attachment-266x266 alignnone\" src=\"https:\/\/www.hsu-hh.de\/staackib\/wp-content\/uploads\/sites\/757\/2017\/12\/Bild-Nietz.jpg\" alt=\"\" width=\"117\" height=\"157\" \/><\/strong><\/div>\n<\/div>\n<div class=\"col-md-12 col-lg-3 col-xs-12 ansprechpartner-item kontakt floatright\" style=\"margin-bottom: 30px\">\n<div class=\"row\">\n<div class=\"col-xs-12 col-sm-6 col-lg-12\">\n<div class=\"row\">\n<div class=\"col-xs-12 col-lg-4 row-text bold\">Room:<\/div>\n<div class=\"col-xs-12 col-lg-8 row-text\">2380<\/div>\n<\/div>\n<\/div>\n<div class=\"col-xs-12 col-sm-6 col-lg-12\">\n<div class=\"row\">\n<div class=\"col-xs-12 col-lg-4 row-text bold\" style=\"text-align: left\">Phone:<\/div>\n<div class=\"col-xs-12 col-lg-8 row-text\" style=\"text-align: left\">+49-40-6541-2627<\/div>\n<\/div>\n<\/div>\n<div class=\"col-xs-12 col-sm-6 col-lg-12\" style=\"text-align: left\">\n<div class=\"row\">\n<div class=\"col-xs-12 col-lg-8 row-text\"><span style=\"font-family: 'Meta Corr Offc W01 Bold', 'PT Sans', sans-serif;font-weight: bold\">Email:<\/span><\/div>\n<\/div>\n<\/div>\n<div class=\"col-xs-12 col-sm-6 col-lg-12\">\n<div class=\"row\">\n<div class=\"col-xs-12 col-md-12 row-text\" style=\"text-align: left\">nietzs@hsu-hh.de<\/div>\n<div>\u00a0<\/div>\n<div style=\"text-align: left\">\u00a0<\/div>\n<\/div>\n<\/div>\n<\/div>\n<\/div>\n<div class=\"col-md-6 col-lg-3 col-xs-12 ansprechpartner-item anschrift floatright\">\n<div class=\"row-headline\">Visiting address<\/div>\n<div class=\"row-text\">Helmut-Schmidt-Universit\u00e4t<\/div>\n<div class=\"row-text\">Geb\u00e4ude H1<\/div>\n<div class=\"row-text\">Holstenhofweg 85<\/div>\n<div class=\"row-text\">22043 Hamburg<\/div>\n<\/div>\n<div class=\"col-md-6 col-lg-3 col-xs-12 ansprechpartner-item anschrift floatright\">\n<div class=\"row-headline\">Postal address<\/div>\n<div class=\"row-text\">Helmut-Schmidt-Universit\u00e4t<br \/>Sekretariat Susanne Kropf<br \/>Holstenhofweg 85<br \/>22043 Hamburg<\/div>\n<\/div>\n<\/div>\n<div class=\"clearfix\">\u00a0<\/div>\n<\/div>\n<p><strong>Research Interests:<\/strong><br \/>&#8211; Security policy and conflict management in West Africa<br \/>&#8211; External actors in Africa and Africa in international relations<br \/>&#8211; Conflicts (intra-state \/ civil wars)<br \/>&#8211; Sahel Zone<br \/>&#8211; Civil-military relations<br \/>&#8211; Political institutions<\/p>\n<p><strong>Doctoral Project:\u00a0<\/strong><\/p>\n<p>The Military in the Young Democracies of West Africa \u2013 A Comparison of the Politico-Military Relations in Nigeria, Burkina Faso and C\u00f4te d\u2019Ivoire (2009\u20132019) <a href=\"https:\/\/www.hsu-hh.de\/staackib\/wp-content\/uploads\/sites\/757\/2021\/11\/Promotionsvorhaben-Nietz-ENG.pdf\" target=\"_blank\" rel=\"noopener\">\u21d2<\/a><\/p>\n<h3>Lea Hinz<\/h3>\n<div class=\"ansprechparter-container\">\n<div class=\"row ansprechpartner-item ansprechparter-header\">\n<div class=\"col-xs-8 col-lg-12\" style=\"margin-bottom: 30px\">\n<h2 class=\"ansprechparter-headline\">Lea Hinz<\/h2>\n<p class=\"ansprechparter-headline\">(Soldatische Hilfskraft)<\/p>\n<\/div>\n<div class=\"col-md-4 col-lg-3 col-xs-4 ansprechpartner-item floatright img-circle center-block\" style=\"margin-bottom: 30px\">\u00a0<\/div>\n<div class=\"col-md-12 col-lg-3 col-xs-12 ansprechpartner-item kontakt floatright\" style=\"margin-bottom: 30px\">\n<div class=\"row\">\n<div class=\"col-xs-12 col-sm-6 col-lg-12\">\n<div class=\"row\">\n<div class=\"col-xs-12 col-lg-4 row-text bold\">Room:<\/div>\n<div class=\"col-xs-12 col-lg-8 row-text\">2381<\/div>\n<\/div>\n<\/div>\n<div class=\"col-xs-12 col-sm-6 col-lg-12\">\u00a0<\/div>\n<div class=\"col-xs-12 col-sm-6 col-lg-12\">\u00a0<\/div>\n<div class=\"col-xs-12 col-sm-6 col-lg-12\">\u00a0<\/div>\n<\/div>\n<\/div>\n<div class=\"col-md-6 col-lg-3 col-xs-12 ansprechpartner-item anschrift floatright\">\n<div class=\"row-headline\">Visiting address<\/div>\n<div class=\"row-text\">Helmut-Schmidt-Universit\u00e4t<\/div>\n<div class=\"row-text\">Geb\u00e4ude H1<\/div>\n<div class=\"row-text\">Holstenhofweg 85<\/div>\n<div class=\"row-text\">22043 Hamburg<\/div>\n<\/div>\n<div class=\"col-md-6 col-lg-3 col-xs-12 ansprechpartner-item anschrift floatright\">\n<div class=\"row-headline\">Postal address<\/div>\n<div class=\"row-text\">Helmut-Schmidt-Universit\u00e4t<br \/>Sekretariat Susanne Kropf<br \/>Holstenhofweg 85<br \/>22043 Hamburg<\/div>\n<\/div>\n<\/div>\n<div class=\"clearfix\">\u00a0<\/div>\n<\/div>\n<h3>secretariat<\/h3>\n<div class=\"ansprechparter-container\">\n<div class=\"row ansprechpartner-item ansprechparter-header\">\n<div class=\"col-xs-8 col-lg-12\" style=\"margin-bottom: 30px\">\n<h2 class=\"ansprechparter-headline\">Susanne Kropf<\/h2>\n<\/div>\n<div class=\"col-md-4 col-lg-3 col-xs-4 ansprechpartner-item floatright img-circle center-block\" style=\"margin-bottom: 30px\">\u00a0<\/div>\n<div class=\"col-md-12 col-lg-3 col-xs-12 ansprechpartner-item kontakt floatright\" style=\"margin-bottom: 30px\">\n<div class=\"row\">\n<div class=\"col-xs-12 col-sm-6 col-lg-12\">\n<div class=\"row\">\n<div class=\"col-xs-12 col-lg-4 row-text bold\">Room:<\/div>\n<div class=\"col-xs-12 col-lg-8 row-text\">2505<\/div>\n<\/div>\n<\/div>\n<div class=\"col-xs-12 col-sm-6 col-lg-12\">\n<div class=\"row\">\n<div class=\"col-xs-12 col-lg-4 row-text bold\">Phone:<\/div>\n<div class=\"col-xs-12 col-lg-8 row-text\">+49-40-6541-3432<\/div>\n<\/div>\n<\/div>\n<div class=\"col-xs-12 col-sm-6 col-lg-12\">\u00a0<\/div>\n<div class=\"col-xs-12 col-sm-6 col-lg-12\">\n<div class=\"row\">\n<div class=\"col-xs-12 col-md-12 row-text bold\">Email:<\/div>\n<div class=\"col-xs-12 col-md-12 row-text\">susanne.kropf@hsu-hh.de<\/div>\n<\/div>\n<\/div>\n<\/div>\n<\/div>\n<div class=\"col-md-6 col-lg-3 col-xs-12 ansprechpartner-item anschrift floatright\">\n<div class=\"row-headline\">Visiting address<\/div>\n<div class=\"row-text\">Helmut-Schmidt-Universit\u00e4t<\/div>\n<div class=\"row-text\">Geb\u00e4ude H1<\/div>\n<div class=\"row-text\">Holstenhofweg 85<\/div>\n<div class=\"row-text\">22043 Hamburg<\/div>\n<\/div>\n<div class=\"col-md-6 col-lg-3 col-xs-12 ansprechpartner-item anschrift floatright\">\n<div class=\"row-headline\">Postal address<\/div>\n<div class=\"row-text\">Helmut-Schmidt-Universit\u00e4t<br \/>Sekretariat Susanne Kropf<br \/>Holstenhofweg 85<br \/>22008 Hamburg<\/div>\n<\/div>\n<\/div>\n<div class=\"clearfix\">\u00a0<\/div>\n<\/div>\n<h3>Ph.D.\u00a0candidates<\/h3>\n<p><strong>Doctoral Candidates and Dissertation Projects<\/strong><\/p>\n<p>Krause, Dan, M.A.\/M.P.S.<br \/>Southern Democracies and R2P: Analysis of India\u2019s and South Africa\u2019s Positions on the Responsibility to Protect (original in German)<\/p>\n<p>Mattern, Christian, R. W.<br \/>The Hindu Kush-Mission and the Flow of Information \u2013 The Media Strategies of the Four Major Contributors<\/p>\n<p>Nietz, Sonja, M.A.<br \/>The Military in the Young Democracies of West Africa \u2013 A Comparison of the Civil-Military Relations in Nigeria, Burkina Faso and C\u00f4te d\u2019Ivoire (2009\u20132019) (original in German)<\/p>\n<p>Shin, Ui-sop, <abbr title=\"Diplom\">Dipl.<\/abbr>-Pol.<br \/>Analysis on the Possibility of Reunification on the Korean Peninsula: Against the Background of the Experience of German Unification (original in German)<\/p>\n<p>Sedzro, Paul, M.A.<br \/>ECOWAS as a Peace and Security Actor: The Impact of Nigeria\u2019s Domestic Politics on ECOWAS Capacity in Managing Conflicts and Crises in West Africa. A study based on C\u00f4te d\u2019Ivoire, Mali and The Gambia (2002-2020) (original in German) <a href=\"https:\/\/www.hsu-hh.de\/staackib\/forschungs-und-promotionsvorhaben-westafrika\" target=\"_blank\" rel=\"noopener\"> \u21d2<\/a><\/p>\n<p><strong>Former Doctoral Candidates and Dissertation Projects<\/strong><\/p>\n<p>Bertges, Florian, <abbr title=\"Diplom\">Dipl.<\/abbr> Staatswiss.<br \/>The fragmented European defence market &#8211; Sector analysis and perspectives (original in German)<\/p>\n<p>Eitelhuber, Norbert, <abbr title=\"Diplom\">Dipl.<\/abbr>-Kaufm., MAS International and European Security.<br \/>The Russian Bear in the 21st Century: Ripe for a multipolar world (original in German)<\/p>\n<p>Groten, David, B.A.\/LL.M.<br \/>How Sentiment Matters in International Relations: China and the South China Sea Dispute<\/p>\n<p>Heidenkamp, Henrik, M.A.<br \/>The development process of the German Federal Armed Forces at the beginning of the 21st Century: Changes between global, national and coalition-political determinants (original in German)<\/p>\n<p>Kasten, Tanja<br \/>One recipe for many cooks? The Harmonisation of International Development Cooperation and its Consequences for its Peace Policy Contribution (original in German)<\/p>\n<p>Lang, Sibylle, M.A.<br \/>European Security and Defence Policy \u2013 Determinants and their Impact on the Shape and Operational Capability of ESDP (original in German)<\/p>\n<p>M\u00fcller, Sebastian, Dipl.sc.pol.Univ. <br \/>The African Renaissance \u2013 New Dawn under South African Leadership? (original in German)<\/p>\n<p>Pelz, Simon, Dipl.sc.pol.Univ.<br \/>The Dragon\u2019s Head Spews Fire Again \u2013 German-Chinese Economic Relations on the Example of Shanghai (original in German)<\/p>\n<p>Peters, Daniel, M.A.<br \/>The Responsibility to Protect as a Cosmopolitan Project to Prevent Mass Severe Suffering \u2013 A Representational Model for a Restrictive Use of Military Force and a Comprehensive Understanding of Prevention in the Framework of R2P (original in German)<\/p>\n<p>Reiber, Tatjana, M.A.<br \/>Democracy Promotion as a means of Peacebuilding (original in German)<\/p>\n<p>Steinmetz, Thomas, <abbr title=\"Diplom\">Dipl.<\/abbr>-Staatswiss.<br \/>Global Small Wars: Examining the Structure of Sub-State Actors and an Analysis of Countermeasures by State Actors in the Regions of Africa, Central Asia and Southeast Asia (original in German)<\/p>\n<p>v. Alst, Niklas, M.A.<br \/>Geostrategic Cultures and the Construction of Cyberspace. Invention, Development and Reception of a Global Space and the Role of Maritime Space as a World of Experience in German and US Security Policy (original in German)<\/p>\n<p>Werner, Simon, <abbr title=\"Diplom\">Dipl.<\/abbr>-Staatswiss.<br \/>German Unilateralism in the 21st Century (original in German)<\/p>\n<\/div>\n<\/div>\n\n\n\n<p><\/p>\n\n\n\n<p><\/p>\n","protected":false},"excerpt":{"rendered":"<p>Prof. Dr. Michael Staack Prof. Dr. Michael Staack Room: 2379 Phone: +49-40-6541-2877 Fax: +49-40-6541-3522 Email: michael.staack@hsu-hh.de \u00a0 Visiting address Helmut-Schmidt-Universit\u00e4t Geb\u00e4ude H1 Holstenhofweg 85 22043 Hamburg Postal address Helmut-Schmidt-Universit\u00e4t Sekretariat [&hellip;]<\/p>\n","protected":false},"author":2927,"featured_media":0,"parent":0,"menu_order":0,"comment_status":"closed","ping_status":"closed","template":"","meta":{"footnotes":""},"categories":[7],"tags":[],"class_list":["post-2878","page","type-page","status-publish","hentry","category-research"],"_links":{"self":[{"href":"https:\/\/www.hsu-hh.de\/staackib\/wp-json\/wp\/v2\/pages\/2878","targetHints":{"allow":["GET"]}}],"collection":[{"href":"https:\/\/www.hsu-hh.de\/staackib\/wp-json\/wp\/v2\/pages"}],"about":[{"href":"https:\/\/www.hsu-hh.de\/staackib\/wp-json\/wp\/v2\/types\/page"}],"author":[{"embeddable":true,"href":"https:\/\/www.hsu-hh.de\/staackib\/wp-json\/wp\/v2\/users\/2927"}],"replies":[{"embeddable":true,"href":"https:\/\/www.hsu-hh.de\/staackib\/wp-json\/wp\/v2\/comments?post=2878"}],"version-history":[{"count":13,"href":"https:\/\/www.hsu-hh.de\/staackib\/wp-json\/wp\/v2\/pages\/2878\/revisions"}],"predecessor-version":[{"id":3502,"href":"https:\/\/www.hsu-hh.de\/staackib\/wp-json\/wp\/v2\/pages\/2878\/revisions\/3502"}],"wp:attachment":[{"href":"https:\/\/www.hsu-hh.de\/staackib\/wp-json\/wp\/v2\/media?parent=2878"}],"wp:term":[{"taxonomy":"category","embeddable":true,"href":"https:\/\/www.hsu-hh.de\/staackib\/wp-json\/wp\/v2\/categories?post=2878"},{"taxonomy":"post_tag","embeddable":true,"href":"https:\/\/www.hsu-hh.de\/staackib\/wp-json\/wp\/v2\/tags?post=2878"}],"curies":[{"name":"wp","href":"https:\/\/api.w.org\/{rel}","templated":true}]}}