{"id":162,"date":"2017-09-26T16:14:44","date_gmt":"2017-09-26T14:14:44","guid":{"rendered":"https:\/\/www.hsu-hh.de\/staackib\/?page_id=162"},"modified":"2019-06-24T11:03:56","modified_gmt":"2019-06-24T09:03:56","slug":"projekte","status":"publish","type":"page","link":"https:\/\/www.hsu-hh.de\/staackib\/projekte","title":{"rendered":"Projekte"},"content":{"rendered":"<div class=\"content-block2\">\n<div class=\"background-grey\">\n<p><strong>Schutzverantwortung (R2P)<\/strong><\/p>\n<p><a href=\"https:\/\/www.hsu-hh.de\/staackib\/schutzverantwortung-r2p\/\">Zusammenfassung<\/a><br \/>\n<a href=\"https:\/\/www.hsu-hh.de\/staackib\/abstract-schutzverantwortung-r2p\/\">Abstract<\/a><br \/>\n<a href=\"https:\/\/www.hsu-hh.de\/staackib\/r2p-konferenzen-und-medienbeitraege\/\">Konferenzen und Medienbeitr\u00e4ge<\/a><br \/>\n<a href=\"https:\/\/www.hsu-hh.de\/staackib\/r2p-publikationen\/\">Publikationen<\/a><br \/>\n<a href=\"https:\/\/www.hsu-hh.de\/staackib\/forschungs-und-promotionsvorhaben-schutzverantwortung-r2p\/\">Forschungs- und Promotionsvorhaben<\/a><\/p>\n<\/div>\n<\/div>\n<div class=\"content-block2\">\n<div class=\"background-grey\">\n<p><strong>Kooperative Sicherheit in Ostasien<\/strong><\/p>\n<p><a href=\"https:\/\/www.hsu-hh.de\/staackib\/zusammenfassung-kooperative-sicherheit-in-ostasien\/\">Zusammenfassung<\/a><br \/>\n<a href=\"https:\/\/www.hsu-hh.de\/staackib\/abstract-kooperative-sicherheit-in-ostasien\/\">Abstract<\/a><br \/>\n<a href=\"https:\/\/www.hsu-hh.de\/staackib\/521-2\/\">Konferenzen und Medienbeitr\u00e4ge<\/a><br \/>\n<a href=\"https:\/\/www.hsu-hh.de\/staackib\/publikationen-kooperative-sicherheit-in-ostasien\/\">Publikationen<\/a><br \/>\n<a href=\"https:\/\/www.hsu-hh.de\/staackib\/528-2\/\">Forschungs- und Promotionsvorhaben<\/a><\/p>\n<\/div>\n<\/div>\n<div class=\"content-block2\">\n<div class=\"background-grey\">\n<p><strong>Europ\u00e4ische Sicherheit und R\u00fcstungskontrolle<\/strong><\/p>\n<p><a href=\"https:\/\/www.hsu-hh.de\/staackib\/zusammenfassung-europaeische-sicherheitspolitik\/\">Zusammenfassung<\/a><br \/>\n<a href=\"https:\/\/www.hsu-hh.de\/staackib\/abstract-europaeische-sicherheitspolitik\/\">Abstract<\/a><br \/>\n<a href=\"https:\/\/www.hsu-hh.de\/staackib\/560-2\/\">Konferenzen und Medienbeitr\u00e4ge<\/a><br \/>\n<a href=\"https:\/\/www.hsu-hh.de\/staackib\/publikationen-europaeische-sicherheitspolitik\/\">Publikationen<\/a><br \/>\n<a href=\"https:\/\/www.hsu-hh.de\/staackib\/forschungs-und-promotionsvorhaben-europaeische-sicherheitspolitik\/\">Forschungs- und Promotionsvorhaben<\/a><\/p>\n<\/div>\n<\/div>\n<div class=\"content-block2\">\n<div class=\"background-grey\">\n<p><strong>Westafrika<\/strong><\/p>\n<p><a href=\"https:\/\/www.hsu-hh.de\/staackib\/zusammenfassung-westafrika\/\">Zusammenfassung<\/a><br \/>\n<a href=\"https:\/\/www.hsu-hh.de\/staackib\/586-2\/\">Abstract<\/a><br \/>\n<a href=\"https:\/\/www.hsu-hh.de\/staackib\/konferenzen-und-medienbeitraege-westafrika\/\">Konferenzen und Medienbeitr\u00e4ge<\/a><br \/>\n<a href=\"https:\/\/www.hsu-hh.de\/staackib\/publikationen-westafrika\/\">Publikationen<\/a><br \/>\n<a href=\"https:\/\/www.hsu-hh.de\/staackib\/forschungs-und-promotionsvorhaben-westafrika\/\">Forschungs- und Promotionsvorhaben<\/a><\/p>\n<\/div>\n<\/div>\n<div class=\"content-block2\">\n<div class=\"background-grey\">\n<p><strong>Abgeschlossene Forschungsprojekte<\/strong><\/p>\n<p><a href=\"https:\/\/www.hsu-hh.de\/staackib\/zukunft-der-nuklearen-ordnung-abgeschlossene-forschungsprojekte\/\">Zukunft der nuklearen Ordnung<\/a><br \/>\n<a href=\"https:\/\/www.hsu-hh.de\/staackib\/bundeswehr-im-21-jahrhundert-abgeschlossene-forschungsprojekte\/\">Bundeswehr im 21. Jahrhundert<\/a><\/p>\n<\/div>\n<\/div>\n","protected":false},"excerpt":{"rendered":"<p>Schutzverantwortung (R2P) Zusammenfassung Abstract Konferenzen und Medienbeitr\u00e4ge Publikationen Forschungs- und Promotionsvorhaben Kooperative Sicherheit in Ostasien Zusammenfassung Abstract Konferenzen und Medienbeitr\u00e4ge Publikationen Forschungs- und Promotionsvorhaben Europ\u00e4ische Sicherheit und R\u00fcstungskontrolle Zusammenfassung Abstract [&hellip;]<\/p>\n","protected":false},"author":89,"featured_media":0,"parent":0,"menu_order":0,"comment_status":"closed","ping_status":"closed","template":"","meta":{"footnotes":""},"categories":[],"tags":[],"class_list":["post-162","page","type-page","status-publish","hentry"],"_links":{"self":[{"href":"https:\/\/www.hsu-hh.de\/staackib\/wp-json\/wp\/v2\/pages\/162","targetHints":{"allow":["GET"]}}],"collection":[{"href":"https:\/\/www.hsu-hh.de\/staackib\/wp-json\/wp\/v2\/pages"}],"about":[{"href":"https:\/\/www.hsu-hh.de\/staackib\/wp-json\/wp\/v2\/types\/page"}],"author":[{"embeddable":true,"href":"https:\/\/www.hsu-hh.de\/staackib\/wp-json\/wp\/v2\/users\/89"}],"replies":[{"embeddable":true,"href":"https:\/\/www.hsu-hh.de\/staackib\/wp-json\/wp\/v2\/comments?post=162"}],"version-history":[{"count":46,"href":"https:\/\/www.hsu-hh.de\/staackib\/wp-json\/wp\/v2\/pages\/162\/revisions"}],"predecessor-version":[{"id":2891,"href":"https:\/\/www.hsu-hh.de\/staackib\/wp-json\/wp\/v2\/pages\/162\/revisions\/2891"}],"wp:attachment":[{"href":"https:\/\/www.hsu-hh.de\/staackib\/wp-json\/wp\/v2\/media?parent=162"}],"wp:term":[{"taxonomy":"category","embeddable":true,"href":"https:\/\/www.hsu-hh.de\/staackib\/wp-json\/wp\/v2\/categories?post=162"},{"taxonomy":"post_tag","embeddable":true,"href":"https:\/\/www.hsu-hh.de\/staackib\/wp-json\/wp\/v2\/tags?post=162"}],"curies":[{"name":"wp","href":"https:\/\/api.w.org\/{rel}","templated":true}]}}