{"id":136,"date":"2017-09-26T15:44:43","date_gmt":"2017-09-26T13:44:43","guid":{"rendered":"https:\/\/www.hsu-hh.de\/staackib\/?page_id=136"},"modified":"2025-11-12T17:14:44","modified_gmt":"2025-11-12T16:14:44","slug":"team1","status":"publish","type":"page","link":"https:\/\/www.hsu-hh.de\/staackib\/team1","title":{"rendered":"Team"},"content":{"rendered":"\n<div class=\"wp-block-columns is-layout-flex wp-container-core-columns-is-layout-9d6595d7 wp-block-columns-is-layout-flex\">\n<div class=\"wp-block-column is-layout-flow wp-block-column-is-layout-flow\" style=\"flex-basis:100%\">\n<h3>Emeritus <abbr title=\"Professor\">Prof.<\/abbr> <abbr title=\"Doktor\">Dr.<\/abbr> Michael Staack<\/h3>\n<div class=\"ansprechparter-container\">\n<div class=\"row ansprechpartner-item ansprechparter-header\">\n<div class=\"col-xs-8 col-lg-12\" style=\"margin-bottom: 30px\">\n<h2 class=\"ansprechparter-headline\">Emeritus <abbr title=\"Professor\">Prof.<\/abbr> <abbr title=\"Doktor\">Dr.<\/abbr> Michael Staack<\/h2>\n<\/div>\n<p><img loading=\"lazy\" decoding=\"async\" class=\" wp-image-3106 alignright\" src=\"https:\/\/www.hsu-hh.de\/staackib\/wp-content\/uploads\/sites\/757\/2022\/04\/Foto-Prof-Staack-300x225.jpg\" alt=\"Michael Staack\" width=\"223\" height=\"167\" data-credit=\"Michael Staack \" srcset=\"https:\/\/www.hsu-hh.de\/staackib\/wp-content\/uploads\/sites\/757\/2022\/04\/Foto-Prof-Staack-300x225.jpg 300w, https:\/\/www.hsu-hh.de\/staackib\/wp-content\/uploads\/sites\/757\/2022\/04\/Foto-Prof-Staack-1024x767.jpg 1024w, https:\/\/www.hsu-hh.de\/staackib\/wp-content\/uploads\/sites\/757\/2022\/04\/Foto-Prof-Staack-768x575.jpg 768w, https:\/\/www.hsu-hh.de\/staackib\/wp-content\/uploads\/sites\/757\/2022\/04\/Foto-Prof-Staack-1100x824.jpg 1100w, https:\/\/www.hsu-hh.de\/staackib\/wp-content\/uploads\/sites\/757\/2022\/04\/Foto-Prof-Staack.jpg 1104w\" sizes=\"auto, (max-width: 223px) 100vw, 223px\" \/><\/p>\n<div class=\"col-md-12 col-lg-3 col-xs-12 ansprechpartner-item kontakt floatright\" style=\"margin-bottom: 30px\">\n<div class=\"row\">\n<div class=\"col-xs-12 col-sm-6 col-lg-12\">\n<div class=\"row\">\n<div class=\"col-xs-12 col-lg-4 row-text bold\">Raum:<\/div>\n<div class=\"col-xs-12 col-lg-8 row-text\">\u00a0<\/div>\n<\/div>\n<\/div>\n<div class=\"col-xs-12 col-sm-6 col-lg-12\">\n<div class=\"row\">\n<div class=\"col-xs-12 col-lg-4 row-text bold\">Telefon:<\/div>\n<div class=\"col-xs-12 col-lg-8 row-text\">\u00a0<\/div>\n<\/div>\n<\/div>\n<div class=\"col-xs-12 col-sm-6 col-lg-12\">\n<div class=\"row\">\n<div class=\"col-xs-12 col-lg-4 row-text bold\">Fax:<\/div>\n<div class=\"col-xs-12 col-lg-8 row-text\">\u00a0<\/div>\n<\/div>\n<\/div>\n<div class=\"col-xs-12 col-sm-6 col-lg-12\">\n<div class=\"row\">\n<div class=\"col-xs-12 col-md-12 row-text bold\">Email:<\/div>\n<div class=\"col-xs-12 col-md-12 row-text\">michael.staack@hsu-hh.de<\/div>\n<div class=\"col-xs-12 col-md-12 row-text\"><strong>Sprechstunde:<\/strong><\/div>\n<div class=\"col-xs-12 col-md-12 row-text\">\u00a0<\/div>\n<\/div>\n<\/div>\n<\/div>\n<\/div>\n<div class=\"col-md-6 col-lg-3 col-xs-12 ansprechpartner-item anschrift floatright\">\n<div class=\"row-headline\">Besucheranschrift<\/div>\n<div class=\"row-text\">Helmut-Schmidt-Universit\u00e4t<\/div>\n<div class=\"row-text\">Geb\u00e4ude H1<\/div>\n<div class=\"row-text\">Holstenhofweg 85<\/div>\n<div class=\"row-text\">22043 Hamburg<\/div>\n<\/div>\n<div class=\"col-md-6 col-lg-3 col-xs-12 ansprechpartner-item anschrift floatright\">\n<div class=\"row-headline\">Postanschrift<\/div>\n<div class=\"row-text\">Helmut-Schmidt-Universit\u00e4t<\/div>\n<div class=\"row-text\">Sekretariat Susanne Kropf<\/div>\n<div class=\"row-text\">Holstenhofweg 85<\/div>\n<div class=\"row-text\">22043 Hamburg<\/div>\n<\/div>\n<\/div>\n<div class=\"clearfix\">\u00a0<\/div>\n<\/div>\n<p><strong>Lebenslauf (<a href=\"https:\/\/www.hsu-hh.de\/staackib\/wp-content\/uploads\/sites\/757\/2022\/04\/Lebenslauf-Michael-Staack-kurz-2022_.pdf\">CV kurz<\/a> \/ <a href=\"https:\/\/www.hsu-hh.de\/staackib\/wp-content\/uploads\/sites\/757\/2019\/01\/CV-Staack-lang-012019.pdf\" target=\"_blank\" rel=\"noopener noreferrer\">CV lang<\/a>)<\/strong><\/p>\n<p><strong>R\u00e9sum\u00e9<\/strong> (<a href=\"https:\/\/www.hsu-hh.de\/staackib\/wp-content\/uploads\/sites\/757\/2018\/01\/CV-English-Prof.-Dr.-Michael-Staack-2017.pdf\" target=\"_blank\" rel=\"noopener noreferrer\">CV English<\/a>,\u00a0<a href=\"https:\/\/www.hsu-hh.de\/staackib\/wp-content\/uploads\/sites\/757\/2018\/01\/CV-Francais-Prof-Michael-Staack-2017.pdf\" target=\"_blank\" rel=\"noopener noreferrer\">CV French<\/a>,\u00a0<a href=\"https:\/\/www.hsu-hh.de\/staackib\/wp-content\/uploads\/sites\/757\/2018\/01\/CV-ru-Prof.-Michael-Staack-2017.pdf\" target=\"_blank\" rel=\"noopener noreferrer\">CV Russian<\/a>,\u00a0<a href=\"https:\/\/www.hsu-hh.de\/staackib\/wp-content\/uploads\/sites\/757\/2018\/01\/CV-Korean-Prof.-Michael-Staack-2017.pdf\" target=\"_blank\" rel=\"noopener noreferrer\">CV Korean<\/a>)<\/p>\n<p><strong><a href=\"https:\/\/www.hsu-hh.de\/staackib\/wp-content\/uploads\/sites\/757\/2017\/11\/Publikationen-Prof-Staack.pdf\">Publikationen<\/a>\u00a0<\/strong><\/p>\n<h3>&#8222;Vertretungsprofessorin <abbr title=\"Doktor\">Dr.<\/abbr> Caroline Fehl&#8220;<\/h3>\n<p><strong>Besucheranschrift\u00a0\u00a0\u00a0\u00a0\u00a0\u00a0\u00a0\u00a0\u00a0\u00a0\u00a0\u00a0\u00a0\u00a0\u00a0\u00a0\u00a0\u00a0\u00a0\u00a0\u00a0\u00a0\u00a0\u00a0\u00a0\u00a0\u00a0\u00a0\u00a0\u00a0\u00a0\u00a0\u00a0\u00a0\u00a0\u00a0\u00a0\u00a0\u00a0\u00a0\u00a0\u00a0\u00a0\u00a0\u00a0\u00a0\u00a0\u00a0\u00a0\u00a0\u00a0\u00a0\u00a0\u00a0\u00a0\u00a0\u00a0\u00a0\u00a0\u00a0\u00a0\u00a0\u00a0\u00a0\u00a0\u00a0\u00a0\u00a0\u00a0\u00a0\u00a0\u00a0\u00a0\u00a0 Raum:<\/strong><br \/>Helmut-Schmidt-Universit\u00e4t\u00a0\u00a0\u00a0\u00a0\u00a0\u00a0\u00a0\u00a0\u00a0\u00a0\u00a0\u00a0\u00a0\u00a0\u00a0\u00a0\u00a0\u00a0\u00a0\u00a0\u00a0\u00a0\u00a0\u00a0\u00a0\u00a0\u00a0\u00a0\u00a0\u00a0\u00a0\u00a0\u00a0\u00a0\u00a0\u00a0\u00a0\u00a0\u00a0\u00a0\u00a0\u00a0\u00a0\u00a0\u00a0\u00a0\u00a0\u00a0\u00a0\u00a0\u00a0\u00a0\u00a0\u00a0\u00a0\u00a0\u00a0\u00a0\u00a0 2379<br \/>Geb\u00e4ude H1\u00a0\u00a0\u00a0\u00a0\u00a0\u00a0\u00a0\u00a0\u00a0\u00a0\u00a0\u00a0\u00a0\u00a0\u00a0\u00a0\u00a0\u00a0\u00a0\u00a0\u00a0\u00a0\u00a0\u00a0\u00a0\u00a0\u00a0\u00a0\u00a0\u00a0\u00a0\u00a0\u00a0\u00a0\u00a0\u00a0\u00a0\u00a0\u00a0\u00a0\u00a0\u00a0\u00a0\u00a0\u00a0\u00a0\u00a0\u00a0\u00a0\u00a0\u00a0\u00a0\u00a0\u00a0\u00a0\u00a0\u00a0\u00a0\u00a0\u00a0\u00a0\u00a0\u00a0\u00a0\u00a0\u00a0\u00a0\u00a0\u00a0\u00a0\u00a0\u00a0\u00a0\u00a0\u00a0\u00a0\u00a0\u00a0\u00a0\u00a0\u00a0\u00a0\u00a0 <strong>Telefon:<\/strong><br \/>Holstenhofweg 85\u00a0\u00a0\u00a0\u00a0\u00a0\u00a0\u00a0\u00a0\u00a0\u00a0\u00a0\u00a0\u00a0\u00a0\u00a0\u00a0\u00a0\u00a0\u00a0\u00a0\u00a0\u00a0\u00a0\u00a0\u00a0\u00a0\u00a0\u00a0\u00a0\u00a0\u00a0\u00a0\u00a0\u00a0\u00a0\u00a0\u00a0\u00a0\u00a0\u00a0\u00a0\u00a0\u00a0\u00a0\u00a0\u00a0\u00a0\u00a0\u00a0\u00a0\u00a0\u00a0\u00a0\u00a0\u00a0\u00a0\u00a0\u00a0\u00a0\u00a0\u00a0\u00a0\u00a0\u00a0\u00a0\u00a0\u00a0\u00a0\u00a0\u00a0\u00a0\u00a0\u00a0 +49-40-6541-2877<br \/>22043 Hamburg\u00a0\u00a0\u00a0\u00a0\u00a0\u00a0\u00a0\u00a0\u00a0\u00a0\u00a0\u00a0\u00a0\u00a0\u00a0\u00a0\u00a0\u00a0\u00a0\u00a0\u00a0\u00a0\u00a0\u00a0\u00a0\u00a0\u00a0\u00a0\u00a0\u00a0\u00a0\u00a0\u00a0\u00a0\u00a0\u00a0\u00a0\u00a0\u00a0\u00a0\u00a0\u00a0\u00a0\u00a0\u00a0\u00a0\u00a0\u00a0\u00a0\u00a0\u00a0\u00a0\u00a0\u00a0\u00a0\u00a0\u00a0\u00a0\u00a0\u00a0\u00a0\u00a0\u00a0\u00a0\u00a0\u00a0\u00a0\u00a0\u00a0\u00a0\u00a0\u00a0\u00a0\u00a0\u00a0\u00a0 <strong>E-Mail:<\/strong><br \/><strong>Postanschrift\u00a0\u00a0\u00a0\u00a0\u00a0\u00a0\u00a0\u00a0\u00a0\u00a0\u00a0\u00a0\u00a0\u00a0\u00a0\u00a0\u00a0\u00a0\u00a0\u00a0\u00a0\u00a0\u00a0\u00a0\u00a0\u00a0\u00a0\u00a0\u00a0\u00a0\u00a0\u00a0\u00a0\u00a0\u00a0\u00a0\u00a0\u00a0\u00a0\u00a0\u00a0\u00a0\u00a0\u00a0\u00a0\u00a0\u00a0\u00a0\u00a0\u00a0\u00a0\u00a0\u00a0\u00a0\u00a0\u00a0\u00a0\u00a0\u00a0\u00a0\u00a0\u00a0\u00a0\u00a0\u00a0\u00a0\u00a0\u00a0\u00a0\u00a0\u00a0\u00a0\u00a0\u00a0\u00a0\u00a0\u00a0\u00a0\u00a0\u00a0 <\/strong>fehlc@hsu-hh.de<br \/>Helmut-Schmidt-Universit\u00e4t\u00a0\u00a0\u00a0\u00a0\u00a0\u00a0\u00a0\u00a0\u00a0\u00a0\u00a0\u00a0\u00a0\u00a0\u00a0\u00a0\u00a0\u00a0\u00a0\u00a0\u00a0\u00a0\u00a0\u00a0\u00a0\u00a0\u00a0\u00a0\u00a0\u00a0\u00a0\u00a0\u00a0\u00a0\u00a0\u00a0\u00a0\u00a0\u00a0\u00a0\u00a0\u00a0\u00a0\u00a0\u00a0\u00a0\u00a0\u00a0\u00a0\u00a0\u00a0\u00a0\u00a0\u00a0\u00a0\u00a0\u00a0 <strong>Sprechstunde:<\/strong><br \/>Sekretariat Susanne Kropf\u00a0\u00a0\u00a0\u00a0\u00a0\u00a0\u00a0\u00a0\u00a0\u00a0\u00a0\u00a0\u00a0\u00a0\u00a0\u00a0\u00a0\u00a0\u00a0\u00a0\u00a0\u00a0\u00a0\u00a0\u00a0\u00a0\u00a0\u00a0\u00a0\u00a0\u00a0\u00a0\u00a0\u00a0\u00a0\u00a0\u00a0\u00a0\u00a0\u00a0\u00a0\u00a0\u00a0\u00a0\u00a0\u00a0\u00a0\u00a0\u00a0\u00a0\u00a0\u00a0\u00a0\u00a0\u00a0\u00a0\u00a0\u00a0\u00a0\u00a0 Dienstag 17:30-18:30 und<\/p>\n<p>Holstenhofweg 85\u00a0\u00a0\u00a0\u00a0\u00a0\u00a0\u00a0\u00a0\u00a0\u00a0\u00a0 \u00a0 \u00a0 \u00a0 \u00a0 \u00a0 \u00a0 \u00a0 \u00a0 \u00a0 \u00a0 \u00a0 \u00a0 \u00a0 \u00a0 \u00a0 \u00a0 \u00a0 \u00a0 \u00a0 \u00a0 \u00a0 \u00a0 \u00a0 \u00a0 \u00a0 \u00a0 \u00a0 \u00a0\u00a0\u00a0\u00a0 \u00a0 nach individueller Vereinbarung<\/p>\n<p>22043 Hamburg<\/p>\n<p><strong>Forschungsinteressen:<\/strong><\/p>\n<p>\u00b7\u00a0\u00a0\u00a0\u00a0\u00a0\u00a0 Internationale Sicherheitspolitik<\/p>\n<p>\u00b7\u00a0\u00a0\u00a0\u00a0\u00a0\u00a0 Internationale Normen, Institutionen und Organisationen<\/p>\n<p>\u00b7\u00a0\u00a0\u00a0\u00a0\u00a0\u00a0 Nukleare R\u00fcstungskontrolle, Abr\u00fcstung und Nichtverbreitung<\/p>\n<p>\u00b7\u00a0\u00a0\u00a0\u00a0\u00a0\u00a0 Nuklearwaffentests<\/p>\n<p>\u00b7\u00a0\u00a0\u00a0\u00a0\u00a0\u00a0 US-Au\u00dfenpolitik und transatlantische Beziehungen<\/p>\n<p>\u00b7\u00a0\u00a0\u00a0\u00a0\u00a0\u00a0 V\u00f6lkerstrafrecht und Vergangenheitsaufarbeitung<\/p>\n<p>Aktuelle Forschungsprojekte:<\/p>\n<p>\u00b7\u00a0\u00a0\u00a0\u00a0\u00a0\u00a0 Transitional justice im Nuklearzeitalter: Aufarbeitung der humanit\u00e4ren und Umweltfolgen von Nuklearwaffentests<\/p>\n<p>\u00b7\u00a0\u00a0\u00a0\u00a0\u00a0\u00a0 Der IStGH und westliche Kriegsverbrechen: \u00d6ffentliche Wahrnehmung und politische Dilemmata<\/p>\n<p>Lebenslauf und Publikationen:\u00a0<\/p>\n<p><a href=\"https:\/\/www.prif.org\/ueber-uns\/person\/caroline-fehl-1\" rel='nofollow'>https:\/\/www.prif.org\/ueber-uns\/person\/caroline-fehl-1<\/a><\/p>\n<h3>Sonja Nietz, M.A.<\/h3>\n<div class=\"ansprechparter-container\">\n<div class=\"row ansprechpartner-item ansprechparter-header\">\n<div class=\"col-xs-8 col-lg-12\" style=\"margin-bottom: 30px\">\n<h2 class=\"ansprechparter-headline\">Sonja Nietz, M.A.<\/h2>\n<\/div>\n<div class=\"col-md-4 col-lg-3 col-xs-4 ansprechpartner-item floatright img-circle center-block\" style=\"margin-bottom: 30px\">\n<div class=\"img-responsive-wrapper\"><strong><img loading=\"lazy\" decoding=\"async\" class=\"attachment-266x266 alignnone\" src=\"https:\/\/www.hsu-hh.de\/staackib\/wp-content\/uploads\/sites\/757\/2017\/12\/Bild-Nietz.jpg\" alt=\"\" width=\"117\" height=\"157\" \/><\/strong><\/div>\n<\/div>\n<div class=\"col-md-12 col-lg-3 col-xs-12 ansprechpartner-item kontakt floatright\" style=\"margin-bottom: 30px\">\n<div class=\"row\">\n<div class=\"col-xs-12 col-sm-6 col-lg-12\">\n<div class=\"row\">\n<div class=\"col-xs-12 col-lg-4 row-text bold\">Raum:<\/div>\n<div class=\"col-xs-12 col-lg-8 row-text\">2380<\/div>\n<\/div>\n<\/div>\n<div class=\"col-xs-12 col-sm-6 col-lg-12\">\n<div class=\"row\">\n<div class=\"col-xs-12 col-lg-4 row-text bold\" style=\"text-align: left\">Telefon:<\/div>\n<div class=\"col-xs-12 col-lg-8 row-text\" style=\"text-align: left\">+49-40-6541-2627<\/div>\n<\/div>\n<\/div>\n<div class=\"col-xs-12 col-sm-6 col-lg-12\" style=\"text-align: left\">\n<div class=\"row\">\n<div class=\"col-xs-12 col-lg-8 row-text\"><span style=\"font-family: 'Meta Corr Offc W01 Bold', 'PT Sans', sans-serif;font-weight: bold\">Email:<\/span><\/div>\n<\/div>\n<\/div>\n<div class=\"col-xs-12 col-sm-6 col-lg-12\">\n<div class=\"row\">\n<div class=\"col-xs-12 col-md-12 row-text\" style=\"text-align: left\">nietzs@hsu-hh.de<\/div>\n<div class=\"col-xs-12 col-md-12 row-text\" style=\"text-align: left\"><strong>Sprechstunde:<\/strong><br \/>Telefonsprechstunde, Termin bitte per E-Mail vereinbaren!<\/div>\n<div>\u00a0<\/div>\n<div style=\"text-align: left\">\u00a0<\/div>\n<\/div>\n<\/div>\n<\/div>\n<\/div>\n<div class=\"col-md-6 col-lg-3 col-xs-12 ansprechpartner-item anschrift floatright\">\n<div class=\"row-headline\">Besucheranschrift<\/div>\n<div class=\"row-text\">Helmut-Schmidt-Universit\u00e4t<\/div>\n<div class=\"row-text\">Geb\u00e4ude H1<\/div>\n<div class=\"row-text\">Holstenhofweg 85<\/div>\n<div class=\"row-text\">22043 Hamburg<\/div>\n<\/div>\n<div class=\"col-md-6 col-lg-3 col-xs-12 ansprechpartner-item anschrift floatright\">\n<div class=\"row-headline\">Postanschrift<\/div>\n<div class=\"row-text\">Helmut-Schmidt-Universit\u00e4t<br \/>Sekretariat Susanne Kropf<br \/>Holstenhofweg 85<br \/>22043 Hamburg<\/div>\n<\/div>\n<\/div>\n<div class=\"clearfix\">\u00a0<\/div>\n<\/div>\n<p><strong>Forschungsinteressen:<\/strong><br \/>\u2022Sicherheitspolitik und Konfliktbearbeitung in Westafrika;<br \/>\u2022Externe Akteure in Afrika und Afrika in den internationalen Beziehungen;<br \/>\u2022Konflikte (innerstaatliche \/ B\u00fcrgerkriege);<br \/>\u2022Sahelzone;<br \/>\u2022Zivil-milit\u00e4rische Beziehungen;<br \/>\u2022Politische Institutionen.<\/p>\n<p><strong>Promotionsvorhaben:<\/strong><br \/>Sicherheitsmanagement in Westafrika. Nigeria und die Politik der Inneren Sicherheit. <a href=\"https:\/\/www.hsu-hh.de\/staackib\/forschungs-und-promotionsvorhaben-westafrika\/\" target=\"_blank\" rel=\"noopener noreferrer\">\u21d2<\/a><\/p>\n<h3>Lea Hinz<\/h3>\n<div class=\"ansprechparter-container\">\n<div class=\"row ansprechpartner-item ansprechparter-header\">\n<div class=\"col-xs-8 col-lg-12\" style=\"margin-bottom: 30px\">\n<h2 class=\"ansprechparter-headline\">Lea Hinz<\/h2>\n<p class=\"ansprechparter-headline\">(Soldatische Hilfskraft)<\/p>\n<\/div>\n<div class=\"col-md-4 col-lg-3 col-xs-4 ansprechpartner-item floatright img-circle center-block\" style=\"margin-bottom: 30px\">\u00a0<\/div>\n<div class=\"col-md-12 col-lg-3 col-xs-12 ansprechpartner-item kontakt floatright\" style=\"margin-bottom: 30px\">\n<div class=\"row\">\n<div class=\"col-xs-12 col-sm-6 col-lg-12\">\n<div class=\"row\">\n<div class=\"col-xs-12 col-lg-4 row-text bold\">Raum:<\/div>\n<div class=\"col-xs-12 col-lg-8 row-text\">2381<\/div>\n<\/div>\n<\/div>\n<div class=\"col-xs-12 col-sm-6 col-lg-12\">\u00a0<\/div>\n<div class=\"col-xs-12 col-sm-6 col-lg-12\">\u00a0<\/div>\n<div class=\"col-xs-12 col-sm-6 col-lg-12\">\u00a0<\/div>\n<\/div>\n<\/div>\n<div class=\"col-md-6 col-lg-3 col-xs-12 ansprechpartner-item anschrift floatright\">\n<div class=\"row-headline\">Besucheranschrift<\/div>\n<div class=\"row-text\">Helmut-Schmidt-Universit\u00e4t<\/div>\n<div class=\"row-text\">Geb\u00e4ude H1<\/div>\n<div class=\"row-text\">Holstenhofweg 85<\/div>\n<div class=\"row-text\">22043 Hamburg<\/div>\n<\/div>\n<div class=\"col-md-6 col-lg-3 col-xs-12 ansprechpartner-item anschrift floatright\">\n<div class=\"row-headline\">Postanschrift<\/div>\n<div class=\"row-text\">Helmut-Schmidt-Universit\u00e4t<br \/>Sekretariat Susanne Kropf<br \/>Holstenhofweg 85<br \/>22043 Hamburg<\/div>\n<\/div>\n<\/div>\n<div class=\"clearfix\">\u00a0<\/div>\n<\/div>\n<h3>Tilman Schmitz<\/h3>\n<div class=\"ansprechparter-container\">\n<div class=\"row ansprechpartner-item ansprechparter-header\">\n<div class=\"col-xs-8 col-lg-12\" style=\"margin-bottom: 30px\">\n<h2 class=\"ansprechparter-headline\">Tilman Schmitz<\/h2>\n<p>(Soldatische Hilfskraft)<\/p>\n<\/div>\n<div class=\"col-md-4 col-lg-3 col-xs-4 ansprechpartner-item floatright img-circle center-block\" style=\"margin-bottom: 30px\">\n<div class=\"img-responsive-wrapper\">\u00a0<\/div>\n<\/div>\n<div class=\"col-md-12 col-lg-3 col-xs-12 ansprechpartner-item kontakt floatright\" style=\"margin-bottom: 30px\">\n<div class=\"row\">\n<div class=\"col-xs-12 col-sm-6 col-lg-12\">\n<div class=\"row\">\n<div class=\"col-xs-12 col-lg-4 row-text bold\">Raum:<\/div>\n<div class=\"col-xs-12 col-lg-8 row-text\">2381<\/div>\n<\/div>\n<\/div>\n<div class=\"col-xs-12 col-sm-6 col-lg-12\">\n<div class=\"row\">\u00a0<\/div>\n<\/div>\n<div class=\"col-xs-12 col-sm-6 col-lg-12\">\n<div class=\"row\">\n<div class=\"col-xs-12 col-md-12 row-text\">\u00a0<\/div>\n<\/div>\n<\/div>\n<\/div>\n<\/div>\n<div class=\"col-md-6 col-lg-3 col-xs-12 ansprechpartner-item anschrift floatright\">\n<div class=\"row-headline\">Besucheranschrift<\/div>\n<div class=\"row-text\">Helmut-Schmidt-Universit\u00e4t<\/div>\n<div class=\"row-text\">Geb\u00e4ude H1<\/div>\n<div class=\"row-text\">Holstenhofweg 85<\/div>\n<div class=\"row-text\">22043 Hamburg<\/div>\n<\/div>\n<div class=\"col-md-6 col-lg-3 col-xs-12 ansprechpartner-item anschrift floatright\">\n<div class=\"row-headline\">Postanschrift<\/div>\n<div class=\"row-text\">Helmut-Schmidt-Universit\u00e4t<br \/>Sekretariat Susanne Kropf<br \/>Holstenhofweg 85<br \/>22043 Hamburg<\/div>\n<div class=\"row-text\">\u00a0<\/div>\n<\/div>\n<\/div>\n<\/div>\n<hr \/>\n<h3>Sekretariat<\/h3>\n<div class=\"ansprechparter-container\">\n<div class=\"row ansprechpartner-item ansprechparter-header\">\n<div class=\"col-xs-8 col-lg-12\" style=\"margin-bottom: 30px\">\n<h2 class=\"ansprechparter-headline\">Susanne Kropf<\/h2>\n<\/div>\n<div class=\"col-md-4 col-lg-3 col-xs-4 ansprechpartner-item floatright img-circle center-block\" style=\"margin-bottom: 30px\">\u00a0<\/div>\n<div class=\"col-md-12 col-lg-3 col-xs-12 ansprechpartner-item kontakt floatright\" style=\"margin-bottom: 30px\">\n<div class=\"row\">\n<div class=\"col-xs-12 col-sm-6 col-lg-12\">\n<div class=\"row\">\n<div class=\"col-xs-12 col-lg-4 row-text bold\">Raum:<\/div>\n<div class=\"col-xs-12 col-lg-8 row-text\">2133<\/div>\n<\/div>\n<\/div>\n<div class=\"col-xs-12 col-sm-6 col-lg-12\">\n<div class=\"row\">\n<div class=\"col-xs-12 col-lg-4 row-text bold\">Telefon:<\/div>\n<div class=\"col-xs-12 col-lg-8 row-text\">+49-40-6541-3432<\/div>\n<\/div>\n<\/div>\n<div class=\"col-xs-12 col-sm-6 col-lg-12\">\u00a0<\/div>\n<div class=\"col-xs-12 col-sm-6 col-lg-12\">\n<div class=\"row\">\n<div class=\"col-xs-12 col-md-12 row-text bold\">Email:<\/div>\n<div class=\"col-xs-12 col-md-12 row-text\">susanne.kropf@hsu-hh.de<\/div>\n<\/div>\n<\/div>\n<\/div>\n<\/div>\n<div class=\"col-md-6 col-lg-3 col-xs-12 ansprechpartner-item anschrift floatright\">\n<div class=\"row-headline\">Besucheranschrift<\/div>\n<div class=\"row-text\">Helmut-Schmidt-Universit\u00e4t<\/div>\n<div class=\"row-text\">Geb\u00e4ude H1<\/div>\n<div class=\"row-text\">Holstenhofweg 85<\/div>\n<div class=\"row-text\">22043 Hamburg<\/div>\n<\/div>\n<div class=\"col-md-6 col-lg-3 col-xs-12 ansprechpartner-item anschrift floatright\">\n<div class=\"row-headline\">Postanschrift<\/div>\n<div class=\"row-text\">Helmut-Schmidt-Universit\u00e4t<br \/>Sekretariat Susanne Kropf<br \/>Holstenhofweg 85<br \/>22008 Hamburg<\/div>\n<\/div>\n<\/div>\n<div class=\"clearfix\">\u00a0<\/div>\n<\/div>\n<h3>Doktoranden<\/h3>\n<p><strong>Doktoranden und Dissertationsvorhaben<\/strong><\/p>\n<p>Mattern, Christian, R. W.<br \/>The Hindu Kush-Mission and the Flow of Information &#8211; The Media Strategies of the Four Major Contributors.<\/p>\n<p>Nietz, Sonja, M.A.<br \/>Sicherheitsmanagement in Westafrika. Nigeria und die Politik der Inneren Sicherheit.<\/p>\n<p>Shin, Ui-sop, <abbr title=\"Diplom\">Dipl.<\/abbr>-Pol.<br \/>Die Analyse der Wiedervereinigungsm\u00f6glichkeit auf der koreanischen Halbinsel: Vor dem Hintergrund der Erfahrungen der deutschen Einheit.<\/p>\n<p>Sedzro, Paul, M.A.<br \/>ECOWAS als friedens- und sicherheitspolitischer Akteur: Der Einfluss der Innenpolitik Nigerias auf \u00a0die ECOWAS-Leistungsf\u00e4higkeit in der Bew\u00e4ltigung von Konflikten und Krisen in Westafrika. Eine Studie am Beispiel der Elfenbeink\u00fcste, Mali und Gambia (2002-2020).<a href=\"https:\/\/www.hsu-hh.de\/staackib\/forschungs-und-promotionsvorhaben-westafrika\" target=\"_blank\" rel=\"noopener\"> \u21d2<\/a><\/p>\n<p><strong>ehemalige Doktoranden und Dissertationsvorhaben<\/strong><\/p>\n<p>Krause, Dan, M.A.\/M.P.S.<br \/>S\u00fcdliche Demokratien und die Responsibility to Protect: Analyse der Positionen Indiens und S\u00fcdafrikas zur Schutzverantwortung.<\/p>\n<p>Bertges, Florian,\u00a0<abbr title=\"Diplom\">Dipl.<\/abbr>\u00a0Staatswiss.<br \/>Der fragmentierte europ\u00e4ische Verteidigungsmarkt &#8211; Sektorenanalyse und Perspektiven.<\/p>\n<p>Eitelhuber, Norbert,\u00a0<abbr title=\"Diplom\">Dipl.<\/abbr>-Kaufm., MAS International and European Security.<br \/>Der russische B\u00e4r im 21. Jahrhundert. Reif f\u00fcr eine multipolare Welt.<\/p>\n<p>Groten, David, B.A.\/LL.M.<br \/>How Sentiment Matters in International Relations: China and the South China Sea Dispute.<\/p>\n<p>Heidenkamp, Henrik, M.A.<br \/>Der Entwicklungsprozess der Bundeswehr zu Beginn des 21. Jahrhunderts. Wandel im Spannungsfeld globaler, nationaler und b\u00fcndnispolitischer Bestimmungsfaktoren.<\/p>\n<p>Kasten, Tanja<br \/>Ein Rezept f\u00fcr viele K\u00f6che? Die Harmonisierung der internationalen Entwicklungszusammenarbeit und ihre Konsequenzen f\u00fcr den friedenspolitischen Beitrag der EZ.<\/p>\n<p>Lang, Sibylle, M.A.<br \/>Europ\u00e4ische Sicherheits- und Verteidigungspolitik &#8211; Die Bestimmungsfaktoren und ihre Auswirkungen auf Gestalt und Handlungsf\u00e4higkeit der ESVP.<\/p>\n<p>M\u00fcller, Sebastian,<br \/>Dipl.sc.pol.Univ. Die Afrikanische Renaissance &#8211; Neuer Aufbruch unter der F\u00fchrung S\u00fcdafrikas?<\/p>\n<p>Pelz, Simon, Dipl.sc.pol.Univ.<br \/>Der Drachenkopf speit wieder Feuer &#8211; Deutsch-chinesische Wirtschaftsbeziehungen am Beispiel von Shanghai.<\/p>\n<p>Peters, Daniel, M.A.<br \/>Die Schutzverantwortung als kosmopolitisches Projekt zur Vermeidung massenhaften schweren Leids &#8211; Ein Darstellungsmodell f\u00fcr eine restriktive Anwendung milit\u00e4rischer Gewalt und ein umfassendes Pr\u00e4ventionsverst\u00e4ndnis im Rahmen der R2P.<\/p>\n<p>Reiber, Tatjana, M.A.<br \/>Demokratief\u00f6rderung als Mittel der Friedenskonsolidierung.<\/p>\n<p>Steinmetz, Thomas,\u00a0<abbr title=\"Diplom\">Dipl.<\/abbr>-Staatswiss.<br \/>Globaler Kleinkrieg: Untersuchung der Struktur substaatlicher Akteure sowie eine Analyse von Gegenma\u00dfnahmen staatlicher Akteure in den Regionen Afrika, Zentral- und S\u00fcdostasien.<\/p>\n<p>v. Alst, Niklas, M.A.<br \/>Geostrategische Kulturen und die Konstruktion des Cyberraums. Erfindung, Entwicklung und Rezeption eines globalen Raumes und die Rolle des maritimen Raumes als Erfahrungswelt in der deutschen und US-amerikanischen Sicherheitspolitik.<\/p>\n<p>Werner, Simon,\u00a0<abbr title=\"Diplom\">Dipl.<\/abbr>-Staatswiss.<br \/>Deutscher Unilateralismus im 21. Jahrhundert.<\/p>\n<h3>Research Fellow<\/h3>\n<p><strong><abbr title=\"Doktor\">Dr.<\/abbr> Dan Krause<\/strong>, Email: d.krause@helmut-schmidt.de<\/p>\n<p>Forschungsinteressen:<br \/>\u2022Responsibility to Protect;<br \/>\u2022S\u00fcdliche Demokratien\/IBSA;<br \/>\u2022Deutsche und Europ\u00e4ische Sicherheits- und Verteidigungspolitik;<br \/>\u2022Internationale Sicherheitspolitik;<br \/>\u2022Bundeswehr\/Streitkr\u00e4fte.<\/p>\n<p><strong><abbr title=\"Doktor\">Dr.<\/abbr> David Groten<\/strong>, Email: david.groten@gmail.com<\/p>\n<p>Forschungsinteressen:<br \/>\u2022 Chinesische Au\u00dfenpolitik;<br \/>\u2022 Konfliktforschung;<br \/>\u2022 V\u00f6lkerrecht;<br \/>\u2022 Au\u00dfenpolitik und Kooperation;<br \/>\u2022 Methoden politikwissenschaftlicher Forschung;<br \/>\u2022 Politische Psychologie;<br \/>\u2022 Respekt, Status und Emotionen in der Internationalen Politik.<\/p>\n<p><strong><abbr title=\"Doktor\">Dr.<\/abbr>\u00a0Monika Hellmeyer<\/strong>,\u00a0Telefon: 0152\/25454064,\u00a0E-Mail: Monika_Tocha@web.de<\/p>\n<p>Forschungsinteressen:<br \/>\u2022 EU Erweiterungs- und Nachbarschaftspolitik mit Schwerpunkt Mittel- und Osteuropa;<br \/>\u2022 Die Rolle der mittel- und osteurop\u00e4ischen EU-Mitgliedstaaten in der EU-Au\u00dfenpolitik;<br \/>\u2022 &#8222;Small states&#8220; in EU-Verhandlungen;<br \/>\u2022 Entwicklungshilfepolitik und<br \/>\u2022 Demokratief\u00f6rderung in Mittel- und Osteuropa.<\/p>\n<p><strong>Daniel Peters, M.A.<\/strong>, Telefon: 040\/67085916, E-Mail: peters@ithf.de<\/p>\n<p>Forschungsinteressen:<br \/>\u2022 Konfliktpr\u00e4vention;<br \/>\u2022 Responsibility to Protect;<br \/>\u2022 Friedensethik;<br \/>\u2022 Peacekeeping;<br \/>\u2022 Lateinamerika.<\/p>\n<p><strong>Vasyl Mykhailyshyn, M.A.<\/strong>, Telefon: 040\/6541-3678, E-Mail: mykhailv@hsu-hh.de<\/p>\n<p>Forschungsinteressen:<br \/>\u2022 Streitkr\u00e4fte in den post-Sowjetischen L\u00e4ndern;<br \/>\u2022 Au\u00dfen- und Sicherheitspolitik Russlands;<br \/>\u2022 Modernisierung russischer Streitkr\u00e4fte seit 2008;<br \/>\u2022 Au\u00dfen- und Sicherheitspolitik der Ukraine;<br \/>\u2022 Transformation der NATO;<br \/>\u2022 Konflikte in Kurdistan und Ostafrika;<br \/>\u2022 Biowaffen.<\/p>\n<\/div>\n<\/div>\n\n\n\n<p><\/p>\n","protected":false},"excerpt":{"rendered":"<p>Emeritus Prof. Dr. Michael Staack Emeritus Prof. Dr. Michael Staack Raum: \u00a0 Telefon: \u00a0 Fax: \u00a0 Email: michael.staack@hsu-hh.de Sprechstunde: \u00a0 Besucheranschrift Helmut-Schmidt-Universit\u00e4t Geb\u00e4ude H1 Holstenhofweg 85 22043 Hamburg Postanschrift Helmut-Schmidt-Universit\u00e4t [&hellip;]<\/p>\n","protected":false},"author":89,"featured_media":965,"parent":0,"menu_order":0,"comment_status":"closed","ping_status":"closed","template":"","meta":{"footnotes":""},"categories":[8],"tags":[],"class_list":["post-136","page","type-page","status-publish","has-post-thumbnail","hentry","category-team"],"_links":{"self":[{"href":"https:\/\/www.hsu-hh.de\/staackib\/wp-json\/wp\/v2\/pages\/136","targetHints":{"allow":["GET"]}}],"collection":[{"href":"https:\/\/www.hsu-hh.de\/staackib\/wp-json\/wp\/v2\/pages"}],"about":[{"href":"https:\/\/www.hsu-hh.de\/staackib\/wp-json\/wp\/v2\/types\/page"}],"author":[{"embeddable":true,"href":"https:\/\/www.hsu-hh.de\/staackib\/wp-json\/wp\/v2\/users\/89"}],"replies":[{"embeddable":true,"href":"https:\/\/www.hsu-hh.de\/staackib\/wp-json\/wp\/v2\/comments?post=136"}],"version-history":[{"count":275,"href":"https:\/\/www.hsu-hh.de\/staackib\/wp-json\/wp\/v2\/pages\/136\/revisions"}],"predecessor-version":[{"id":3500,"href":"https:\/\/www.hsu-hh.de\/staackib\/wp-json\/wp\/v2\/pages\/136\/revisions\/3500"}],"wp:featuredmedia":[{"embeddable":true,"href":"https:\/\/www.hsu-hh.de\/staackib\/wp-json\/wp\/v2\/media\/965"}],"wp:attachment":[{"href":"https:\/\/www.hsu-hh.de\/staackib\/wp-json\/wp\/v2\/media?parent=136"}],"wp:term":[{"taxonomy":"category","embeddable":true,"href":"https:\/\/www.hsu-hh.de\/staackib\/wp-json\/wp\/v2\/categories?post=136"},{"taxonomy":"post_tag","embeddable":true,"href":"https:\/\/www.hsu-hh.de\/staackib\/wp-json\/wp\/v2\/tags?post=136"}],"curies":[{"name":"wp","href":"https:\/\/api.w.org\/{rel}","templated":true}]}}