{"id":3432,"date":"2025-02-14T10:09:38","date_gmt":"2025-02-14T09:09:38","guid":{"rendered":"https:\/\/www.hsu-hh.de\/sprachen\/?page_id=3432"},"modified":"2026-04-15T11:46:38","modified_gmt":"2026-04-15T09:46:38","slug":"creative-writing","status":"publish","type":"page","link":"https:\/\/www.hsu-hh.de\/sprachen\/creative-writing","title":{"rendered":"Creative Writing"},"content":{"rendered":"\n<div class=\"wp-block-media-text is-stacked-on-mobile\"><figure class=\"wp-block-media-text__media\"><img loading=\"lazy\" decoding=\"async\" width=\"868\" height=\"708\" src=\"https:\/\/www.hsu-hh.de\/sprachen\/wp-content\/uploads\/sites\/737\/2023\/08\/Feder.png\" data-credit=\"Schulte\" alt=\"\" class=\"wp-image-2802 size-full\" srcset=\"https:\/\/www.hsu-hh.de\/sprachen\/wp-content\/uploads\/sites\/737\/2023\/08\/Feder.png 868w, https:\/\/www.hsu-hh.de\/sprachen\/wp-content\/uploads\/sites\/737\/2023\/08\/Feder-300x245.png 300w, https:\/\/www.hsu-hh.de\/sprachen\/wp-content\/uploads\/sites\/737\/2023\/08\/Feder-768x626.png 768w\" sizes=\"auto, (max-width: 868px) 100vw, 868px\" \/><\/figure><div class=\"wp-block-media-text__content\">\n<p>Seit 2023 veranstaltet das Sprachenzentrum jedes Jahr einen Creative Writing Wettbewerb. Alle kreativen K\u00f6pfe an der <abbr title=\"Helmut Schmidt Universit\u00e4t\">HSU<\/abbr> sind ganzj\u00e4hrig dazu aufgerufen, ihre Textbeitr\u00e4ge einzureichen. Diese werden dann in jedem Jahr von unserer internationalen Jury gesichtet und bewertet. Alle Einreichungen werden in unserem j\u00e4hrlich erscheinenden Band &#8222;Word Force&#8220; ver\u00f6ffentlicht. Bei Fragen wenden Sie sich gerne jederzeit an <a href=\"mailto:schultes@hsu.hamburg\" rel='nofollow'>Frau Schulte<\/a>.<\/p>\n<\/div><\/div>\n\n\n\n<p><\/p>\n\n\n\n<div class=\"wp-block-columns is-layout-flex wp-container-core-columns-is-layout-9d6595d7 wp-block-columns-is-layout-flex\"><\/div>\n\n\n\n<p>Hier k\u00f6nnen Sie die Beitr\u00e4ge der letzten Jahre einsehen:<\/p>\n\n\n\n<p><a href=\"https:\/\/www.hsu-hh.de\/sprachen\/wp-content\/uploads\/sites\/737\/2024\/04\/WordForce.pdf\">Word Force 2023<\/a><\/p>\n\n\n\n<p><a href=\"https:\/\/www.hsu-hh.de\/sprachen\/wp-content\/uploads\/sites\/737\/2025\/04\/Word_Force2Final.pdf\">Word Force 2024<\/a><\/p>\n\n\n\n<p><a href=\"https:\/\/www.hsu-hh.de\/sprachen\/wp-content\/uploads\/sites\/737\/2026\/04\/WordForce-III-mit-Bildern.pdf\">Word Force 2025<\/a><\/p>\n\n\n\n<figure class=\"wp-block-image size-large\"><img loading=\"lazy\" decoding=\"async\" width=\"1024\" height=\"791\" src=\"https:\/\/www.hsu-hh.de\/sprachen\/wp-content\/uploads\/sites\/737\/2026\/02\/Webseite1-1024x791.jpg\" data-credit=\"Schulte\" alt=\"\" class=\"wp-image-3554\" srcset=\"https:\/\/www.hsu-hh.de\/sprachen\/wp-content\/uploads\/sites\/737\/2026\/02\/Webseite1-1024x791.jpg 1024w, https:\/\/www.hsu-hh.de\/sprachen\/wp-content\/uploads\/sites\/737\/2026\/02\/Webseite1-300x232.jpg 300w, https:\/\/www.hsu-hh.de\/sprachen\/wp-content\/uploads\/sites\/737\/2026\/02\/Webseite1-768x593.jpg 768w, https:\/\/www.hsu-hh.de\/sprachen\/wp-content\/uploads\/sites\/737\/2026\/02\/Webseite1-1536x1187.jpg 1536w, https:\/\/www.hsu-hh.de\/sprachen\/wp-content\/uploads\/sites\/737\/2026\/02\/Webseite1-2048x1583.jpg 2048w, https:\/\/www.hsu-hh.de\/sprachen\/wp-content\/uploads\/sites\/737\/2026\/02\/Webseite1-1100x850.jpg 1100w\" sizes=\"auto, (max-width: 1024px) 100vw, 1024px\" \/><\/figure>\n\n\n\n<figure class=\"wp-block-image size-large\"><img loading=\"lazy\" decoding=\"async\" width=\"724\" height=\"1024\" src=\"https:\/\/www.hsu-hh.de\/sprachen\/wp-content\/uploads\/sites\/737\/2026\/02\/Plakat-4.-Creative-Writing-724x1024.jpg\" data-credit=\"\" alt=\"\" class=\"wp-image-3555\" srcset=\"https:\/\/www.hsu-hh.de\/sprachen\/wp-content\/uploads\/sites\/737\/2026\/02\/Plakat-4.-Creative-Writing-724x1024.jpg 724w, https:\/\/www.hsu-hh.de\/sprachen\/wp-content\/uploads\/sites\/737\/2026\/02\/Plakat-4.-Creative-Writing-212x300.jpg 212w, https:\/\/www.hsu-hh.de\/sprachen\/wp-content\/uploads\/sites\/737\/2026\/02\/Plakat-4.-Creative-Writing-768x1086.jpg 768w, https:\/\/www.hsu-hh.de\/sprachen\/wp-content\/uploads\/sites\/737\/2026\/02\/Plakat-4.-Creative-Writing-1086x1536.jpg 1086w, https:\/\/www.hsu-hh.de\/sprachen\/wp-content\/uploads\/sites\/737\/2026\/02\/Plakat-4.-Creative-Writing-1448x2048.jpg 1448w, https:\/\/www.hsu-hh.de\/sprachen\/wp-content\/uploads\/sites\/737\/2026\/02\/Plakat-4.-Creative-Writing-1100x1556.jpg 1100w, https:\/\/www.hsu-hh.de\/sprachen\/wp-content\/uploads\/sites\/737\/2026\/02\/Plakat-4.-Creative-Writing-scaled.jpg 1810w\" sizes=\"auto, (max-width: 724px) 100vw, 724px\" \/><\/figure>\n","protected":false},"excerpt":{"rendered":"<p>Seit 2023 veranstaltet das Sprachenzentrum jedes Jahr einen Creative Writing Wettbewerb. Alle kreativen K\u00f6pfe an der HSU sind ganzj\u00e4hrig dazu aufgerufen, ihre Textbeitr\u00e4ge einzureichen. Diese werden dann in jedem Jahr [&hellip;]<\/p>\n","protected":false},"author":3324,"featured_media":0,"parent":0,"menu_order":0,"comment_status":"closed","ping_status":"closed","template":"","meta":{"footnotes":""},"categories":[4],"tags":[],"class_list":["post-3432","page","type-page","status-publish","hentry","category-forschung"],"_links":{"self":[{"href":"https:\/\/www.hsu-hh.de\/sprachen\/wp-json\/wp\/v2\/pages\/3432","targetHints":{"allow":["GET"]}}],"collection":[{"href":"https:\/\/www.hsu-hh.de\/sprachen\/wp-json\/wp\/v2\/pages"}],"about":[{"href":"https:\/\/www.hsu-hh.de\/sprachen\/wp-json\/wp\/v2\/types\/page"}],"author":[{"embeddable":true,"href":"https:\/\/www.hsu-hh.de\/sprachen\/wp-json\/wp\/v2\/users\/3324"}],"replies":[{"embeddable":true,"href":"https:\/\/www.hsu-hh.de\/sprachen\/wp-json\/wp\/v2\/comments?post=3432"}],"version-history":[{"count":7,"href":"https:\/\/www.hsu-hh.de\/sprachen\/wp-json\/wp\/v2\/pages\/3432\/revisions"}],"predecessor-version":[{"id":3559,"href":"https:\/\/www.hsu-hh.de\/sprachen\/wp-json\/wp\/v2\/pages\/3432\/revisions\/3559"}],"wp:attachment":[{"href":"https:\/\/www.hsu-hh.de\/sprachen\/wp-json\/wp\/v2\/media?parent=3432"}],"wp:term":[{"taxonomy":"category","embeddable":true,"href":"https:\/\/www.hsu-hh.de\/sprachen\/wp-json\/wp\/v2\/categories?post=3432"},{"taxonomy":"post_tag","embeddable":true,"href":"https:\/\/www.hsu-hh.de\/sprachen\/wp-json\/wp\/v2\/tags?post=3432"}],"curies":[{"name":"wp","href":"https:\/\/api.w.org\/{rel}","templated":true}]}}