{"id":124,"date":"2017-09-12T09:32:48","date_gmt":"2017-09-12T07:32:48","guid":{"rendered":"https:\/\/www.hsu-hh.de\/sprachen\/?page_id=124"},"modified":"2025-09-09T10:36:05","modified_gmt":"2025-09-09T08:36:05","slug":"ueber-uns","status":"publish","type":"page","link":"https:\/\/www.hsu-hh.de\/sprachen\/ueber-uns","title":{"rendered":"\u00dcber uns"},"content":{"rendered":"\n<p class=\"has-large-font-size\"><\/p>\n\n\n\n<div class=\"wp-block-media-text alignwide has-media-on-the-right is-stacked-on-mobile is-image-fill-element\" style=\"grid-template-columns:auto 37%\"><div class=\"wp-block-media-text__content\">\n<p>Als zentrale Einrichtung<\/p>\n\n\n\n<ul class=\"wp-block-list\">\n<li>f\u00fchrt das Sprachenzentrum Modulkurse zum Erwerb von ECTS f\u00fcr Studierende in den Sprachen Englisch, Franz\u00f6sisch, Spanisch und Russisch durch.<\/li>\n\n\n\n<li>bietet es Englischkurse f\u00fcr Besch\u00e4ftigte der <abbr title=\"Helmut Schmidt Universit\u00e4t\">HSU<\/abbr> an.<\/li>\n\n\n\n<li>nimmt es Sprachpr\u00fcfungen nach dem NATO-Standard STANAG 6001 ab.<\/li>\n\n\n\n<li>bereitet es Studierende auf Auslandsaufenthalte an Partneruniversit\u00e4ten vor.<\/li>\n\n\n\n<li>f\u00fchrt es Spezialkurse in den Sprachen Franz\u00f6sisch, Russisch, Altgriechisch und Latein durch.<\/li>\n\n\n\n<li>bietet es Deutschkurse f\u00fcr internationale Studierende und Mitarbeitende an.<\/li>\n\n\n\n<li>bietet es Informationen zum Kundenportal der Auftragsverwaltung im Sprachendienst (AVS). Auf diesem Portal werden Dolmetsch- und \u00dcbersetzungsw\u00fcnsche mit Dokumenten hochgeladen und nach Fertigstellung zum Download bereitgestellt. Bitte beachten Sie, dass der Zugang nur mit einer Bundeswehr-Kennung m\u00f6glich ist.<\/li>\n<\/ul>\n\n\n\n<p><\/p>\n\n\n\n<p><\/p>\n<\/div><figure class=\"wp-block-media-text__media\"><img loading=\"lazy\" decoding=\"async\" width=\"1024\" height=\"683\" src=\"https:\/\/www.hsu-hh.de\/sprachen\/wp-content\/uploads\/sites\/737\/2022\/12\/H1-M1-1-1024x683.jpg\" data-credit=\"HSU\" alt=\"H1\" class=\"wp-image-2376 size-full\" style=\"object-position:50% 50%\" srcset=\"https:\/\/www.hsu-hh.de\/sprachen\/wp-content\/uploads\/sites\/737\/2022\/12\/H1-M1-1-1024x683.jpg 1024w, https:\/\/www.hsu-hh.de\/sprachen\/wp-content\/uploads\/sites\/737\/2022\/12\/H1-M1-1-300x200.jpg 300w, https:\/\/www.hsu-hh.de\/sprachen\/wp-content\/uploads\/sites\/737\/2022\/12\/H1-M1-1-768x512.jpg 768w, https:\/\/www.hsu-hh.de\/sprachen\/wp-content\/uploads\/sites\/737\/2022\/12\/H1-M1-1-1536x1024.jpg 1536w, https:\/\/www.hsu-hh.de\/sprachen\/wp-content\/uploads\/sites\/737\/2022\/12\/H1-M1-1-2048x1365.jpg 2048w, https:\/\/www.hsu-hh.de\/sprachen\/wp-content\/uploads\/sites\/737\/2022\/12\/H1-M1-1-1100x733.jpg 1100w\" sizes=\"auto, (max-width: 1024px) 100vw, 1024px\" \/><\/figure><\/div>\n\n\n\n<div style=\"height:62px\" aria-hidden=\"true\" class=\"wp-block-spacer\"><\/div>\n\n\n\n<p>Unsere Kurse richten sich ausschlie\u00dflich an Studierende und Besch\u00e4ftigte der Helmut-Schmidt-Universit\u00e4t\/Universit\u00e4t der Bundeswehr Hamburg.<\/p>\n\n\n\n<p>Unsere 7 fest angestellten Lehrkr\u00e4fte und etwa 20 Unterrichtsbeauftragten stammen aus 10 verschiedenen L\u00e4ndern. Wir sind erfahrene Lehrkr\u00e4fte mit langj\u00e4hriger Praxis in der Vermittlung von Fremdsprachen. Unsere Sprachen unterrichten wir \u00fcberwiegend im Pr\u00e4senzformat, das sinnvoll durch digitale Ressourcen und hybride Angebote erg\u00e4nzt wird.<\/p>\n\n\n\n<div class=\"wp-block-columns is-layout-flex wp-container-core-columns-is-layout-9d6595d7 wp-block-columns-is-layout-flex\">\n<div class=\"wp-block-column is-layout-flow wp-block-column-is-layout-flow\">\n<p><strong>Besucheranschrift:<\/strong><br>Helmut-Schmidt-Universit\u00e4t<br>Geb\u00e4ude H1<br>Holstenhofweg 85<br>22043 Hamburg<\/p>\n<\/div>\n\n\n\n<div class=\"wp-block-column is-layout-flow wp-block-column-is-layout-flow\">\n<p><strong>Postanschrift<\/strong><br>Helmut-Schmidt-Universit\u00e4t<br>Sprachenzentrum<br>Postfach 70 08 22<br>22008 Hamburg<\/p>\n<\/div>\n<\/div>\n\n\n\n<p class=\"has-large-font-size\"><\/p>\n\n\n\n<div class=\"wp-block-media-text is-stacked-on-mobile\" style=\"grid-template-columns:15% auto\"><figure class=\"wp-block-media-text__media\"><img loading=\"lazy\" decoding=\"async\" width=\"630\" height=\"629\" src=\"https:\/\/www.hsu-hh.de\/sprachen\/wp-content\/uploads\/sites\/737\/2024\/09\/Melli-rund.jpg\" data-credit=\"\" alt=\"\" class=\"wp-image-3266 size-full\" srcset=\"https:\/\/www.hsu-hh.de\/sprachen\/wp-content\/uploads\/sites\/737\/2024\/09\/Melli-rund.jpg 630w, https:\/\/www.hsu-hh.de\/sprachen\/wp-content\/uploads\/sites\/737\/2024\/09\/Melli-rund-300x300.jpg 300w, https:\/\/www.hsu-hh.de\/sprachen\/wp-content\/uploads\/sites\/737\/2024\/09\/Melli-rund-150x150.jpg 150w, https:\/\/www.hsu-hh.de\/sprachen\/wp-content\/uploads\/sites\/737\/2024\/09\/Melli-rund-100x100.jpg 100w\" sizes=\"auto, (max-width: 630px) 100vw, 630px\" \/><\/figure><div class=\"wp-block-media-text__content\">\n<p class=\"has-medium-font-size\"><strong>Melanie Henning: Gesch\u00e4ftszimmer<\/strong><br>Raum: 1155<br>Tel.: +49406541-3659<br>E-Mail: <a href=\"mailto:melanie.henning@hsu.hamburg\" rel='nofollow'>melanie.henning@hsu.hamburg<\/a><\/p>\n<\/div><\/div>\n\n\n\n<div class=\"wp-block-media-text is-stacked-on-mobile\" style=\"grid-template-columns:15% auto\"><figure class=\"wp-block-media-text__media\"><img loading=\"lazy\" decoding=\"async\" width=\"944\" height=\"945\" src=\"https:\/\/www.hsu-hh.de\/sprachen\/wp-content\/uploads\/sites\/737\/2024\/09\/Marina-rund.jpg\" data-credit=\"HSU\" alt=\"\" class=\"wp-image-3244 size-full\" srcset=\"https:\/\/www.hsu-hh.de\/sprachen\/wp-content\/uploads\/sites\/737\/2024\/09\/Marina-rund.jpg 944w, https:\/\/www.hsu-hh.de\/sprachen\/wp-content\/uploads\/sites\/737\/2024\/09\/Marina-rund-300x300.jpg 300w, https:\/\/www.hsu-hh.de\/sprachen\/wp-content\/uploads\/sites\/737\/2024\/09\/Marina-rund-150x150.jpg 150w, https:\/\/www.hsu-hh.de\/sprachen\/wp-content\/uploads\/sites\/737\/2024\/09\/Marina-rund-768x769.jpg 768w, https:\/\/www.hsu-hh.de\/sprachen\/wp-content\/uploads\/sites\/737\/2024\/09\/Marina-rund-100x100.jpg 100w\" sizes=\"auto, (max-width: 944px) 100vw, 944px\" \/><\/figure><div class=\"wp-block-media-text__content\">\n<p class=\"has-medium-font-size\"><strong>Marina Schulz: Leitung<\/strong><br>Raum: 1121<br>E-Mail: <a href=\"mailto:schulzma@hsu.hamburg\" rel='nofollow'>schulzma@hsu.hamburg<\/a><\/p>\n<\/div><\/div>\n\n\n\n<div class=\"wp-block-media-text is-stacked-on-mobile\" style=\"grid-template-columns:15% auto\"><figure class=\"wp-block-media-text__media\"><img loading=\"lazy\" decoding=\"async\" width=\"630\" height=\"631\" src=\"https:\/\/www.hsu-hh.de\/sprachen\/wp-content\/uploads\/sites\/737\/2024\/09\/Maribel-rund.jpg\" data-credit=\"Novo\" alt=\"\" class=\"wp-image-3270 size-full\" srcset=\"https:\/\/www.hsu-hh.de\/sprachen\/wp-content\/uploads\/sites\/737\/2024\/09\/Maribel-rund.jpg 630w, https:\/\/www.hsu-hh.de\/sprachen\/wp-content\/uploads\/sites\/737\/2024\/09\/Maribel-rund-300x300.jpg 300w, https:\/\/www.hsu-hh.de\/sprachen\/wp-content\/uploads\/sites\/737\/2024\/09\/Maribel-rund-150x150.jpg 150w, https:\/\/www.hsu-hh.de\/sprachen\/wp-content\/uploads\/sites\/737\/2024\/09\/Maribel-rund-100x100.jpg 100w\" sizes=\"auto, (max-width: 630px) 100vw, 630px\" \/><\/figure><div class=\"wp-block-media-text__content\">\n<p class=\"has-medium-font-size\"><strong><abbr title=\"Doktor\">Dr.<\/abbr> Maribel Novo: Stellvertretende Leitung<\/strong><br>Raum: 1124<br>Tel.: +49406541-3464<br>E-Mail: <a href=\"mailto:novo@hsu.hamburg\" rel='nofollow'>novo@hsu.hamburg<\/a><\/p>\n<\/div><\/div>\n\n\n\n\n\n\n\n<hr class=\"wp-block-separator has-css-opacity\" \/>\n\n\n\n<div style=\"height:46px\" aria-hidden=\"true\" class=\"wp-block-spacer\"><\/div>\n\n\n\n<p class=\"has-large-font-size\"><strong>Unsere Sprachlehrenden<\/strong><\/p>\n\n\n\n<div style=\"height:49px\" aria-hidden=\"true\" class=\"wp-block-spacer\"><\/div>\n\n\n\n<div class=\"wp-block-media-text is-stacked-on-mobile\" style=\"grid-template-columns:15% auto\"><figure class=\"wp-block-media-text__media\"><img loading=\"lazy\" decoding=\"async\" width=\"676\" height=\"675\" src=\"https:\/\/www.hsu-hh.de\/sprachen\/wp-content\/uploads\/sites\/737\/2024\/09\/Solene-rund.jpg\" data-credit=\"\" alt=\"\" class=\"wp-image-3240 size-full-image\" srcset=\"https:\/\/www.hsu-hh.de\/sprachen\/wp-content\/uploads\/sites\/737\/2024\/09\/Solene-rund.jpg 676w, https:\/\/www.hsu-hh.de\/sprachen\/wp-content\/uploads\/sites\/737\/2024\/09\/Solene-rund-300x300.jpg 300w, https:\/\/www.hsu-hh.de\/sprachen\/wp-content\/uploads\/sites\/737\/2024\/09\/Solene-rund-150x150.jpg 150w, https:\/\/www.hsu-hh.de\/sprachen\/wp-content\/uploads\/sites\/737\/2024\/09\/Solene-rund-100x100.jpg 100w\" sizes=\"auto, (max-width: 676px) 100vw, 676px\" \/><\/figure><div class=\"wp-block-media-text__content\">\n<p class=\"has-medium-font-size\"><strong>Sol\u00e8ne David<\/strong>: <strong>Fachleitung Franz\u00f6sisch, Deutsch f\u00fcr Mitarbeitende, Koordination Tandem Programm <\/strong><br>Raum: 1122<br>Tel.: +49406541-3163<br>E-Mail: <a href=\"mailto:davids@hsu.hamburg\" rel='nofollow'>davids@hsu.hamburg<\/a><\/p>\n<\/div><\/div>\n\n\n\n<div class=\"wp-block-media-text is-stacked-on-mobile\" style=\"grid-template-columns:15% auto\"><figure class=\"wp-block-media-text__media\"><img loading=\"lazy\" decoding=\"async\" width=\"408\" height=\"408\" src=\"https:\/\/www.hsu-hh.de\/sprachen\/wp-content\/uploads\/sites\/737\/2024\/09\/Dummy-rund.png\" data-credit=\"HSU\" alt=\"\" class=\"wp-image-3235 size-full\" srcset=\"https:\/\/www.hsu-hh.de\/sprachen\/wp-content\/uploads\/sites\/737\/2024\/09\/Dummy-rund.png 408w, https:\/\/www.hsu-hh.de\/sprachen\/wp-content\/uploads\/sites\/737\/2024\/09\/Dummy-rund-300x300.png 300w, https:\/\/www.hsu-hh.de\/sprachen\/wp-content\/uploads\/sites\/737\/2024\/09\/Dummy-rund-150x150.png 150w, https:\/\/www.hsu-hh.de\/sprachen\/wp-content\/uploads\/sites\/737\/2024\/09\/Dummy-rund-100x100.png 100w\" sizes=\"auto, (max-width: 408px) 100vw, 408px\" \/><\/figure><div class=\"wp-block-media-text__content\">\n<p class=\"has-medium-font-size\"><strong>Dagmara Dowbor: General English Topics, Academic Writing<\/strong><br>Raum: 1125<br>Tel.: +49406541-2493<br>E-mail: <a href=\"mailto:dowbord@hsu.hamburg\" rel='nofollow'>dowbord@hsu.hamburg<\/a><\/p>\n<\/div><\/div>\n\n\n\n<div class=\"wp-block-media-text is-stacked-on-mobile\" style=\"grid-template-columns:15% auto\"><figure class=\"wp-block-media-text__media\"><img loading=\"lazy\" decoding=\"async\" width=\"408\" height=\"408\" src=\"https:\/\/www.hsu-hh.de\/sprachen\/wp-content\/uploads\/sites\/737\/2024\/09\/Dummy-rund.png\" data-credit=\"HSU\" alt=\"\" class=\"wp-image-3235 size-full\" srcset=\"https:\/\/www.hsu-hh.de\/sprachen\/wp-content\/uploads\/sites\/737\/2024\/09\/Dummy-rund.png 408w, https:\/\/www.hsu-hh.de\/sprachen\/wp-content\/uploads\/sites\/737\/2024\/09\/Dummy-rund-300x300.png 300w, https:\/\/www.hsu-hh.de\/sprachen\/wp-content\/uploads\/sites\/737\/2024\/09\/Dummy-rund-150x150.png 150w, https:\/\/www.hsu-hh.de\/sprachen\/wp-content\/uploads\/sites\/737\/2024\/09\/Dummy-rund-100x100.png 100w\" sizes=\"auto, (max-width: 408px) 100vw, 408px\" \/><\/figure><div class=\"wp-block-media-text__content\">\n<p class=\"has-medium-font-size\"><strong>David Duke: Politics and Society, War in Words<\/strong><br>Raum: 1122<br>Tel.: +49406541-3716<br>E-Mail: <a href=\"mailto:duke@hsu.hamburg\" rel='nofollow'>duke@hsu.hamburg<\/a><\/p>\n<\/div><\/div>\n\n\n\n<div class=\"wp-block-media-text is-stacked-on-mobile\" style=\"grid-template-columns:15% auto\"><figure class=\"wp-block-media-text__media\"><img loading=\"lazy\" decoding=\"async\" width=\"508\" height=\"507\" src=\"https:\/\/www.hsu-hh.de\/sprachen\/wp-content\/uploads\/sites\/737\/2024\/09\/Sven-rund.jpg\" data-credit=\"\" alt=\"\" class=\"wp-image-3242 size-slider-image\" srcset=\"https:\/\/www.hsu-hh.de\/sprachen\/wp-content\/uploads\/sites\/737\/2024\/09\/Sven-rund.jpg 508w, https:\/\/www.hsu-hh.de\/sprachen\/wp-content\/uploads\/sites\/737\/2024\/09\/Sven-rund-300x300.jpg 300w, https:\/\/www.hsu-hh.de\/sprachen\/wp-content\/uploads\/sites\/737\/2024\/09\/Sven-rund-150x150.jpg 150w, https:\/\/www.hsu-hh.de\/sprachen\/wp-content\/uploads\/sites\/737\/2024\/09\/Sven-rund-100x100.jpg 100w\" sizes=\"auto, (max-width: 508px) 100vw, 508px\" \/><\/figure><div class=\"wp-block-media-text__content\">\n<p class=\"has-medium-font-size\"><strong>Sven Hansen: Fachleitung Deutsch als Fremdsprache, Schwedisch<\/strong><br>Raum: 1123<br>Tel.: +49406541-3548<br>E-Mail: <a href=\"mailto:hansens@hsu.hamburg\" rel='nofollow'>hansens@hsu.hamburg<\/a><\/p>\n<\/div><\/div>\n\n\n\n<div class=\"wp-block-media-text is-stacked-on-mobile\" style=\"grid-template-columns:15% auto\"><figure class=\"wp-block-media-text__media\"><img loading=\"lazy\" decoding=\"async\" width=\"465\" height=\"465\" src=\"https:\/\/www.hsu-hh.de\/sprachen\/wp-content\/uploads\/sites\/737\/2024\/09\/Petra-rund.jpg\" data-credit=\"Harder\" alt=\"\" class=\"wp-image-3287 size-full\" srcset=\"https:\/\/www.hsu-hh.de\/sprachen\/wp-content\/uploads\/sites\/737\/2024\/09\/Petra-rund.jpg 465w, https:\/\/www.hsu-hh.de\/sprachen\/wp-content\/uploads\/sites\/737\/2024\/09\/Petra-rund-300x300.jpg 300w, https:\/\/www.hsu-hh.de\/sprachen\/wp-content\/uploads\/sites\/737\/2024\/09\/Petra-rund-150x150.jpg 150w, https:\/\/www.hsu-hh.de\/sprachen\/wp-content\/uploads\/sites\/737\/2024\/09\/Petra-rund-100x100.jpg 100w\" sizes=\"auto, (max-width: 465px) 100vw, 465px\" \/><\/figure><div class=\"wp-block-media-text__content\">\n<p class=\"has-medium-font-size\"><strong>Petra Harder: Technical English, Engineering Matters Online<\/strong>, <strong>SLP Refresher<\/strong><br>Raum: 1123<br>Tel.: +49406541- 2298<br>E-Mail: <a href=\"mailto:petra.harder@hsu.hamburg\" rel='nofollow'>petra.harder@hsu.hamburg<\/a><\/p>\n<\/div><\/div>\n\n\n\n<div class=\"wp-block-media-text is-stacked-on-mobile\" style=\"grid-template-columns:15% auto\"><figure class=\"wp-block-media-text__media\"><img loading=\"lazy\" decoding=\"async\" width=\"408\" height=\"408\" src=\"https:\/\/www.hsu-hh.de\/sprachen\/wp-content\/uploads\/sites\/737\/2024\/09\/Dummy-rund.png\" data-credit=\"HSU\" alt=\"\" class=\"wp-image-3235 size-full\" srcset=\"https:\/\/www.hsu-hh.de\/sprachen\/wp-content\/uploads\/sites\/737\/2024\/09\/Dummy-rund.png 408w, https:\/\/www.hsu-hh.de\/sprachen\/wp-content\/uploads\/sites\/737\/2024\/09\/Dummy-rund-300x300.png 300w, https:\/\/www.hsu-hh.de\/sprachen\/wp-content\/uploads\/sites\/737\/2024\/09\/Dummy-rund-150x150.png 150w, https:\/\/www.hsu-hh.de\/sprachen\/wp-content\/uploads\/sites\/737\/2024\/09\/Dummy-rund-100x100.png 100w\" sizes=\"auto, (max-width: 408px) 100vw, 408px\" \/><\/figure><div class=\"wp-block-media-text__content\">\n<p class=\"has-medium-font-size\"><strong>Jeffrey&nbsp;Wayne&nbsp;Jarvis&nbsp;II: Military English<\/strong><br>Raum: 1125<br>Tel.: +49406541- 3536<br>E-Mail: <a href=\"mailto:jeffrey.jarvis@hsu.hamburg\" rel='nofollow'>jeffrey.jarvis@hsu.hamburg<\/a><\/p>\n<\/div><\/div>\n\n\n\n<div class=\"wp-block-media-text is-stacked-on-mobile\" style=\"grid-template-columns:15% auto\"><figure class=\"wp-block-media-text__media\"><img loading=\"lazy\" decoding=\"async\" width=\"630\" height=\"631\" src=\"https:\/\/www.hsu-hh.de\/sprachen\/wp-content\/uploads\/sites\/737\/2024\/09\/Maribel-rund.jpg\" data-credit=\"Novo\" alt=\"\" class=\"wp-image-3270 size-full\" srcset=\"https:\/\/www.hsu-hh.de\/sprachen\/wp-content\/uploads\/sites\/737\/2024\/09\/Maribel-rund.jpg 630w, https:\/\/www.hsu-hh.de\/sprachen\/wp-content\/uploads\/sites\/737\/2024\/09\/Maribel-rund-300x300.jpg 300w, https:\/\/www.hsu-hh.de\/sprachen\/wp-content\/uploads\/sites\/737\/2024\/09\/Maribel-rund-150x150.jpg 150w, https:\/\/www.hsu-hh.de\/sprachen\/wp-content\/uploads\/sites\/737\/2024\/09\/Maribel-rund-100x100.jpg 100w\" sizes=\"auto, (max-width: 630px) 100vw, 630px\" \/><\/figure><div class=\"wp-block-media-text__content\">\n<p class=\"has-medium-font-size\"><strong><abbr title=\"Doktor\">Dr.<\/abbr> Maribel Novo: Fachleitung Spanisch, English for Law Students<\/strong>, <strong>CMS<\/strong><br>Raum: 1124<br>Tel.: +49406541-3464<br>E-Mail: <a href=\"mailto:novo@hsu.hamburg\" rel='nofollow'>novo@hsu.hamburg<\/a><\/p>\n<\/div><\/div>\n\n\n\n<div class=\"wp-block-media-text\" style=\"grid-template-columns:15% auto\"><figure class=\"wp-block-media-text__media\"><img loading=\"lazy\" decoding=\"async\" width=\"408\" height=\"408\" src=\"https:\/\/www.hsu-hh.de\/sprachen\/wp-content\/uploads\/sites\/737\/2024\/09\/Dummy-rund.png\" data-credit=\"HSU\" alt=\"\" class=\"wp-image-3235 size-full\" srcset=\"https:\/\/www.hsu-hh.de\/sprachen\/wp-content\/uploads\/sites\/737\/2024\/09\/Dummy-rund.png 408w, https:\/\/www.hsu-hh.de\/sprachen\/wp-content\/uploads\/sites\/737\/2024\/09\/Dummy-rund-300x300.png 300w, https:\/\/www.hsu-hh.de\/sprachen\/wp-content\/uploads\/sites\/737\/2024\/09\/Dummy-rund-150x150.png 150w, https:\/\/www.hsu-hh.de\/sprachen\/wp-content\/uploads\/sites\/737\/2024\/09\/Dummy-rund-100x100.png 100w\" sizes=\"auto, (max-width: 408px) 100vw, 408px\" \/><\/figure><div class=\"wp-block-media-text__content\">\n<p class=\"has-medium-font-size\"><strong>Sylke Schulte: English for Education, Business English, Englisch f\u00fcr Mitarbeitende, Koordination Creative Writing<\/strong><br>Raum: 1124<br>Tel.: +49406541-3534<br>E-Mail: <a href=\"mailto:schultes@hsu.hamburg\" rel='nofollow'>schultes@hsu.hamburg<\/a><\/p>\n<\/div><\/div>\n\n\n\n<div class=\"wp-block-media-text is-stacked-on-mobile\" style=\"grid-template-columns:15% auto\"><figure class=\"wp-block-media-text__media\"><img loading=\"lazy\" decoding=\"async\" width=\"944\" height=\"945\" src=\"https:\/\/www.hsu-hh.de\/sprachen\/wp-content\/uploads\/sites\/737\/2024\/09\/Marina-rund.jpg\" data-credit=\"HSU\" alt=\"\" class=\"wp-image-3244 size-full\" srcset=\"https:\/\/www.hsu-hh.de\/sprachen\/wp-content\/uploads\/sites\/737\/2024\/09\/Marina-rund.jpg 944w, https:\/\/www.hsu-hh.de\/sprachen\/wp-content\/uploads\/sites\/737\/2024\/09\/Marina-rund-300x300.jpg 300w, https:\/\/www.hsu-hh.de\/sprachen\/wp-content\/uploads\/sites\/737\/2024\/09\/Marina-rund-150x150.jpg 150w, https:\/\/www.hsu-hh.de\/sprachen\/wp-content\/uploads\/sites\/737\/2024\/09\/Marina-rund-768x769.jpg 768w, https:\/\/www.hsu-hh.de\/sprachen\/wp-content\/uploads\/sites\/737\/2024\/09\/Marina-rund-100x100.jpg 100w\" sizes=\"auto, (max-width: 944px) 100vw, 944px\" \/><\/figure><div class=\"wp-block-media-text__content\">\n<p class=\"has-medium-font-size\"><strong>Marina Schulz: Fachleitung Russisch, Military English<\/strong><br>Raum: 1121<br>E-Mail: <a href=\"mailto:schulzma@hsu.hamburg\" rel='nofollow'>schulzma@hsu.hamburg<\/a><\/p>\n<\/div><\/div>\n\n\n\n\n\n<hr class=\"wp-block-separator has-css-opacity\" \/>\n\n\n\n<p class=\"has-large-font-size\"><strong>Unsere Unterrichtsbeauftragten<\/strong><\/p>\n\n\n\n<div class=\"wp-block-media-text is-stacked-on-mobile\" style=\"grid-template-columns:15% auto\"><figure class=\"wp-block-media-text__media\"><img loading=\"lazy\" decoding=\"async\" width=\"604\" height=\"604\" src=\"https:\/\/www.hsu-hh.de\/sprachen\/wp-content\/uploads\/sites\/737\/2024\/09\/Buechner-rund.jpg\" data-credit=\"B\u00fcchner\" alt=\"\" class=\"wp-image-3285 size-full\" srcset=\"https:\/\/www.hsu-hh.de\/sprachen\/wp-content\/uploads\/sites\/737\/2024\/09\/Buechner-rund.jpg 604w, https:\/\/www.hsu-hh.de\/sprachen\/wp-content\/uploads\/sites\/737\/2024\/09\/Buechner-rund-300x300.jpg 300w, https:\/\/www.hsu-hh.de\/sprachen\/wp-content\/uploads\/sites\/737\/2024\/09\/Buechner-rund-150x150.jpg 150w, https:\/\/www.hsu-hh.de\/sprachen\/wp-content\/uploads\/sites\/737\/2024\/09\/Buechner-rund-100x100.jpg 100w\" sizes=\"auto, (max-width: 604px) 100vw, 604px\" \/><\/figure><div class=\"wp-block-media-text__content\">\n<p class=\"has-medium-font-size\"><strong>Eleonora B\u00fcchner<\/strong>: <strong>Russisch<\/strong><br>E-Mail: <a href=\"mailto:buechnee@hsu.hamburg\" rel='nofollow'>buechnee@hsu.hamburg<\/a><\/p>\n<\/div><\/div>\n\n\n\n<div class=\"wp-block-media-text is-stacked-on-mobile\" style=\"grid-template-columns:15% auto\"><figure class=\"wp-block-media-text__media\"><img loading=\"lazy\" decoding=\"async\" width=\"408\" height=\"408\" src=\"https:\/\/www.hsu-hh.de\/sprachen\/wp-content\/uploads\/sites\/737\/2024\/09\/Dummy-rund-1.png\" data-credit=\"\" alt=\"\" class=\"wp-image-3237 size-full\" srcset=\"https:\/\/www.hsu-hh.de\/sprachen\/wp-content\/uploads\/sites\/737\/2024\/09\/Dummy-rund-1.png 408w, https:\/\/www.hsu-hh.de\/sprachen\/wp-content\/uploads\/sites\/737\/2024\/09\/Dummy-rund-1-300x300.png 300w, https:\/\/www.hsu-hh.de\/sprachen\/wp-content\/uploads\/sites\/737\/2024\/09\/Dummy-rund-1-150x150.png 150w, https:\/\/www.hsu-hh.de\/sprachen\/wp-content\/uploads\/sites\/737\/2024\/09\/Dummy-rund-1-100x100.png 100w\" sizes=\"auto, (max-width: 408px) 100vw, 408px\" \/><\/figure><div class=\"wp-block-media-text__content\">\n<p class=\"has-medium-font-size\"><strong>Peter Cant-Salkowsky<\/strong>: <strong>Future War<\/strong>, <strong>War in Words<\/strong><br>E-Mail: <a href=\"mailto:pcs@hsu.hamburg\" rel='nofollow'>pcs@hsu.hamburg<\/a><\/p>\n<\/div><\/div>\n\n\n\n<div class=\"wp-block-media-text is-stacked-on-mobile\" style=\"grid-template-columns:15% auto\"><figure class=\"wp-block-media-text__media\"><img loading=\"lazy\" decoding=\"async\" width=\"408\" height=\"408\" src=\"https:\/\/www.hsu-hh.de\/sprachen\/wp-content\/uploads\/sites\/737\/2024\/09\/Dummy-rund.png\" data-credit=\"HSU\" alt=\"\" class=\"wp-image-3235 size-full\" srcset=\"https:\/\/www.hsu-hh.de\/sprachen\/wp-content\/uploads\/sites\/737\/2024\/09\/Dummy-rund.png 408w, https:\/\/www.hsu-hh.de\/sprachen\/wp-content\/uploads\/sites\/737\/2024\/09\/Dummy-rund-300x300.png 300w, https:\/\/www.hsu-hh.de\/sprachen\/wp-content\/uploads\/sites\/737\/2024\/09\/Dummy-rund-150x150.png 150w, https:\/\/www.hsu-hh.de\/sprachen\/wp-content\/uploads\/sites\/737\/2024\/09\/Dummy-rund-100x100.png 100w\" sizes=\"auto, (max-width: 408px) 100vw, 408px\" \/><\/figure><div class=\"wp-block-media-text__content\">\n<p class=\"has-medium-font-size\"><strong>Valerie Doyle: Business English<\/strong><br>E-mail: <a href=\"mailto:doylev@hsu.hamburg\" rel='nofollow'>doylev@hsu.hamburg<\/a><\/p>\n<\/div><\/div>\n\n\n\n<div class=\"wp-block-media-text is-stacked-on-mobile\" style=\"grid-template-columns:15% auto\"><figure class=\"wp-block-media-text__media\"><img loading=\"lazy\" decoding=\"async\" width=\"408\" height=\"408\" src=\"https:\/\/www.hsu-hh.de\/sprachen\/wp-content\/uploads\/sites\/737\/2024\/09\/Dummy-rund-1.png\" data-credit=\"\" alt=\"\" class=\"wp-image-3237 size-full\" srcset=\"https:\/\/www.hsu-hh.de\/sprachen\/wp-content\/uploads\/sites\/737\/2024\/09\/Dummy-rund-1.png 408w, https:\/\/www.hsu-hh.de\/sprachen\/wp-content\/uploads\/sites\/737\/2024\/09\/Dummy-rund-1-300x300.png 300w, https:\/\/www.hsu-hh.de\/sprachen\/wp-content\/uploads\/sites\/737\/2024\/09\/Dummy-rund-1-150x150.png 150w, https:\/\/www.hsu-hh.de\/sprachen\/wp-content\/uploads\/sites\/737\/2024\/09\/Dummy-rund-1-100x100.png 100w\" sizes=\"auto, (max-width: 408px) 100vw, 408px\" \/><\/figure><div class=\"wp-block-media-text__content\">\n<p class=\"has-medium-font-size\"><strong>Martin Knopp: Franz\u00f6sisch<\/strong><br>E-Mail: <a href=\"mailto:knoppm@hsu.hamburg\" rel='nofollow'>knoppm@hsu.hamburg<\/a><\/p>\n<\/div><\/div>\n\n\n\n<div class=\"wp-block-media-text is-stacked-on-mobile\" style=\"grid-template-columns:15% auto\"><figure class=\"wp-block-media-text__media\"><img loading=\"lazy\" decoding=\"async\" width=\"408\" height=\"408\" src=\"https:\/\/www.hsu-hh.de\/sprachen\/wp-content\/uploads\/sites\/737\/2024\/09\/Dummy-rund-1.png\" data-credit=\"\" alt=\"\" class=\"wp-image-3237 size-full\" srcset=\"https:\/\/www.hsu-hh.de\/sprachen\/wp-content\/uploads\/sites\/737\/2024\/09\/Dummy-rund-1.png 408w, https:\/\/www.hsu-hh.de\/sprachen\/wp-content\/uploads\/sites\/737\/2024\/09\/Dummy-rund-1-300x300.png 300w, https:\/\/www.hsu-hh.de\/sprachen\/wp-content\/uploads\/sites\/737\/2024\/09\/Dummy-rund-1-150x150.png 150w, https:\/\/www.hsu-hh.de\/sprachen\/wp-content\/uploads\/sites\/737\/2024\/09\/Dummy-rund-1-100x100.png 100w\" sizes=\"auto, (max-width: 408px) 100vw, 408px\" \/><\/figure><div class=\"wp-block-media-text__content\">\n<p class=\"has-medium-font-size\"><strong>Serge Morel: Franz\u00f6sisch&nbsp;<\/strong><br>E-Mail: <a href=\"mailto:morel@hsu.hamburg\" rel='nofollow'>morel@hsu.hamburg<\/a><\/p>\n<\/div><\/div>\n","protected":false},"excerpt":{"rendered":"<p>Unsere Kurse richten sich ausschlie\u00dflich an Studierende und Besch\u00e4ftigte der Helmut-Schmidt-Universit\u00e4t\/Universit\u00e4t der Bundeswehr Hamburg. Unsere 7 fest angestellten Lehrkr\u00e4fte und etwa 20 Unterrichtsbeauftragten stammen aus 10 verschiedenen L\u00e4ndern. Wir sind [&hellip;]<\/p>\n","protected":false},"author":61,"featured_media":0,"parent":0,"menu_order":0,"comment_status":"closed","ping_status":"closed","template":"","meta":{"footnotes":""},"categories":[4],"tags":[],"class_list":["post-124","page","type-page","status-publish","hentry","category-forschung"],"_links":{"self":[{"href":"https:\/\/www.hsu-hh.de\/sprachen\/wp-json\/wp\/v2\/pages\/124","targetHints":{"allow":["GET"]}}],"collection":[{"href":"https:\/\/www.hsu-hh.de\/sprachen\/wp-json\/wp\/v2\/pages"}],"about":[{"href":"https:\/\/www.hsu-hh.de\/sprachen\/wp-json\/wp\/v2\/types\/page"}],"author":[{"embeddable":true,"href":"https:\/\/www.hsu-hh.de\/sprachen\/wp-json\/wp\/v2\/users\/61"}],"replies":[{"embeddable":true,"href":"https:\/\/www.hsu-hh.de\/sprachen\/wp-json\/wp\/v2\/comments?post=124"}],"version-history":[{"count":206,"href":"https:\/\/www.hsu-hh.de\/sprachen\/wp-json\/wp\/v2\/pages\/124\/revisions"}],"predecessor-version":[{"id":3523,"href":"https:\/\/www.hsu-hh.de\/sprachen\/wp-json\/wp\/v2\/pages\/124\/revisions\/3523"}],"wp:attachment":[{"href":"https:\/\/www.hsu-hh.de\/sprachen\/wp-json\/wp\/v2\/media?parent=124"}],"wp:term":[{"taxonomy":"category","embeddable":true,"href":"https:\/\/www.hsu-hh.de\/sprachen\/wp-json\/wp\/v2\/categories?post=124"},{"taxonomy":"post_tag","embeddable":true,"href":"https:\/\/www.hsu-hh.de\/sprachen\/wp-json\/wp\/v2\/tags?post=124"}],"curies":[{"name":"wp","href":"https:\/\/api.w.org\/{rel}","templated":true}]}}