{"id":108,"date":"2018-02-21T14:26:09","date_gmt":"2018-02-21T13:26:09","guid":{"rendered":"https:\/\/www.hsu-hh.de\/sportzentrum\/?page_id=108"},"modified":"2018-02-21T14:30:51","modified_gmt":"2018-02-21T13:30:51","slug":"allgemeiner-deutscher-hochschulsportverband","status":"publish","type":"page","link":"https:\/\/www.hsu-hh.de\/sportzentrum\/allgemeiner-deutscher-hochschulsportverband","title":{"rendered":"Allgemeiner Deutscher Hochschulsportverband"},"content":{"rendered":"<h2><span class=\"Stil1\"><img loading=\"lazy\" decoding=\"async\" class=\"wp-image-127 size-full alignnone\" src=\"https:\/\/www.hsu-hh.de\/sportzentrum\/wp-content\/uploads\/sites\/707\/2018\/02\/adh_logo_mitglied_4C_blau-e1519219373460.gif\" alt=\"Logo Allgemeine Deutsche Hochschulsportverband\" width=\"635\" height=\"380\" \/><\/span><\/h2>\n<h2><span class=\"Stil1\">Interessenvertretung<\/span><\/h2>\n<p><span class=\"Stil1\">Der ADH ist der Dachverband der Sportreferate und Hochschulsporteinrichtungen von rund 140 Hochschulen in Deutschland, an denen ca. 1,8 Millionen Studierende eingeschrieben sind. Er vertritt damit die sportpolitischen Interessen von \u00fcber zwei Millionen Menschen, die am Hochschulsport teilnehmen k\u00f6nnen. Zur F\u00f6rderung und Verbesserung des Hochschulsports kooperiert der ADH mit dem Bund, nationalen und internationalen Hochschul- und Sportverb\u00e4nden, Studentenwerken, Landesregierungen, politischen Parteien und Krankenkassen. Partnerschaftliche Kooperationen bestehen mit der Deutschen Angestelltenkrankenkasse (DAK) und der Versicherung \u201cDie Continentale\u201d.<br \/>\nDie HSU\/UniBw H ist Mitglied im ADH.<\/span><\/p>\n<h2 class=\"Stil1\"><strong>Studentische Mitbestimmung<\/strong><\/h2>\n<p class=\"Stil1\">In den Gremien des Verbandes nehmen Studierende und hauptamtliche Kr\u00e4fte gleichberechtigt die Interessen ihrer Hochschulen wahr. Diese parit\u00e4tische Mitbestimmung findet sich auch in der Besetzung des ADH-Vorstandes wieder.<\/p>\n<h2 class=\"Stil1\"><strong>Wettkampfsport<\/strong><\/h2>\n<p class=\"Stil1\">Der ADH veranstaltet in mehr als 30 Sportarten nationale Meisterschaften der Hochschulen. Die besondere Wettkampfkonzeption des ADH und seiner Mitgliedshochschulen vereint Aspekte des Leistungssports mit spezieller studentischer Kommunikationskultur. Ein stimmungsvolles Rahmenprogramm mit Fete tr\u00e4gt zur positiven Atmosph\u00e4re einer Hochschulmeisterschaft bei.<\/p>\n<h2 class=\"Stil1\"><strong>Alternativprogramm<\/strong><\/h2>\n<p class=\"Stil1\">Aber der ADH hat noch mehr zu bieten. Wer sich \u00fcber alternative Sportkultur, Integrationssport, Umwelt, Sportpolitik, Frauenthemen, Gesundheitsbeitr\u00e4ge und Praxistipps im Hochschulsport informieren will, kann das \u00fcber das \u201cHochschulsport\u201d- Magazin tun. Es erscheint zweimal pro Semester und kostet als Jahresabo Euro 7,50. Auch die B\u00fccher der ADH-Schriftenreihe mit Themen wie \u201cK\u00f6rpererfahrung im Sport\u201d oder \u201cSport im Urlaub\u201d bieten ungewohnte Einblicke.<\/p>\n<hr \/>\n<p><strong>Weitere Infos:<\/strong><\/p>\n<p>Allgemeiner Deutscher Hochschulsportverband e.V.<br \/>\nMax-Planck-Str. 2<br \/>\n64807 Dieburg<br \/>\nGermany<br \/>\nTel.:\u00a0+49 6071 208610<br \/>\nFax:\u00a0+49 6071 207578<\/p>\n<p><a href=\"http:\/\/www.adh.de\" rel='nofollow'>www.adh.de<\/a><\/p>\n","protected":false},"excerpt":{"rendered":"<p>Interessenvertretung Der ADH ist der Dachverband der Sportreferate und Hochschulsporteinrichtungen von rund 140 Hochschulen in Deutschland, an denen ca. 1,8 Millionen Studierende eingeschrieben sind. Er vertritt damit die sportpolitischen Interessen [&hellip;]<\/p>\n","protected":false},"author":18,"featured_media":0,"parent":0,"menu_order":0,"comment_status":"closed","ping_status":"closed","template":"","meta":{"footnotes":""},"categories":[],"tags":[],"class_list":["post-108","page","type-page","status-publish","hentry"],"_links":{"self":[{"href":"https:\/\/www.hsu-hh.de\/sportzentrum\/wp-json\/wp\/v2\/pages\/108","targetHints":{"allow":["GET"]}}],"collection":[{"href":"https:\/\/www.hsu-hh.de\/sportzentrum\/wp-json\/wp\/v2\/pages"}],"about":[{"href":"https:\/\/www.hsu-hh.de\/sportzentrum\/wp-json\/wp\/v2\/types\/page"}],"author":[{"embeddable":true,"href":"https:\/\/www.hsu-hh.de\/sportzentrum\/wp-json\/wp\/v2\/users\/18"}],"replies":[{"embeddable":true,"href":"https:\/\/www.hsu-hh.de\/sportzentrum\/wp-json\/wp\/v2\/comments?post=108"}],"version-history":[{"count":5,"href":"https:\/\/www.hsu-hh.de\/sportzentrum\/wp-json\/wp\/v2\/pages\/108\/revisions"}],"predecessor-version":[{"id":131,"href":"https:\/\/www.hsu-hh.de\/sportzentrum\/wp-json\/wp\/v2\/pages\/108\/revisions\/131"}],"wp:attachment":[{"href":"https:\/\/www.hsu-hh.de\/sportzentrum\/wp-json\/wp\/v2\/media?parent=108"}],"wp:term":[{"taxonomy":"category","embeddable":true,"href":"https:\/\/www.hsu-hh.de\/sportzentrum\/wp-json\/wp\/v2\/categories?post=108"},{"taxonomy":"post_tag","embeddable":true,"href":"https:\/\/www.hsu-hh.de\/sportzentrum\/wp-json\/wp\/v2\/tags?post=108"}],"curies":[{"name":"wp","href":"https:\/\/api.w.org\/{rel}","templated":true}]}}