{"id":192,"date":"2020-11-16T17:04:37","date_gmt":"2020-11-16T16:04:37","guid":{"rendered":"https:\/\/www.hsu-hh.de\/sozpsy\/?page_id=192"},"modified":"2025-05-23T17:09:12","modified_gmt":"2025-05-23T15:09:12","slug":"medienbeitraege","status":"publish","type":"page","link":"https:\/\/www.hsu-hh.de\/sozpsy\/medienbeitraege\/","title":{"rendered":"Medienbeitr\u00e4ge"},"content":{"rendered":"\n<h2 class=\"wp-block-heading\" id=\"parent-fieldname-title\">Unsere Professur in den Medien<\/h2>\n\n\n\n<p>Hier finden Sie Medienbeitr\u00e4ge unserer Professur.<\/p>\n\n\n\n<h5 class=\"wp-block-heading\"><strong>Vortr\u00e4ge, Radio- und Fernsehbeitr\u00e4ge<\/strong><\/h5>\n\n\n\n<ul class=\"wp-block-list\">\n<li>Klimecki, O. (Gastgeberin). (2024, November 20). <em>Mitgef\u00fchl und Empathie \u2013 Wie wir mental gesund bleiben<\/em> [Video-Podcast-Episode]. In <em>Die Zeit Gesundheit<\/em>. Die Zeit. <a href=\"http:\/\/-\thttps:\/\/www.zeit.de\/gesundheit\/2024-11\/mitgefuehl-empathie-olga-klimecki-mentale-gesundheit-video-podcast\" data-type=\"link\" data-id=\"-\thttps:\/\/www.zeit.de\/gesundheit\/2024-11\/mitgefuehl-empathie-olga-klimecki-mentale-gesundheit-video-podcast\" rel='nofollow'>https:\/\/www.zeit.de\/gesundheit\/2024-11\/mitgefuehl-empathie-olga-klimecki-mentale-gesundheit-video-podcast<\/a><\/li>\n\n\n\n<li>Klimecki, O. (Moderatorin). (o.\u202fJ.). <em>Interview mit Ken Cloke zur Konfliktl\u00f6sung<\/em> [Live-Stream]. In <em>Insight Timer Live<\/em>. Insight Timer. <a href=\"https:\/\/insighttimer.com\/olgaklimecki\/guided-meditations\/conflict-resolution-an-interview-with-ken-cloke\" data-type=\"link\" data-id=\"https:\/\/insighttimer.com\/olgaklimecki\/guided-meditations\/conflict-resolution-an-interview-with-ken-cloke\" rel='nofollow'>https:\/\/insighttimer.com\/olgaklimecki\/guided-meditations\/conflict-resolution-an-interview-with-ken-cloke<\/a><\/li>\n<\/ul>\n\n\n\n<h5 class=\"wp-block-heading\">&nbsp;<strong>Online-Medien<\/strong><\/h5>\n\n\n\n<h5 class=\"wp-block-heading\"><strong>Printmedien<\/strong><\/h5>\n\n\n\n<h5 class=\"wp-block-heading\"><strong>Agenturmeldungen<\/strong><\/h5>\n\n\n\n<p><\/p>\n","protected":false},"excerpt":{"rendered":"<p>Unsere Professur in den Medien Hier finden Sie Medienbeitr\u00e4ge unserer Professur. Vortr\u00e4ge, Radio- und Fernsehbeitr\u00e4ge &nbsp;Online-Medien Printmedien Agenturmeldungen<\/p>\n","protected":false},"author":2779,"featured_media":0,"parent":0,"menu_order":0,"comment_status":"closed","ping_status":"closed","template":"","meta":{"footnotes":""},"categories":[4,35],"tags":[],"class_list":["post-192","page","type-page","status-publish","hentry","category-forschung","category-startseite"],"_links":{"self":[{"href":"https:\/\/www.hsu-hh.de\/sozpsy\/wp-json\/wp\/v2\/pages\/192","targetHints":{"allow":["GET"]}}],"collection":[{"href":"https:\/\/www.hsu-hh.de\/sozpsy\/wp-json\/wp\/v2\/pages"}],"about":[{"href":"https:\/\/www.hsu-hh.de\/sozpsy\/wp-json\/wp\/v2\/types\/page"}],"author":[{"embeddable":true,"href":"https:\/\/www.hsu-hh.de\/sozpsy\/wp-json\/wp\/v2\/users\/2779"}],"replies":[{"embeddable":true,"href":"https:\/\/www.hsu-hh.de\/sozpsy\/wp-json\/wp\/v2\/comments?post=192"}],"version-history":[{"count":64,"href":"https:\/\/www.hsu-hh.de\/sozpsy\/wp-json\/wp\/v2\/pages\/192\/revisions"}],"predecessor-version":[{"id":2238,"href":"https:\/\/www.hsu-hh.de\/sozpsy\/wp-json\/wp\/v2\/pages\/192\/revisions\/2238"}],"wp:attachment":[{"href":"https:\/\/www.hsu-hh.de\/sozpsy\/wp-json\/wp\/v2\/media?parent=192"}],"wp:term":[{"taxonomy":"category","embeddable":true,"href":"https:\/\/www.hsu-hh.de\/sozpsy\/wp-json\/wp\/v2\/categories?post=192"},{"taxonomy":"post_tag","embeddable":true,"href":"https:\/\/www.hsu-hh.de\/sozpsy\/wp-json\/wp\/v2\/tags?post=192"}],"curies":[{"name":"wp","href":"https:\/\/api.w.org\/{rel}","templated":true}]}}