{"id":186,"date":"2020-11-16T16:49:08","date_gmt":"2020-11-16T15:49:08","guid":{"rendered":"https:\/\/www.hsu-hh.de\/sozpsy\/?page_id=186"},"modified":"2025-05-23T18:10:37","modified_gmt":"2025-05-23T16:10:37","slug":"need-for-uniqueness-das-beduerfnis-einzigartig-zu-sein","status":"publish","type":"page","link":"https:\/\/www.hsu-hh.de\/sozpsy\/forschung\/need-for-uniqueness-das-beduerfnis-einzigartig-zu-sein\/","title":{"rendered":"Need for Uniqueness: Das Bed\u00fcrfnis, einzigartig zu sein"},"content":{"rendered":"\n<figure class=\"wp-block-image size-large\"><img loading=\"lazy\" decoding=\"async\" width=\"993\" height=\"251\" src=\"https:\/\/www.hsu-hh.de\/sozpsy\/wp-content\/uploads\/sites\/850\/2020\/12\/needforuniqueness.jpeg\" data-credit=\"hsu\" alt=\"Need for Uniqueness\" class=\"wp-image-364\" srcset=\"https:\/\/www.hsu-hh.de\/sozpsy\/wp-content\/uploads\/sites\/850\/2020\/12\/needforuniqueness.jpeg 993w, https:\/\/www.hsu-hh.de\/sozpsy\/wp-content\/uploads\/sites\/850\/2020\/12\/needforuniqueness-300x76.jpeg 300w, https:\/\/www.hsu-hh.de\/sozpsy\/wp-content\/uploads\/sites\/850\/2020\/12\/needforuniqueness-768x194.jpeg 768w\" sizes=\"auto, (max-width: 993px) 100vw, 993px\" \/><\/figure>\n\n\n\n<h5 class=\"wp-block-heading\">Was ist das&nbsp;<a href=\"https:\/\/www.youtube.com\/watch?v=ioS0DqLkWB8\" target=\"_blank\" rel=\"noreferrer noopener\">Bed\u00fcrfnis nach Einzigartigkeit?<\/a><\/h5>\n\n\n\n<p>T\u00e4towierungen, ein ma\u00dfgeschneiderter Anzug oder eine abweichende Meinung \u2013 all diese und viele weitere Merkmale k\u00f6nnen Ausdruck des Bed\u00fcrfnisses nach Einzigartigkeit sein (Need for Uniqueness, NfU; Snyder &amp; Fromkin, 1977). Dahinter steht der Wunsch, sich von Anderen zu unterscheiden, sich von der \u201egrauen Masse\u201c abzuheben und in irgendeiner Form besonders zu sein. Das Bed\u00fcrfnis, einzigartig zu sein, ist interindividuell unterschiedlich ausgepr\u00e4gt und kann sich in verschiedenen Verhaltensweisen niederschlagen. Personen mit einem hohen Bed\u00fcrfnis nach Einzigartigkeit vertreten offen ihre Meinung und zeigen die Bereitschaft, gegen gesellschaftliche Regeln und Konventionen zu versto\u00dfen (Snyder &amp; Fromkin, 1977; Imhoff &amp; Erb, 2009). Sie sind eher bereit, Risiken einzugehen, sind eher extravertiert, kreativ&nbsp;und offen f\u00fcr neue Erfahrungen.&nbsp;Eine gro\u00dfe Rolle spielt das Motiv auch im Konsumverhalten des Menschen (Lynn &amp; Snyder, 2002). So kann sich das Bed\u00fcrfnis nach Einzigartigkeit beispielsweise darin \u00e4u\u00dfern, dass Konsumenten seltene, originelle oder individuell gefertigte Produkte bevorzugen, besondere L\u00e4den aufsuchen oder erh\u00f6hte Innovationsbereitschaft zeigen (Lynn &amp; Harris, 1997).<\/p>\n\n\n\n<p>Gerade im angloamerikanischen Raum werden Konsum- und andere Verhaltensweisen durch das Bed\u00fcrfnis nach Einzigartigkeit erkl\u00e4rt. Um die Bedeutung dieses Motivs auch im deutschsprachigen Bereich untersuchen zu k\u00f6nnen, mangelte es bis vor Kurzem an einem deutschen Fragebogen. In unserem Forschungsprojekt haben wir ein solches Erhebungsinstrument in Anlehnung an vorhandene englischsprachige Frageb\u00f6gen (Lynn &amp; Harris, 1997; Snyder &amp; Fromkin, 1977) entwickelt. Mit Hilfe experimenteller Studien haben wir diesen Fragebogen validiert und weiterentwickelt, um das Bed\u00fcrfnis nach Einzigartigkeit zuverl\u00e4ssig und g\u00fcltig erfassen zu k\u00f6nnen (Schumpe, Herzberg &amp; Erb, 2016).<\/p>\n\n\n\n<h3 class=\"wp-block-heading\">Wie hoch ist&nbsp;Ihr&nbsp;Bed\u00fcrfnis, einzigartig zu sein?<br>\u2013 Testen Sie es&nbsp;<a href=\"https:\/\/ilias.hsu-hh.de\/goto.php?target=tst_213724&amp;client_id=unibw\" target=\"_blank\" rel=\"noreferrer noopener nofollow\">hier!<\/a> (Ilias Login notwendig<strong>)<\/strong><\/h3>\n\n\n\n<p>&gt;&gt;<a href=\"https:\/\/ilias.hsu-hh.de\/goto.php?target=tst_213724&amp;client_id=unibw\" rel='nofollow'>NfU-Test<\/a>&lt;&lt;<\/p>\n\n\n\n<h5 class=\"wp-block-heading\">&nbsp;Publikationen<\/h5>\n\n\n\n<ul class=\"wp-block-list\">\n<li>Imhoff, R. &amp; Erb, H.-P. (2009). What motivates nonconformity? Uniqueness seeking blocks majority influence. <em>Personality and Social Psychology Bulletin, 35,<\/em> 309-320.<\/li>\n\n\n\n<li>Schumpe, B. M., &amp; Erb, H.-P. (2015). Humans and uniqueness. <em>Science Progress<\/em>, <em>98<\/em>, 1-11.<\/li>\n\n\n\n<li>Schumpe, B. M., Herzberg, P. Y, &amp; Erb, H.-P. (2016). Assessing the need for uniqueness: Development and validation of a German scale. <em>Personality and Individual Differences,<\/em> <em>90<\/em>, 231\u2013237.<\/li>\n\n\n\n<li>Tilner, A., &amp; Erb, H.-P. (2024). Beyond vanilla: Sexual fantasies and the need for uniqueness.&nbsp;<em>Personality and Individual Differences,&nbsp;216,<\/em> Article 112400. <a href=\"https:\/\/doi.org\/10.1016\/j.paid.2023.112400\" rel='nofollow'>https:\/\/doi.org\/10.1016\/j.paid.2023.112400<\/a><\/li>\n<\/ul>\n\n\n\n<p><\/p>\n\n\n\n<p><strong>Weitere relevante Literatur<\/strong><\/p>\n\n\n\n<ul class=\"wp-block-list\">\n<li>Lynn, M. &amp; Harris, J. (1997). Individual differences in the pursuit of self-uniqueness through consumption.&nbsp;<em>Journal of Applied Social Psychology, 27,<\/em>&nbsp;1861-1883.<\/li>\n\n\n\n<li>Lynn, M. &amp; Snyder, C. R. (2002). Uniqueness seeking. In C. R. Snyder &amp; S. J. Lopez (Eds.),&nbsp;<em>Handbook of positive psychology<\/em>&nbsp;(pp. 395-419). New York: Oxford University Press.<\/li>\n\n\n\n<li>Snyder, C. R., &amp; Fromkin, H. L. (1980). <em>Uniqueness: The human pursuit of difference<\/em>. New York: Plenum Press.<\/li>\n\n\n\n<li>Snyder, C. R. &amp; Fromkin, H. L. (1977). Abnormality as a positive characteristic: The development and validation of a scale measuring need for uniqueness.&nbsp;<em>Journal of Abnormal Psychology, 86,<\/em>&nbsp;518-527.<\/li>\n<\/ul>\n\n\n\n<p><\/p>\n","protected":false},"excerpt":{"rendered":"<p>Was ist das&nbsp;Bed\u00fcrfnis nach Einzigartigkeit? T\u00e4towierungen, ein ma\u00dfgeschneiderter Anzug oder eine abweichende Meinung \u2013 all diese und viele weitere Merkmale k\u00f6nnen Ausdruck des Bed\u00fcrfnisses nach Einzigartigkeit sein (Need for Uniqueness, [&hellip;]<\/p>\n","protected":false},"author":2779,"featured_media":0,"parent":112,"menu_order":0,"comment_status":"closed","ping_status":"closed","template":"","meta":{"footnotes":""},"categories":[4],"tags":[],"class_list":["post-186","page","type-page","status-publish","hentry","category-forschung"],"_links":{"self":[{"href":"https:\/\/www.hsu-hh.de\/sozpsy\/wp-json\/wp\/v2\/pages\/186","targetHints":{"allow":["GET"]}}],"collection":[{"href":"https:\/\/www.hsu-hh.de\/sozpsy\/wp-json\/wp\/v2\/pages"}],"about":[{"href":"https:\/\/www.hsu-hh.de\/sozpsy\/wp-json\/wp\/v2\/types\/page"}],"author":[{"embeddable":true,"href":"https:\/\/www.hsu-hh.de\/sozpsy\/wp-json\/wp\/v2\/users\/2779"}],"replies":[{"embeddable":true,"href":"https:\/\/www.hsu-hh.de\/sozpsy\/wp-json\/wp\/v2\/comments?post=186"}],"version-history":[{"count":20,"href":"https:\/\/www.hsu-hh.de\/sozpsy\/wp-json\/wp\/v2\/pages\/186\/revisions"}],"predecessor-version":[{"id":2269,"href":"https:\/\/www.hsu-hh.de\/sozpsy\/wp-json\/wp\/v2\/pages\/186\/revisions\/2269"}],"up":[{"embeddable":true,"href":"https:\/\/www.hsu-hh.de\/sozpsy\/wp-json\/wp\/v2\/pages\/112"}],"wp:attachment":[{"href":"https:\/\/www.hsu-hh.de\/sozpsy\/wp-json\/wp\/v2\/media?parent=186"}],"wp:term":[{"taxonomy":"category","embeddable":true,"href":"https:\/\/www.hsu-hh.de\/sozpsy\/wp-json\/wp\/v2\/categories?post=186"},{"taxonomy":"post_tag","embeddable":true,"href":"https:\/\/www.hsu-hh.de\/sozpsy\/wp-json\/wp\/v2\/tags?post=186"}],"curies":[{"name":"wp","href":"https:\/\/api.w.org\/{rel}","templated":true}]}}