{"id":172,"date":"2020-11-16T16:44:24","date_gmt":"2020-11-16T15:44:24","guid":{"rendered":"https:\/\/www.hsu-hh.de\/sozpsy\/?page_id=172"},"modified":"2025-01-28T21:09:29","modified_gmt":"2025-01-28T20:09:29","slug":"yvonne-emig-m-sc","status":"publish","type":"page","link":"https:\/\/www.hsu-hh.de\/sozpsy\/mitarbeiter\/yvonne-emig-m-sc\/","title":{"rendered":"Yvonne Emig, M.Sc."},"content":{"rendered":"\n<p><\/p>\n\n\n\n<div class=\"wp-block-media-text alignwide is-stacked-on-mobile background-grey\" style=\"grid-template-columns:15% auto\"><figure class=\"wp-block-media-text__media\"><img loading=\"lazy\" decoding=\"async\" width=\"112\" height=\"112\" src=\"https:\/\/www.hsu-hh.de\/sozpsy\/wp-content\/uploads\/sites\/850\/2020\/12\/yvonne-1.jpeg\" data-credit=\"\" alt=\"Yvonne Emig M.Sc.\" class=\"wp-image-354 size-full\" srcset=\"https:\/\/www.hsu-hh.de\/sozpsy\/wp-content\/uploads\/sites\/850\/2020\/12\/yvonne-1.jpeg 112w, https:\/\/www.hsu-hh.de\/sozpsy\/wp-content\/uploads\/sites\/850\/2020\/12\/yvonne-1-100x100.jpeg 100w\" sizes=\"auto, (max-width: 112px) 100vw, 112px\" \/><\/figure><div class=\"wp-block-media-text__content\">\n<p><strong>E-Mail-Adresse<\/strong>: <a href=\"mailto:EmigY@hsu-hh.de\" rel='nofollow'>EmigY@hsu-hh.de<\/a><\/p>\n\n\n\n<p><strong>Telefonnummer<\/strong>: <\/p>\n\n\n\n<p><strong>Besuchsadresse<\/strong>: <\/p>\n\n\n\n<p><strong>Raum\/ Geb\u00e4ude<\/strong>: <\/p>\n\n\n\n<p><strong>Sprechzeit<\/strong>: <\/p>\n<\/div><\/div>\n\n\n<p><strong>Forschungsinteressen<\/strong><\/p>\n<ul>\n<li>Einstellungen (implizit und explizit)<\/li>\n<li>Akzeptanz<\/li>\n<li>Bewertung von Gruppen<\/li>\n<li>Fleischkonsum<\/li>\n<li>Pro-Environmental Behaviour<\/li>\n<\/ul>\n\n\n<div style=\"height:41px\" aria-hidden=\"true\" class=\"wp-block-spacer\"><\/div>\n\n\n<p><strong>CV<\/strong><\/p>\n<ul>\n<li>Seit Sept 2018 Doktorandin\u00a0an der Professur f\u00fcr Sozialpsychologie Helmut-Schmidt-Universit\u00e4t Hamburg<\/li>\n<li>Sept 2018 bis Juli 2023 Wissenschaftliche Mitarbeiterin\u00a0an der Professur f\u00fcr Sozialpsychologie, Helmut-Schmidt-Universit\u00e4t Hamburg<\/li>\n<li>10\/2016 \u2013 09\/2018 Wissenschaftliche Mitarbeiterin am Institut f\u00fcr integrative Studien (Infis) der Leuphana Universit\u00e4t L\u00fcneburg<\/li>\n<li>08\/2014 &#8211; 06\/2016 Master of Science Psychologie mit Schwerpunkt Sozialpsychologie, Lund University in Schweden<\/li>\n<li>11\/2015 &#8211; 05\/2016 Mitarbeiterin bei JANUN (Jugend Umweltnetzwerk Niedersachsen)<\/li>\n<li>seit 07\/2014 Vortr\u00e4ge zum Thema Umweltpsychologie, Wissens-Verhaltens-L\u00fccke<\/li>\n<li>10\/2012 &#8211; 06\/2014 Bachelor of Science Wirtschaftpsychologie, Leuphana Universit\u00e4t L\u00fcneburg<\/li>\n<\/ul>\n\n\n<div style=\"height:48px\" aria-hidden=\"true\" class=\"wp-block-spacer\"><\/div>\n\n\n<p><strong>Publikationen<\/strong><\/p>\n<p>\u00a0<\/p>\n<ul>\n<li>\u00a0Emig, Y. &amp; Erb, H.-P. (2024). The minority extremity bias. European Journal of Social Psychology, 1\u201315.<\/li>\n<li>Emig, Y., Forst, I., Rudi, H., Howahl, S., &amp; Steinberg, C. (2024). Der Einfluss von Tanzunterricht auf das t\u00e4nzerische und allgemeine Selbstkonzept: Eine Vergleichsstudie in Schulklassen mit und ohne Tanzprofil. In M. Kempe (<abbr title=\"Herausgeber\">Hrsg.<\/abbr>), Programmheft: Tanz und Wirkung: 7. Tanzp\u00e4dagogische Forschungstage (S. 37). Sportwissenschaftliche Fakult\u00e4t der Universit\u00e4t Leipzig.<\/li>\n<li>Howahl, S., Limbrock, A., Bonitz, L., Emig, Y., Forst, I., Rudi, H., &amp; Steinberg, C. (2024). Zum Profil der Sch\u00fcler:innen an Schulen mit Tanzprofil als Einflussgr\u00f6\u00dfen auf die Selbstkonzeptentwicklung. In M. Kempe (<abbr title=\"Herausgeber\">Hrsg.<\/abbr>), Programmheft: Tanz und Wirkung: 7. Tanzp\u00e4dagogische Forschungstage (S. 35-36). Sportwissenschaftliche Fakult\u00e4t der Universit\u00e4t Leipzig.<\/li>\n<li>Emig, Y., &amp; Erb, H.-P. (2022). Small Groups \u2013 Extreme Evaluations. Extending the Minority Extremity Bias to Manipulations of Group Size [Submitted manuscript]. <br \/>Emig, Y., &amp; Erb, H.-P. (2022). The Extreme Vegetarian and the Moderate Meat-eater? Exploring Attitudes Toward Vegetarians and Meat-eaters [Unpublished manuscript]. Faculty of Humanities and Social Sciences, Helmut Schmidt University.<\/li>\n<li>Emig, Y., Friedrich, S., v. Weichs, V., &amp; Erb, H.-P. (2022). No More Poor Excuses! The Impact of Implementation Intentions on Pro-Environmental Behavior: A Cross-Domain Study [Unpublished manuscript]. Faculty of Humanities and Social Sciences, Helmut Schmidt University.<\/li>\n<li>Emig, Y. (2021). Ingroup Bias in the Context of Meat Consumption. Direct and indirect attitudes toward meat-eaters and vegetarians. Current Research in Social Psychology, 30, 1\u201311.<\/li>\n<li>Emig, Y. (2020). Pro-environmental behaviour. A view from the psychology of sustainability. In S. Lahiri (Ed.), Environmental Education (pp. 239\u2013261). Delhi Studera Press.<\/li>\n<li>Emig, Y. &amp; Kastner, I. (2020). Determinanten der projektbezogenen Akzeptanz von Windkraftanalagen in Deutschland: Ein Review. Umweltpsychologie, 24(1), 210\u2013231.<\/li>\n<li>Emig, Y., &amp; J\u00f8rgensen, \u00d8. (2017). Studying gay and straight males&#8216; implicit gender attitudes to understand previously found gender differences in implicit in-group bias. Current Research in Social Psychology, 25(08), 45\u201355. ISSN: 1088-7423<\/li>\n<li>Emig, Y. (2016). The interaction of men&#8217;s sexual orienation on implicit gender attitudes [Masterthesis]. Universit\u00e4t Lund.<\/li>\n<li>Emig, Y. (2014). Faktoren f\u00fcr die Akzeptanz von Onshore-Windkraftanlagen und die Bedeutung von Partizipation [Bachelorthesis]. Leuphana Universit\u00e4t.<\/li>\n<\/ul>\n<p>\u00a0<\/p>","protected":false},"excerpt":{"rendered":"<p>E-Mail-Adresse: EmigY@hsu-hh.de Telefonnummer: Besuchsadresse: Raum\/ Geb\u00e4ude: Sprechzeit: Forschungsinteressen Einstellungen (implizit und explizit) Akzeptanz Bewertung von Gruppen Fleischkonsum Pro-Environmental Behaviour CV Seit Sept 2018 Doktorandin\u00a0an der Professur f\u00fcr Sozialpsychologie Helmut-Schmidt-Universit\u00e4t Hamburg [&hellip;]<\/p>\n","protected":false},"author":2779,"featured_media":0,"parent":106,"menu_order":0,"comment_status":"closed","ping_status":"closed","template":"","meta":{"footnotes":""},"categories":[8],"tags":[],"class_list":["post-172","page","type-page","status-publish","hentry","category-team"],"_links":{"self":[{"href":"https:\/\/www.hsu-hh.de\/sozpsy\/wp-json\/wp\/v2\/pages\/172","targetHints":{"allow":["GET"]}}],"collection":[{"href":"https:\/\/www.hsu-hh.de\/sozpsy\/wp-json\/wp\/v2\/pages"}],"about":[{"href":"https:\/\/www.hsu-hh.de\/sozpsy\/wp-json\/wp\/v2\/types\/page"}],"author":[{"embeddable":true,"href":"https:\/\/www.hsu-hh.de\/sozpsy\/wp-json\/wp\/v2\/users\/2779"}],"replies":[{"embeddable":true,"href":"https:\/\/www.hsu-hh.de\/sozpsy\/wp-json\/wp\/v2\/comments?post=172"}],"version-history":[{"count":9,"href":"https:\/\/www.hsu-hh.de\/sozpsy\/wp-json\/wp\/v2\/pages\/172\/revisions"}],"predecessor-version":[{"id":2100,"href":"https:\/\/www.hsu-hh.de\/sozpsy\/wp-json\/wp\/v2\/pages\/172\/revisions\/2100"}],"up":[{"embeddable":true,"href":"https:\/\/www.hsu-hh.de\/sozpsy\/wp-json\/wp\/v2\/pages\/106"}],"wp:attachment":[{"href":"https:\/\/www.hsu-hh.de\/sozpsy\/wp-json\/wp\/v2\/media?parent=172"}],"wp:term":[{"taxonomy":"category","embeddable":true,"href":"https:\/\/www.hsu-hh.de\/sozpsy\/wp-json\/wp\/v2\/categories?post=172"},{"taxonomy":"post_tag","embeddable":true,"href":"https:\/\/www.hsu-hh.de\/sozpsy\/wp-json\/wp\/v2\/tags?post=172"}],"curies":[{"name":"wp","href":"https:\/\/api.w.org\/{rel}","templated":true}]}}