{"id":73,"date":"2017-07-03T15:52:08","date_gmt":"2017-07-03T13:52:08","guid":{"rendered":"https:\/\/www.hsu-hh.de\/vorlage\/?page_id=73"},"modified":"2026-04-01T11:12:19","modified_gmt":"2026-04-01T09:12:19","slug":"startseite","status":"publish","type":"page","link":"https:\/\/www.hsu-hh.de\/soziologie\/","title":{"rendered":"Professur f\u00fcr Soziologie mit dem Schwerpunkt Gesellschaftsanalyse und sozialer Wandel"},"content":{"rendered":"\n<p>Herzlich willkommen auf den Seiten der Professur f\u00fcr Soziologie mit dem Schwerpunkt Gesellschaftsanalyse und sozialer Wandel! Die thematischen Schwerpunkte in der Forschung und Lehre der Professur liegen in der soziologischen Gewalt-, Konflikt-, und Globalisierungsforschung. Dabei interessieren empirische Dynamiken ebenso wie theoretische und methodologische Fragen. <\/p>\n\n\n\n<p>Ein wichtiges Anliegen in Forschung und Lehre an der Professur ist die Erweiterung der r\u00e4umlichen und zeitlichen Perspektive der Soziologie. Die im Fach dominante Fokussierung auf die Probleme (west-)europ\u00e4ischer Gegenwartsgesellschaften wird durch einen Blick auf au\u00dfereurop\u00e4ische Kontexte sowie ein verfeinertes Verst\u00e4ndnis f\u00fcr die historische Tiefendimension von Gesellschaftlichkeit ausgebaut.<\/p>\n\n\n\n<p>Zum Professurteam geh\u00f6ren derzeit: <a href=\"https:\/\/www.hsu-hh.de\/soziologie\/leslie-gauditz-ma\" target=\"_blank\" rel=\"noreferrer noopener\"><abbr title=\"Doktor\">Dr.<\/abbr> Leslie Gauditz<\/a>, <a href=\"https:\/\/www.hsu-hh.de\/soziologie\/dipl-soz-tobias-hauffe\" data-type=\"URL\" target=\"_blank\" rel=\"noreferrer noopener\"><abbr title=\"Doktor\">Dr.<\/abbr> Tobias Hauffe<\/a>, <a href=\"https:\/\/www.hsu-hh.de\/soziologie\/prof-dr-teresa-koloma-beck\" data-type=\"page\" data-id=\"152\"><abbr title=\"Professor\">Prof.<\/abbr> <abbr title=\"Doktor\">Dr.<\/abbr> Teresa Koloma Beck<\/a> und Julx Krause, M.A.<\/p>\n\n\n\n<div class=\"wp-block-columns is-layout-flex wp-container-core-columns-is-layout-9d6595d7 wp-block-columns-is-layout-flex\">\n<div class=\"wp-block-column is-layout-flow wp-block-column-is-layout-flow\"><\/div>\n<\/div>\n\n\n\n<div class=\"wp-block-columns is-layout-flex wp-container-core-columns-is-layout-9d6595d7 wp-block-columns-is-layout-flex\">\n<div class=\"wp-block-column is-layout-flow wp-block-column-is-layout-flow\">\n<p><strong>Postanschrift<\/strong> <\/p>\n\n\n\n<p>Helmut-Schmidt-Universit\u00e4t<br>Geb\u00e4ude H1<br>Holstenhofweg 85<br>22043 Hamburg<\/p>\n\n\n\n<p><\/p>\n<\/div>\n\n\n\n<div class=\"wp-block-column is-layout-flow wp-block-column-is-layout-flow\">\n<p><strong>Besucheranschrift<\/strong><\/p>\n\n\n\n<p>Helmut-Schmidt-Universit\u00e4t <br>Geb\u00e4ude H1 <br>Holstenhofweg 85 <br>22043 Hamburg<\/p>\n<\/div>\n\n\n\n<div class=\"wp-block-column is-layout-flow wp-block-column-is-layout-flow\">\n<p><strong>Raum:<\/strong> H1, R 2373<\/p>\n\n\n\n<p><strong>Telefon:<\/strong> (040) 6541-2762<br><strong>Fax:<\/strong> (040) 6541-3746<br><strong>Mail:<\/strong> koloma@hsu-hh.de<br><strong>Sekretariat:<\/strong> dudda@hsu.hamburg<\/p>\n\n\n\n<p><\/p>\n<\/div>\n<\/div>\n","protected":false},"excerpt":{"rendered":"<p>Herzlich willkommen auf den Seiten der Professur f\u00fcr Soziologie mit dem Schwerpunkt Gesellschaftsanalyse und sozialer Wandel! Die thematischen Schwerpunkte in der Forschung und Lehre der Professur liegen in der soziologischen [&hellip;]<\/p>\n","protected":false},"author":2862,"featured_media":0,"parent":0,"menu_order":0,"comment_status":"closed","ping_status":"closed","template":"","meta":{"footnotes":""},"categories":[35],"tags":[],"class_list":["post-73","page","type-page","status-publish","hentry","category-startseite"],"_links":{"self":[{"href":"https:\/\/www.hsu-hh.de\/soziologie\/wp-json\/wp\/v2\/pages\/73","targetHints":{"allow":["GET"]}}],"collection":[{"href":"https:\/\/www.hsu-hh.de\/soziologie\/wp-json\/wp\/v2\/pages"}],"about":[{"href":"https:\/\/www.hsu-hh.de\/soziologie\/wp-json\/wp\/v2\/types\/page"}],"author":[{"embeddable":true,"href":"https:\/\/www.hsu-hh.de\/soziologie\/wp-json\/wp\/v2\/users\/2862"}],"replies":[{"embeddable":true,"href":"https:\/\/www.hsu-hh.de\/soziologie\/wp-json\/wp\/v2\/comments?post=73"}],"version-history":[{"count":45,"href":"https:\/\/www.hsu-hh.de\/soziologie\/wp-json\/wp\/v2\/pages\/73\/revisions"}],"predecessor-version":[{"id":1281,"href":"https:\/\/www.hsu-hh.de\/soziologie\/wp-json\/wp\/v2\/pages\/73\/revisions\/1281"}],"wp:attachment":[{"href":"https:\/\/www.hsu-hh.de\/soziologie\/wp-json\/wp\/v2\/media?parent=73"}],"wp:term":[{"taxonomy":"category","embeddable":true,"href":"https:\/\/www.hsu-hh.de\/soziologie\/wp-json\/wp\/v2\/categories?post=73"},{"taxonomy":"post_tag","embeddable":true,"href":"https:\/\/www.hsu-hh.de\/soziologie\/wp-json\/wp\/v2\/tags?post=73"}],"curies":[{"name":"wp","href":"https:\/\/api.w.org\/{rel}","templated":true}]}}