{"id":73,"date":"2017-07-03T15:52:08","date_gmt":"2017-07-03T13:52:08","guid":{"rendered":"https:\/\/www.hsu-hh.de\/vorlage\/?page_id=73"},"modified":"2025-11-12T15:52:28","modified_gmt":"2025-11-12T14:52:28","slug":"startseite","status":"publish","type":"page","link":"https:\/\/www.hsu-hh.de\/sozgov\/","title":{"rendered":"Professur f\u00fcr Transformation von Governance in Bildung und Gesellschaft"},"content":{"rendered":"<p>Die Soziologie-Professur f\u00fcr Transformation von Governance in Bildung und Gesellschaft ist sowohl durch starke interdisziplin\u00e4re als auch internationale Orientierung gepr\u00e4gt und befasst sich mit umfassenden Steuerungstransformationen in modernen Gesellschaften. Hierbei liegt ein besonderer Schwerpunkt auf Effekten wachsender Datafizierung, Digitalisierung und Automatisierung (zuletzt K\u00fcnstliche Intelligenz) sowie auf der Frage, wie Bildung und Gesellschaft in einer derartigen Kultur der Digitalit\u00e4t sozialvertr\u00e4glich und p\u00e4dagogisch reflektiert gestaltet werden k\u00f6nnen.<\/p>\n<p>Als Rahmenkonzept dient hierbei der Governance-Ansatz, wie er sich seit Anfang der 2000er-Jahre in Soziologie und Erziehungswissenschaft (weiter)entwickelt hat. Durch seinen tendenziell offenen Blick auf Relationen der Regulierung und Steuerung sowie durch seine Offenheit f\u00fcr ein Wechselspiel aus empirischen Analysen und theoretisch-methodischem Nachdenken bietet der Ansatz eine Vielzahl von Anwendungs- und Weiterentwicklungspotentialen, aber auch stets den Anschluss an \u201eklassische\u201c soziologische und erziehungswissenschaftliche Fragestellungen.<\/p>\n<p>Entsprechend finden Sie an unserer Professur eine Vielzahl an Forschungsschwerpunkten und -projekten, welche unterschiedliche Sektoren (mit einem Schwerpunkt auf das Bildungssystem), regionale Kontexte (neben Deutschland <abbr title=\"zum Beispiel\">z.B.<\/abbr> die USA, Australien oder Estland) sowie Ebenen (<abbr title=\"zum Beispiel\">z.B.<\/abbr> Politik, Verwaltung oder Schulpraxis) in den Blick nehmen.<\/p>\n<p>Auch sind wir an der <abbr title=\"Helmut Schmidt Universit\u00e4t\">HSU<\/abbr> in unterschiedlichste Strukturen involviert, in denen es um die zuk\u00fcnftige Gestaltung von Gesellschaft und insbesondere auch um dr\u00e4ngende Fragen des Einsatzes von K\u00fcnstlicher Intelligenz geht (<abbr title=\"zum Beispiel\">z.B.<\/abbr> KI-Institut <a href=\"https:\/\/www.hsu-hh.de\/iai\/\"><abbr title=\"Helmut Schmidt Universit\u00e4t\">HSU<\/abbr>-AI<\/a>; <a href=\"https:\/\/www.hsu-hh.de\/drc\/\">Democratic Resilience Center<\/a>).<\/p>\n<p>Auch mit Blick auf diese dr\u00e4ngenden Zukunftsfragen arbeiten wir in unseren Projekten zunehmend mit partizipativ und gestaltungsorientierten Forschungs- und Designans\u00e4tzen, insbesondere in Projekten mit Schulen (<abbr title=\"zum Beispiel\">z.B.<\/abbr> im <a href=\"http:\/\/www.smasch.eu\/\" rel='nofollow'>SMASCH<\/a>-Projekt), und tragen zur Weiterentwicklung derartiger Ans\u00e4tze bei. Hierzu z\u00e4hlt auch die Einbindung dieser Ans\u00e4tze in unsere Lehrveranstaltungen an der <abbr title=\"Helmut Schmidt Universit\u00e4t\">HSU<\/abbr>. Die enge Verzahnung von Forschung und Praxis in der Auseinandersetzung mit Digitalisierung spielt schlie\u00dflich auch in dem von der Professur koordinierten Netzwerk <a href=\"http:\/\/unblackthebox.org\/\" rel='nofollow'>Unblack the Box<\/a> eine zentrale Rolle.<\/p>\n<p>Die Professur wird seit August 2020 und noch bis Juli 2025 im Rahmen des Heisenberg-Programms der Deutschen Forschungsgemeinschaft (DFG) gef\u00f6rdert.<\/p>\n<p>Viel Spa\u00df beim Durchst\u00f6bern unserer Seiten! Bei Fragen oder Interesse zu unseren Projekten freuen wir uns \u00fcber eine Kontaktaufnahme!<\/p>\n<div class=\"content-block3\">\n<div class=\"background-grey\">\n<h2 style=\"text-align: center\">ETH-TECH<\/h2>\n<p style=\"text-align: center\"><img loading=\"lazy\" decoding=\"async\" class=\"aligncenter\" src=\"https:\/\/www.hsu-hh.de\/sozgov\/wp-content\/uploads\/sites\/841\/2025\/02\/ethik.webp\" width=\"141\" height=\"141\" \/><a href=\"https:\/\/eth-tech.eu\/\" rel='nofollow'>Erfahren Sie hier mehr zum 2024 gestarteten Erasmus + Projekt<\/a><\/p>\n<\/div>\n<\/div>\n<div class=\"content-block3\">\n<div class=\"background-grey\">\n<h2 style=\"text-align: center\">Team der Professur<\/h2>\n<p style=\"text-align: left\"><img loading=\"lazy\" decoding=\"async\" class=\"aligncenter wp-image-2864\" src=\"https:\/\/www.hsu-hh.de\/sozgov\/wp-content\/uploads\/sites\/841\/2023\/01\/IMG_2486-2-300x168.jpg\" alt=\"\" width=\"179\" height=\"100\" data-credit=\"Hartong\" srcset=\"https:\/\/www.hsu-hh.de\/sozgov\/wp-content\/uploads\/sites\/841\/2023\/01\/IMG_2486-2-300x168.jpg 300w, https:\/\/www.hsu-hh.de\/sozgov\/wp-content\/uploads\/sites\/841\/2023\/01\/IMG_2486-2.jpg 768w\" sizes=\"auto, (max-width: 179px) 100vw, 179px\" \/><\/p>\n<p style=\"text-align: center\"><a href=\"https:\/\/www.hsu-hh.de\/sozgov\/team\/\">Die Mitarbeiter_innen der Professur stellen sich vor.<\/a><\/p>\n<\/div>\n<\/div>\n<div class=\"content-block3\">\n<div class=\"background-grey\">\n<h2 style=\"text-align: center\">Lehre und Modulleistungen<\/h2>\n<p><img loading=\"lazy\" decoding=\"async\" class=\"wp-image-493 size-medium aligncenter\" src=\"https:\/\/www.hsu-hh.de\/sozgov\/wp-content\/uploads\/sites\/841\/2020\/08\/lehre-2-1-300x109.png\" alt=\"Lehre Symbolbild\" width=\"300\" height=\"109\" data-credit=\"Picturepest (CC BY 2.0) https:\/\/www.flickr.com\/photos\/picksfromoutthere\/12453802285\/\" srcset=\"https:\/\/www.hsu-hh.de\/sozgov\/wp-content\/uploads\/sites\/841\/2020\/08\/lehre-2-1-300x109.png 300w, https:\/\/www.hsu-hh.de\/sozgov\/wp-content\/uploads\/sites\/841\/2020\/08\/lehre-2-1-1024x370.png 1024w, https:\/\/www.hsu-hh.de\/sozgov\/wp-content\/uploads\/sites\/841\/2020\/08\/lehre-2-1-768x278.png 768w, https:\/\/www.hsu-hh.de\/sozgov\/wp-content\/uploads\/sites\/841\/2020\/08\/lehre-2-1-1536x556.png 1536w, https:\/\/www.hsu-hh.de\/sozgov\/wp-content\/uploads\/sites\/841\/2020\/08\/lehre-2-1-1100x398.png 1100w, https:\/\/www.hsu-hh.de\/sozgov\/wp-content\/uploads\/sites\/841\/2020\/08\/lehre-2-1.png 2026w\" sizes=\"auto, (max-width: 300px) 100vw, 300px\" \/><\/p>\n<p style=\"text-align: center\"><a href=\"https:\/\/www.hsu-hh.de\/sozgov\/lehre\/\">Hier finden Sie Informationen zur Lehre, zu Hausarbeiten oder anderen Modulleistungen.<\/a><\/p>\n<\/div>\n<\/div>\n<div class=\"content-block3\">\n<div class=\"background-grey\">\n<h2 style=\"text-align: center\">Forschungsdateninfrastrukturen<\/h2>\n<p style=\"text-align: center\"><img loading=\"lazy\" decoding=\"async\" class=\"aligncenter\" src=\"https:\/\/www.hsu-hh.de\/sozgov\/wp-content\/uploads\/sites\/841\/2025\/02\/Dateninfrastrukturen.jpg\" width=\"153\" height=\"120\" \/><a href=\"https:\/\/www.hsu-hh.de\/sozgov\/forschungsdateninfrastrukturen\/\">Ein weiterer Forschungsschwerpunkt der Professur liegt auf dem massiven Ausbau von Forschungsdateninfrastrukturen und dessen Effekte f\u00fcr qualitative Forschungspraxis.<\/a><\/p>\n<\/div>\n<\/div>\n<div class=\"content-block3\">\n<div class=\"background-grey\">\n<h2 style=\"text-align: center\">ECCES Konferenz<\/h2>\n<p><img loading=\"lazy\" decoding=\"async\" class=\"aligncenter\" src=\"https:\/\/www.hsu-hh.de\/sozgov\/wp-content\/uploads\/sites\/841\/2025\/02\/edtech.jpg\" width=\"180\" height=\"120\" \/><\/p>\n<p style=\"text-align: center\"><a href=\"https:\/\/www.hsu-hh.de\/sozgov\/european-conference-on-critical-edtech-studies-ecces-2026-futuring-studio\/\">Die Professur ist Teil des internationalen Organisationsteams der European Conference on Critical EdTech Studies.<\/a><\/p>\n<\/div>\n<\/div>\n<div class=\"content-block3\">\n<div class=\"background-grey\">\n<h2 style=\"text-align: center\">Bildungssteuerung und Ed-Tech<\/h2>\n<p><img loading=\"lazy\" decoding=\"async\" class=\"aligncenter\" src=\"https:\/\/www.hsu-hh.de\/sozgov\/wp-content\/uploads\/sites\/841\/2025\/02\/Steuerung-1.jpg\" width=\"167\" height=\"125\" \/><\/p>\n<p style=\"text-align: center\"><a href=\"https:\/\/www.hsu-hh.de\/sozgov\/forschung\/projekt-e-estonia\/\" target=\"_blank\" rel=\"noopener noreferrer\">Erfahren Sie hier mehr zu unseren Forschungen zu sich wandelnder Bildungssteuerung und der Rolle des EdTech Sektors.<\/a><\/p>\n<\/div>\n<\/div>\n<div class=\"content-block3\">\n<div class=\"background-grey\">\n<h2 style=\"text-align: center\"><a href=\"http:\/\/unblackthebox.org\" target=\"_blank\" rel=\"noopener noreferrer\">Transferinitiative UNBLACK THE BOX<\/a><\/h2>\n<p><a href=\"http:\/\/unblackthebox.org\" target=\"_blank\" rel=\"noopener noreferrer\"><img loading=\"lazy\" decoding=\"async\" class=\"aligncenter\" src=\"https:\/\/www.hsu-hh.de\/sozgov\/wp-content\/uploads\/sites\/841\/2020\/07\/UNBLACKTHEBOX-LOGO-e1596190134104-300x109.png\" alt=\"ubtb\" width=\"300\" height=\"109\" data-credit=\"ubtb\" \/><\/a><\/p>\n<p style=\"text-align: center\"><a href=\"http:\/\/unblackthebox.org\" target=\"_blank\" rel=\"noopener noreferrer\">Transfer ist ein wichtiger Baustein unserer Professur. Die Initiative UNBLACK THE BOX tritt ein f\u00fcr einen (selbst)bewussten Umgang mit digitalen Datentechnologien. Hier kommen Sie direkt zur Website unserer Initiative.<\/a><\/p>\n<\/div>\n<\/div>\n<div class=\"content-block3\">\n<div class=\"background-grey\">\n<h2 style=\"text-align: center\"><a href=\"https:\/\/www.hsu-hh.de\/sozgov\/forschung\/predictive-governance\/\" target=\"_blank\" rel=\"noopener noreferrer\">Predictive Governance<\/a><\/h2>\n<p><img loading=\"lazy\" decoding=\"async\" class=\" wp-image-1474 aligncenter\" src=\"https:\/\/www.hsu-hh.de\/sozgov\/wp-content\/uploads\/sites\/841\/2021\/05\/Bild-Digitalisierung-300x156.jpg\" alt=\"f\" width=\"231\" height=\"120\" data-credit=\"-\" srcset=\"https:\/\/www.hsu-hh.de\/sozgov\/wp-content\/uploads\/sites\/841\/2021\/05\/Bild-Digitalisierung-300x156.jpg 300w, https:\/\/www.hsu-hh.de\/sozgov\/wp-content\/uploads\/sites\/841\/2021\/05\/Bild-Digitalisierung.jpg 474w\" sizes=\"auto, (max-width: 231px) 100vw, 231px\" \/><\/p>\n<p style=\"text-align: center\"><a href=\"https:\/\/www.hsu-hh.de\/sozgov\/forschung\/predictive-governance\/\" target=\"_blank\" rel=\"noopener noreferrer\">Im Forschungsschwerpunkt Predictive Governance analysieren wir algorithmische Technologien der Vorhersehbarkeit und Regierbarkeit in unterschiedlichen gesellschaftlichen Feldern.<\/a><\/p>\n<\/div>\n<\/div>\n<div class=\"content-block3\">\n<div class=\"background-grey\">\n<h2 style=\"text-align: center\"><a href=\"https:\/\/www.smasch.eu\/\" target=\"_blank\" rel=\"noopener noreferrer\">Schulentwicklung in der Digitalit\u00e4t<\/a><\/h2>\n<p style=\"text-align: center\"><a href=\"https:\/\/www.smasch.eu\/\" target=\"_blank\" rel=\"noopener\"><img loading=\"lazy\" decoding=\"async\" class=\"alignnone wp-image-234 size-medium\" src=\"https:\/\/www.hsu-hh.de\/sozgov\/wp-content\/uploads\/sites\/841\/2020\/07\/transfer-300x75.png\" alt=\"symbolbild\" width=\"300\" height=\"75\" data-credit=\"vd\" srcset=\"https:\/\/www.hsu-hh.de\/sozgov\/wp-content\/uploads\/sites\/841\/2020\/07\/transfer-300x75.png 300w, https:\/\/www.hsu-hh.de\/sozgov\/wp-content\/uploads\/sites\/841\/2020\/07\/transfer-1024x256.png 1024w, https:\/\/www.hsu-hh.de\/sozgov\/wp-content\/uploads\/sites\/841\/2020\/07\/transfer-768x192.png 768w, https:\/\/www.hsu-hh.de\/sozgov\/wp-content\/uploads\/sites\/841\/2020\/07\/transfer-1536x384.png 1536w, https:\/\/www.hsu-hh.de\/sozgov\/wp-content\/uploads\/sites\/841\/2020\/07\/transfer-1100x275.png 1100w, https:\/\/www.hsu-hh.de\/sozgov\/wp-content\/uploads\/sites\/841\/2020\/07\/transfer.png 1800w\" sizes=\"auto, (max-width: 300px) 100vw, 300px\" \/><\/a><\/p>\n<p style=\"text-align: center\"><a href=\"https:\/\/www.smasch.eu\/\" target=\"_blank\" rel=\"noopener noreferrer\">Das Projekt SMASCH arbeitet mit Schulen zum Thema Schulentwicklung in der Digitalit\u00e4t. Ab 2025 entwickeln wir im Format des Critical Co-Design eine Plattform f\u00fcr die transnationale Schulzusammenarbeit.<\/a><\/p>\n<\/div>\n<\/div>\n","protected":false},"excerpt":{"rendered":"<p>Die Soziologie-Professur f\u00fcr Transformation von Governance in Bildung und Gesellschaft ist sowohl durch starke interdisziplin\u00e4re als auch internationale Orientierung gepr\u00e4gt und befasst sich mit umfassenden Steuerungstransformationen in modernen Gesellschaften. Hierbei [&hellip;]<\/p>\n","protected":false},"author":26,"featured_media":2864,"parent":0,"menu_order":0,"comment_status":"closed","ping_status":"closed","template":"","meta":{"footnotes":""},"categories":[4],"tags":[],"class_list":["post-73","page","type-page","status-publish","has-post-thumbnail","hentry","category-forschung"],"_links":{"self":[{"href":"https:\/\/www.hsu-hh.de\/sozgov\/wp-json\/wp\/v2\/pages\/73","targetHints":{"allow":["GET"]}}],"collection":[{"href":"https:\/\/www.hsu-hh.de\/sozgov\/wp-json\/wp\/v2\/pages"}],"about":[{"href":"https:\/\/www.hsu-hh.de\/sozgov\/wp-json\/wp\/v2\/types\/page"}],"author":[{"embeddable":true,"href":"https:\/\/www.hsu-hh.de\/sozgov\/wp-json\/wp\/v2\/users\/26"}],"replies":[{"embeddable":true,"href":"https:\/\/www.hsu-hh.de\/sozgov\/wp-json\/wp\/v2\/comments?post=73"}],"version-history":[{"count":111,"href":"https:\/\/www.hsu-hh.de\/sozgov\/wp-json\/wp\/v2\/pages\/73\/revisions"}],"predecessor-version":[{"id":4352,"href":"https:\/\/www.hsu-hh.de\/sozgov\/wp-json\/wp\/v2\/pages\/73\/revisions\/4352"}],"wp:featuredmedia":[{"embeddable":true,"href":"https:\/\/www.hsu-hh.de\/sozgov\/wp-json\/wp\/v2\/media\/2864"}],"wp:attachment":[{"href":"https:\/\/www.hsu-hh.de\/sozgov\/wp-json\/wp\/v2\/media?parent=73"}],"wp:term":[{"taxonomy":"category","embeddable":true,"href":"https:\/\/www.hsu-hh.de\/sozgov\/wp-json\/wp\/v2\/categories?post=73"},{"taxonomy":"post_tag","embeddable":true,"href":"https:\/\/www.hsu-hh.de\/sozgov\/wp-json\/wp\/v2\/tags?post=73"}],"curies":[{"name":"wp","href":"https:\/\/api.w.org\/{rel}","templated":true}]}}