{"id":427,"date":"2020-08-03T16:45:44","date_gmt":"2020-08-03T14:45:44","guid":{"rendered":"https:\/\/www.hsu-hh.de\/sozgov\/?page_id=427"},"modified":"2024-03-19T12:25:33","modified_gmt":"2024-03-19T11:25:33","slug":"wandel-von-bildungs-politik","status":"publish","type":"page","link":"https:\/\/www.hsu-hh.de\/sozgov\/forschung\/wandel-von-bildungs-politik\/","title":{"rendered":"Wandel von (Bildungs-)Politik"},"content":{"rendered":"<p>Viele unserer Projekte besch\u00e4ftigen sich mit dem Wandel politischer Strukturen, Prozesse und Akteurskonstellationen, die mit einer wachsenden Datafizierung und Digitalisierung einhergehen <abbr title=\"beziehungsweise\">bzw.<\/abbr> von diesen vorangetrieben werden.<\/p>\n<p>Hierbei interessiert uns etwa, welche Rolle f\u00f6deral-dezentrale Strukturen bei der Gestaltung oder auch Begrenzung von Dateninfrastrukturen spielen, aber gleichzeitig auch durch Dateninfrastrukturen <abbr title=\"beziehungsweise\">bzw.<\/abbr> Dateninteroperabilit\u00e4t zunehmend standardisiert und zentralisiert werden. So l\u00e4sst sich l\u00e4nder\u00fcbergreifend ein wachsender Einfluss nationaler Bildungsbeh\u00f6rden sowie zentralisierter Datenbanken erkennen. Hierdurch ger\u00e4t subnationale Entscheidungsautonomie unter Druck. Zus\u00e4tzlich werden Prozesse der Standardisierung, Zentralisierung und Infrastrukturalisierung in zunehmendem Ma\u00dfe von intermedi\u00e4ren Akteuren vorangetrieben, die zwischen Bildungspolitik, Forschung, Wirtschaft und Schulpraxis und damit oftmals au\u00dferhalb der klassischen bildungspolitischen Arenen agieren.<\/p>\n<p>Diese neuen Akteursformationen m\u00f6chten wir mit unserer Forschung besser verstehen sowie Beitr\u00e4ge f\u00fcr eine kritische gesellschaftliche Reflektion ihres wachsenden Einflusses leisten. Dabei geht es auch um eine systematische Weiterentwicklung theoretisch-methodischer Werkzeuge (<abbr title=\"zum Beispiel\">z.B.<\/abbr> Netzwerkethnographie, policy tracing <abbr title=\"et cetera\">etc.<\/abbr>), um neue Formen von Governance, die komplexen, multidimensionalen Verflechtungen von Akteuren sowie sich ver\u00e4ndernde Formen von Macht greifbar zu machen. Siehe zu diesem Forschungsschwerpunkt <abbr title=\"unter anderem\">u.a.<\/abbr> die Dissertationsprojekte von <a href=\"https:\/\/www.hsu-hh.de\/sozgov\/team\/annina-foerschler\/\" target=\"_blank\" rel=\"noopener noreferrer\">Annina F\u00f6rschler<\/a> sowie <a href=\"https:\/\/www.hsu-hh.de\/sozgov\/team\/m-a-lucas-joecks\/\" target=\"_blank\" rel=\"noopener\">Lucas Joecks<\/a>.<\/p>\n\n\n<p><\/p>\n","protected":false},"excerpt":{"rendered":"<p>Viele unserer Projekte besch\u00e4ftigen sich mit dem Wandel politischer Strukturen, Prozesse und Akteurskonstellationen, die mit einer wachsenden Datafizierung und Digitalisierung einhergehen bzw. von diesen vorangetrieben werden. Hierbei interessiert uns etwa, [&hellip;]<\/p>\n","protected":false},"author":2110,"featured_media":0,"parent":112,"menu_order":0,"comment_status":"closed","ping_status":"closed","template":"","meta":{"footnotes":""},"categories":[4],"tags":[],"class_list":["post-427","page","type-page","status-publish","hentry","category-forschung"],"_links":{"self":[{"href":"https:\/\/www.hsu-hh.de\/sozgov\/wp-json\/wp\/v2\/pages\/427","targetHints":{"allow":["GET"]}}],"collection":[{"href":"https:\/\/www.hsu-hh.de\/sozgov\/wp-json\/wp\/v2\/pages"}],"about":[{"href":"https:\/\/www.hsu-hh.de\/sozgov\/wp-json\/wp\/v2\/types\/page"}],"author":[{"embeddable":true,"href":"https:\/\/www.hsu-hh.de\/sozgov\/wp-json\/wp\/v2\/users\/2110"}],"replies":[{"embeddable":true,"href":"https:\/\/www.hsu-hh.de\/sozgov\/wp-json\/wp\/v2\/comments?post=427"}],"version-history":[{"count":33,"href":"https:\/\/www.hsu-hh.de\/sozgov\/wp-json\/wp\/v2\/pages\/427\/revisions"}],"predecessor-version":[{"id":3328,"href":"https:\/\/www.hsu-hh.de\/sozgov\/wp-json\/wp\/v2\/pages\/427\/revisions\/3328"}],"up":[{"embeddable":true,"href":"https:\/\/www.hsu-hh.de\/sozgov\/wp-json\/wp\/v2\/pages\/112"}],"wp:attachment":[{"href":"https:\/\/www.hsu-hh.de\/sozgov\/wp-json\/wp\/v2\/media?parent=427"}],"wp:term":[{"taxonomy":"category","embeddable":true,"href":"https:\/\/www.hsu-hh.de\/sozgov\/wp-json\/wp\/v2\/categories?post=427"},{"taxonomy":"post_tag","embeddable":true,"href":"https:\/\/www.hsu-hh.de\/sozgov\/wp-json\/wp\/v2\/tags?post=427"}],"curies":[{"name":"wp","href":"https:\/\/api.w.org\/{rel}","templated":true}]}}