{"id":2348,"date":"2022-07-08T10:54:00","date_gmt":"2022-07-08T08:54:00","guid":{"rendered":"https:\/\/www.hsu-hh.de\/sozgov\/?page_id=2348"},"modified":"2025-01-15T17:37:18","modified_gmt":"2025-01-15T16:37:18","slug":"anja-loft-akhoondi","status":"publish","type":"page","link":"https:\/\/www.hsu-hh.de\/sozgov\/en\/anja-loft-akhoondi\/","title":{"rendered":"Anja Loft-Akhoondi"},"content":{"rendered":"<div class=\"wp-block-image\">\n<figure class=\"alignright size-thumbnail\"><img loading=\"lazy\" decoding=\"async\" width=\"150\" height=\"150\" src=\"https:\/\/www.hsu-hh.de\/sozgov\/wp-content\/uploads\/sites\/841\/2022\/07\/Anja-Foto-Homepage-150x150.jpg\" data-credit=\"Anja Loft-Akhoondi\" alt=\"1\" class=\"wp-image-2339\" \/><\/figure>\n<\/div>\n\n\n<h2 class=\"wp-block-heading\">Research Profile:<\/h2>\n\n\n\n<ul class=\"wp-block-list\">\n<li>Discourse focused institutional analysis<\/li>\n\n\n\n<li>Teacher education policy<\/li>\n\n\n\n<li>Inclusion in the context of educational inequalities and participation<\/li>\n\n\n\n<li>Digitalization and school<\/li>\n\n\n\n<li>Qualitative research methods<\/li>\n<\/ul>\n\n\n<div class=\"clearfix\">\u00a0<\/div>\n<div class=\"ansprechparter-container\">\n<div class=\"row ansprechpartner-item ansprechparter-header\">\n<div class=\"col-xs-8 col-lg-12\" style=\"margin-bottom: 30px\">\n<h3 class=\"ansprechparter-headline\">Contact Information:<\/h3>\n<div class=\"mobile-small\">\u00a0<\/div>\n<\/div>\n<div class=\"col-md-4 col-lg-3 col-xs-4 ansprechpartner-item floatright img-circle center-block\" style=\"margin-bottom: 30px\">\n<div class=\"img-responsive-wrapper\">\u00a0<\/div>\n<\/div>\n<div class=\"col-md-12 col-lg-3 col-xs-12 ansprechpartner-item kontakt floatright\" style=\"margin-bottom: 30px\">\n<div class=\"row\">\n<div class=\"col-xs-12 col-sm-6 col-lg-12\">\n<div class=\"row\">\n<div class=\"col-xs-12 col-lg-4 row-text bold\">Room:<\/div>\n<div class=\"col-xs-12 col-lg-8 row-text\">201, H4<\/div>\n<\/div>\n<\/div>\n<div class=\"col-xs-12 col-sm-6 col-lg-12\">\n<div class=\"row\">\u00a0<\/div>\n<\/div>\n<div class=\"col-xs-12 col-sm-6 col-lg-12\">\n<div class=\"row\">\n<div class=\"col-xs-12 col-lg-8 row-text\">\u00a0<\/div>\n<\/div>\n<\/div>\n<div class=\"col-xs-12 col-sm-6 col-lg-12\">\n<div class=\"row\">\n<div class=\"col-xs-12 col-md-12 row-text bold\">E-Mail:<\/div>\n<div class=\"col-xs-12 col-md-12 row-text\"><a href=\"mailto:anja.loft-akhoondi@hsu-hh.de\" rel='nofollow'>anja.loft-akhoondi@hsu-hh.de<\/a><\/div>\n<\/div>\n<\/div>\n<\/div>\n<\/div>\n<div class=\"col-md-6 col-lg-3 col-xs-12 ansprechpartner-item anschrift floatright\">\n<div class=\"row-headline\">Visiting address<\/div>\n<div class=\"row-text\">Helmut-Schmidt-Universit\u00e4t<\/div>\n<div class=\"row-text\">Geb\u00e4ude H1<\/div>\n<div class=\"row-text\">Holstenhofweg 85<\/div>\n<div class=\"row-text\">22043 Hamburg<\/div>\n<\/div>\n<div class=\"col-md-6 col-lg-3 col-xs-12 ansprechpartner-item anschrift floatright\">\n<div class=\"row-headline\">Postal address<\/div>\n<div class=\"row-text\">Helmut-Schmidt-Universit\u00e4t<\/div>\n<div class=\"row-text\">Postfach 70 08 22<\/div>\n<div class=\"row-text\">22008 Hamburg<\/div>\n<\/div>\n<\/div>\n<\/div>\n<div class=\"clearfix\">\u00a0<\/div>\n\n\n<h2 class=\"wp-block-heading\">Vita:<\/h2>\n\n\n\n<ul class=\"wp-block-list\">\n<li>since <strong>July 2022<\/strong>: Research associate at Helmut-Schmidt-University in the dtec-project &#8222;Smart Schools &#8211; SMASCH&#8220;, project lead: <abbr title=\"Professor\">Prof.<\/abbr> <abbr title=\"Doktor\">Dr.<\/abbr> Sigrid Hartong (Professorship for Transformation of Governance in Education and Society)<\/li>\n\n\n\n<li><strong>07-12\/2019<\/strong>: Berlin Startup Fellow at Tatort Zukunft e.V. &#8211; an NGO for a justice, humane and effective approach to crime<\/li>\n\n\n\n<li><strong>2018-2020<\/strong>: external associate in the research project &#8222;Human rights education as a quality factor in the training of kindergarten teachers&#8220; for the German Institute for Human Rights<\/li>\n\n\n\n<li><strong>2014-2016<\/strong>: Research associate at pollytix strategic research <abbr title=\"Gesellschaft mit beschr\u00e4nkter Haftung\">GmbH<\/abbr><\/li>\n\n\n\n<li>Since <strong>October 2015<\/strong>: PhD student in the graduate program &#8222;Inclusion-Education-School&#8220;, Humboldt University Berlin, doctoral fellowship from the Hans B\u00f6ckler Foundation until 2019. Title of the nearly completed dissertation: &#8222;Transforming Teacher Education. A discursive-institutionalism analysis of the policy process for the unification of Berlin\u2019s secondary teaching profession&#8220;. Status: final phase. Doctoral supervision, <abbr title=\"Professor\">Prof.<\/abbr> <abbr title=\"Doktor\">Dr.<\/abbr> Rita Nikolai, University of Augsburg<\/li>\n\n\n\n<li><strong>2004-2014<\/strong>: Studies in social and economic communication at the Berlin University of the Arts. Diploma thesis: &#8222;The code of green as a political statement? A Weblog Analysis of the &#8218;Sea of Green&#8216; Movement during the Iranian Presidential Election 2009&#8220;.<\/li>\n<\/ul>\n\n\n\n<h2 class=\"wp-block-heading\">Memberships \/ Scientific networks<\/h2>\n\n\n\n<p><strong>Reckahner Reflexionen zur Ethik P\u00e4dagogischer Beziehungen in Forschung, Lehre, Fortbildung<\/strong>, &#8222;AG Menschenrechtsbildung&#8220;, initiated by <abbr title=\"Professor\">Prof.<\/abbr> Annedore Prengel.<\/p>\n\n\n\n<p><\/p>\n\n\n\n<h3>Current projects<\/h3>\n\n\n\n<p>\u201c<a href=\"https:\/\/www.smasch.eu\/\" target=\"_blank\" rel=\"noreferrer noopener\">Project Smart Schools (SMASCH)<\/a>.\u201d (since January 2021)<\/p>\n\n\n\n<p>OPAL research project (duration 48 months) to accompany and support schools in the development of sustainable, pedagogically meaningful and demand-oriented digitalization concepts that have an appropriate and target-adequate effect in the medium and long term.<br>Funded by the Center for Digitalization and Technology Research of the German Armed Forces (<a rel=\"noreferrer noopener\" href=\"http:\/\/dtec.bw\" target=\"_blank\">dtec.bw<\/a>).<\/p>\n\n\n\n<p><\/p>\n\n\n\n<h3>Publications<\/h3>\n\n\n\n<p>Moser, Vera; Akhoondi, Anja; Bengel, Angelika; Gasterst\u00e4dt, Julia; G\u00f6rtler, Sophie; Nesyba, Thea; Piezunka, Anne; Schrumpf, Florian; Tegge, Danja; Wawzyniak, Annika &amp; Wiebigke, Julia (2016) <strong>Graduiertenkolleg \u201eInklusion-Bildung-Schule: Analysen von Schulstrukturentwicklungen\u201c an der Humboldt-Universit\u00e4t zu Berlin.<\/strong> In: Hinz, Andreas; Kinne, Tanja; Kruschel, Robert &amp; Winter, Stephanie (Eds.) Von der Zukunft her denken. Inklusive P\u00e4dagogik im Diskurs, Klinkhardt: 140-152.<\/p>\n\n\n\n<p><\/p>\n\n\n\n<h3>Conference contributions\/ Presentations<\/h3>\n\n\n\n<p>Akhoondi, Anja (2019) moderator of the panels <strong>Teilhabe und Partizipation <\/strong>as well as <strong>Inklusionsorientierte Schulentwicklung<\/strong>. 33. Annual Conference for Inclusion Research &#8222;Inklusion-Partizipation-Menschrechte: 10 Jahre UN-BRK \u2013 Eine interdisziplin\u00e4re Zwischenbilanz\u201c, Humboldt University Berlin, 20.-22.02.2019.<\/p>\n\n\n\n<p><\/p>\n\n\n\n<p><\/p>\n","protected":false},"excerpt":{"rendered":"<p>Research Profile: \u00a0 Contact Information: \u00a0 \u00a0 Room: 201, H4 \u00a0 \u00a0 E-Mail: anja.loft-akhoondi@hsu-hh.de Visiting address Helmut-Schmidt-Universit\u00e4t Geb\u00e4ude H1 Holstenhofweg 85 22043 Hamburg Postal address Helmut-Schmidt-Universit\u00e4t Postfach 70 08 22 [&hellip;]<\/p>\n","protected":false},"author":1282,"featured_media":0,"parent":0,"menu_order":0,"comment_status":"closed","ping_status":"closed","template":"","meta":{"footnotes":""},"categories":[7],"tags":[],"class_list":["post-2348","page","type-page","status-publish","hentry","category-research"],"_links":{"self":[{"href":"https:\/\/www.hsu-hh.de\/sozgov\/wp-json\/wp\/v2\/pages\/2348","targetHints":{"allow":["GET"]}}],"collection":[{"href":"https:\/\/www.hsu-hh.de\/sozgov\/wp-json\/wp\/v2\/pages"}],"about":[{"href":"https:\/\/www.hsu-hh.de\/sozgov\/wp-json\/wp\/v2\/types\/page"}],"author":[{"embeddable":true,"href":"https:\/\/www.hsu-hh.de\/sozgov\/wp-json\/wp\/v2\/users\/1282"}],"replies":[{"embeddable":true,"href":"https:\/\/www.hsu-hh.de\/sozgov\/wp-json\/wp\/v2\/comments?post=2348"}],"version-history":[{"count":16,"href":"https:\/\/www.hsu-hh.de\/sozgov\/wp-json\/wp\/v2\/pages\/2348\/revisions"}],"predecessor-version":[{"id":4069,"href":"https:\/\/www.hsu-hh.de\/sozgov\/wp-json\/wp\/v2\/pages\/2348\/revisions\/4069"}],"wp:attachment":[{"href":"https:\/\/www.hsu-hh.de\/sozgov\/wp-json\/wp\/v2\/media?parent=2348"}],"wp:term":[{"taxonomy":"category","embeddable":true,"href":"https:\/\/www.hsu-hh.de\/sozgov\/wp-json\/wp\/v2\/categories?post=2348"},{"taxonomy":"post_tag","embeddable":true,"href":"https:\/\/www.hsu-hh.de\/sozgov\/wp-json\/wp\/v2\/tags?post=2348"}],"curies":[{"name":"wp","href":"https:\/\/api.w.org\/{rel}","templated":true}]}}