{"id":352,"date":"2023-05-05T16:32:30","date_gmt":"2023-05-05T14:32:30","guid":{"rendered":"https:\/\/www.hsu-hh.de\/sbawi\/?page_id=352"},"modified":"2026-02-20T09:45:37","modified_gmt":"2026-02-20T08:45:37","slug":"pruefungsausschuss-wi","status":"publish","type":"page","link":"https:\/\/www.hsu-hh.de\/sbawi\/pruefungsausschuss-wi","title":{"rendered":"Pr\u00fcfungsausschuss WI"},"content":{"rendered":"\n<h2 class=\"wp-block-heading\">Kontakt<\/h2>\n\n\n\n<h3 class=\"wp-block-heading\">E-Mail<\/h3>\n\n\n\n<p>Sie k\u00f6nnen den Pr\u00fcfungsausschuss unter folgender E-Mail Adresse erreichen: <a href=\"mailto:paus_wi@hsu-hh.de\" rel='nofollow'>paus_wi@hsu-hh.de<\/a><\/p>\n\n\n\n<h3 class=\"wp-block-heading\">Adresse<\/h3>\n\n\n\n<p>Helmut-Schmidt-Universit\u00e4t<br>Universit\u00e4t der Bundeswehr Hamburg<br>Fakult\u00e4t f\u00fcr Wirtschafts- und Sozialwissenschaften (Vorsitzender <abbr title=\"beziehungsweise\">bzw.<\/abbr> stellvertretender Vorsitzender PAUS <abbr title=\"Wirtschaftsingenieurwesen\">WI<\/abbr>)<br>Postfach 70 08 22<br>D-22008 Hamburg<\/p>\n\n\n\n<h2 class=\"wp-block-heading\">Mitglieder<\/h2>\n\n\n\n<p>Der PAUS <abbr title=\"Wirtschaftsingenieurwesen\">WI<\/abbr> besteht aus vier professoralen Mitgliedern und zwei Studierenden.<\/p>\n\n\n\n<div class=\"wp-block-columns is-layout-flex wp-container-core-columns-is-layout-9d6595d7 wp-block-columns-is-layout-flex\">\n<div class=\"wp-block-column is-layout-flow wp-block-column-is-layout-flow\">\n<p><em>Mitglied<\/em>er<\/p>\n\n\n\n<ul class=\"wp-block-list\">\n<li><a href=\"https:\/\/www.hsu-hh.de\/bp\/team_leitung\/\"><abbr title=\"Professor\">Prof.<\/abbr> <abbr title=\"Doktor\">Dr.<\/abbr> Dominik Kre\u00df<\/a> (<abbr title=\"Wirtschafts- und Sozialwissenschaften\">WiSo<\/abbr>) (<strong>Vorsitzender<\/strong>)<\/li>\n\n\n\n<li>Prod. <abbr title=\"Doktor\">Dr.<\/abbr> Florian Jaehn (<abbr title=\"Wirtschafts- und Sozialwissenschaften\">WiSo<\/abbr>)\u00a0<strong>(stellvertr. Vorsitzender)<\/strong><\/li>\n\n\n\n<li><abbr title=\"Professor\">Prof.<\/abbr> <abbr title=\"Doktor\">Dr.<\/abbr>&#8211;<abbr title=\"Ingenieur\">Ing.<\/abbr> Gerd Scholl (<abbr title=\"Elektrotechnik\">ET<\/abbr>)<\/li>\n\n\n\n<li><abbr title=\"Professor\">Prof.<\/abbr> <abbr title=\"Doktor\">Dr.<\/abbr> Markus Bause (MB)<\/li>\n\n\n\n<li>Kay Marc H\u00e4nchen (<abbr title=\"Wirtschaftsingenieurwesen\">WI<\/abbr>, Student)<\/li>\n\n\n\n<li>Sarah Badalouf (LOG, Studentin)<\/li>\n<\/ul>\n<\/div>\n\n\n\n<div class=\"wp-block-column is-layout-flow wp-block-column-is-layout-flow\">\n<p><em>Stellvertreter:innen<\/em><\/p>\n\n\n\n<ul class=\"wp-block-list\">\n<li><abbr title=\"Professor\">Prof.<\/abbr> <abbr title=\"Doktor\">Dr.<\/abbr> Andreas Fink (<abbr title=\"Wirtschafts- und Sozialwissenschaften\">WiSo<\/abbr>)<\/li>\n\n\n\n<li><abbr title=\"Professor\">Prof.<\/abbr> <abbr title=\"Doktor\">Dr.<\/abbr> Sven Knoth (<abbr title=\"Wirtschafts- und Sozialwissenschaften\">WiSo<\/abbr>)<\/li>\n\n\n\n<li><abbr title=\"Professor\">Prof.<\/abbr> <abbr title=\"Doktor\">Dr.<\/abbr>&#8211;<abbr title=\"Ingenieur\">Ing.<\/abbr> Bernd Klauer (<abbr title=\"Elektrotechnik\">ET<\/abbr>)<\/li>\n\n\n\n<li>Stellvertretung unbesetzt<\/li>\n\n\n\n<li>Stellvertretung unbesetzt<\/li>\n\n\n\n<li>Luca Nau (LOG, Student)<\/li>\n<\/ul>\n<\/div>\n<\/div>\n\n\n\n<p><\/p>\n\n\n\n<h2 class=\"wp-block-heading\"><strong>Sitzungen und Teilnahme<\/strong><\/h2>\n\n\n\n<p>Die Sitzungen des PAUS <abbr title=\"Wirtschaftsingenieurwesen\">WI<\/abbr> finden in unregelm\u00e4\u00dfigen Abst\u00e4nden statt und bestehen aus einem \u00f6ffentlichen und einem nicht\u00f6ffentlichen Teil. Ersterer ist f\u00fcr die Universit\u00e4ts\u00f6ffentlichkeit zug\u00e4nglich.<\/p>\n\n\n\n<p>Wir informieren Sie an dieser Stelle \u00fcber anstehende Termine. Sollten Sie Interesse an einer Teilnahme am \u00f6ffentlichen Teil haben, kontaktieren Sie den PAUS <abbr title=\"Wirtschaftsingenieurwesen\">WI<\/abbr>.<\/p>\n\n\n\n<h3 class=\"wp-block-heading\">Termin der n\u00e4chsten Sitzung<\/h3>\n\n\n\n<p>Wird hier bekanntgegeben.<\/p>\n\n\n\n<h3 class=\"wp-block-heading\">Vorl\u00e4ufige Tagesordnung<\/h3>\n\n\n\n<p>Wird hier bekanntgegeben.<\/p>\n","protected":false},"excerpt":{"rendered":"<p>Kontakt E-Mail Sie k\u00f6nnen den Pr\u00fcfungsausschuss unter folgender E-Mail Adresse erreichen: paus_wi@hsu-hh.de Adresse Helmut-Schmidt-Universit\u00e4tUniversit\u00e4t der Bundeswehr HamburgFakult\u00e4t f\u00fcr Wirtschafts- und Sozialwissenschaften (Vorsitzender bzw. stellvertretender Vorsitzender PAUS WI)Postfach 70 08 22D-22008 [&hellip;]<\/p>\n","protected":false},"author":2239,"featured_media":0,"parent":0,"menu_order":0,"comment_status":"closed","ping_status":"closed","template":"","meta":{"footnotes":""},"categories":[4],"tags":[],"class_list":["post-352","page","type-page","status-publish","hentry","category-forschung"],"_links":{"self":[{"href":"https:\/\/www.hsu-hh.de\/sbawi\/wp-json\/wp\/v2\/pages\/352","targetHints":{"allow":["GET"]}}],"collection":[{"href":"https:\/\/www.hsu-hh.de\/sbawi\/wp-json\/wp\/v2\/pages"}],"about":[{"href":"https:\/\/www.hsu-hh.de\/sbawi\/wp-json\/wp\/v2\/types\/page"}],"author":[{"embeddable":true,"href":"https:\/\/www.hsu-hh.de\/sbawi\/wp-json\/wp\/v2\/users\/2239"}],"replies":[{"embeddable":true,"href":"https:\/\/www.hsu-hh.de\/sbawi\/wp-json\/wp\/v2\/comments?post=352"}],"version-history":[{"count":64,"href":"https:\/\/www.hsu-hh.de\/sbawi\/wp-json\/wp\/v2\/pages\/352\/revisions"}],"predecessor-version":[{"id":529,"href":"https:\/\/www.hsu-hh.de\/sbawi\/wp-json\/wp\/v2\/pages\/352\/revisions\/529"}],"wp:attachment":[{"href":"https:\/\/www.hsu-hh.de\/sbawi\/wp-json\/wp\/v2\/media?parent=352"}],"wp:term":[{"taxonomy":"category","embeddable":true,"href":"https:\/\/www.hsu-hh.de\/sbawi\/wp-json\/wp\/v2\/categories?post=352"},{"taxonomy":"post_tag","embeddable":true,"href":"https:\/\/www.hsu-hh.de\/sbawi\/wp-json\/wp\/v2\/tags?post=352"}],"curies":[{"name":"wp","href":"https:\/\/api.w.org\/{rel}","templated":true}]}}