{"id":107,"date":"2017-09-22T13:19:56","date_gmt":"2017-09-22T11:19:56","guid":{"rendered":"https:\/\/www.hsu-hh.de\/reiner\/?page_id=107"},"modified":"2023-02-09T11:33:58","modified_gmt":"2023-02-09T10:33:58","slug":"lehre","status":"publish","type":"page","link":"https:\/\/www.hsu-hh.de\/reiner\/lehre","title":{"rendered":"Lehre\/Lectures"},"content":{"rendered":"<p><\/p>\n<h3>Wintertrimester 2023<\/h3>\n<p><strong>Wirtschaftsrecht: Handelsrecht <\/strong>(WS15J02) <br><strong>R\u00d6V Handelsrecht<\/strong> (WS11J07)<br>Montag, 14.00-15.30 Uhr, Geb. H01, HS 2 (bis 20.3.2023)<\/p>\n<p><strong>Aktien-, Konzern- und Umwandlungsrecht<\/strong> (WS21J11)<br>Montag, 9.45-11.15 Uhr, Geb. H1, SR 0401\/0402 (bis 20.3.2023)<\/p>\n<p><strong>Rechtstheorie\/Methodenlehre <\/strong>(WS16J01)<br>Dienstag, 17.30-19.00 Uhr, Geb. H1, SR 0105 (bis 21.3.2023)<\/p>\n<p><strong>Einf\u00fchrung in den Begriff des Risikos<\/strong> (WS21B02)<br>(Gemeinsam mit <abbr title=\"Professor\">Prof.<\/abbr> G. Frahm, <abbr title=\"Professor\">Prof.<\/abbr> T. Scheytt, <abbr title=\"Professor\">Prof.<\/abbr> M. Schuler-Harms, <abbr title=\"Professor\">Prof.<\/abbr> E. St\u00fcbinger)<br>n. V.<\/p>\n<p><\/p>\n<p><strong>Hinweise f\u00fcr Studierende:&nbsp;<\/strong><br><strong>Hilfsmittel in Klausuren<\/strong><br>Erlaubte Hilfsmittel sind unkommentierte Rechtsnormen. Als \u201eunkommentiert\u201c gelten Rechtsnormen grunds\u00e4tzlich in der vom Normgeber oder vom Verlag ver\u00f6ffentlichten Textfassung. Zul\u00e4ssig ist nur das Anbringen von Verweisungen auf andere Normen (Nummern) am Rand eines Normtextes, ferner das Unterstreichen oder Markieren von Text im Sinne einer Lesehilfe. Keinesfalls d\u00fcrfen diese Hinzuf\u00fcgungen einem System folgen; insbesondere darf sich aus ihnen keine bestimmte Pr\u00fcfungsreihenfolge ergeben.<\/p>\n<p>Unter Ber\u00fccksichtigung dieser Vorgaben sind auch am Rand befestigte Reiter zul\u00e4ssig, etwa um in Gesetzessammlungen den Anfang eines Gesetzes zu markieren.<\/p>\n<p>Bitte beachten Sie, dass nicht der Pr\u00fcfer, sondern allein der Pr\u00fcfungsausschuss zu entscheiden hat, ob ein T\u00e4uschungsversuch vorliegt. Daher k\u00f6nnen wir nur den allgemeinen Rat geben, zur\u00fcckhaltend zu markieren, um im Zweifel auf der sicheren Seite zu sein.&#8220;<\/p>\n<p><\/p>\n<p><\/p>\n<h3>Herbsttrimester 2022<\/h3>\n<p><strong>Seminar ABT &amp; RM: Gesellschaftsrecht<\/strong> (WS23B39\/WS23B85)<br>n. V.<\/p>\n<p><strong>Recht der Technik: Deliktsrecht am Bsp. des Produkthaftungsrechts<\/strong> (WS23J25)<br><strong>Au\u00dfervertragliches Schuldrecht: Deliktsrecht<\/strong> (WS11J06)<br>Montag, 15.45-17.15 Uhr, Geb. H1, SR 0301\/0303 (bis 12.12.2022)<\/p>\n<p><strong>Au\u00dfervertragliches Schuldrecht: Bereicherungsrecht <\/strong>(WS11J06)<br>Montag, 14.00-15.30 Uhr, Geb. H1, SR 0305<br>(7.11. bis 12.12.2022)<\/p>\n<p><\/p>\n<p><strong>Hinweise f\u00fcr Studierende:<\/strong>&nbsp;<br><strong>Hilfsmittel in Klausuren<\/strong><br>Erlaubte Hilfsmittel sind unkommentierte Rechtsnormen. Als \u201eunkommentiert\u201c gelten Rechtsnormen grunds\u00e4tzlich in der vom Normgeber oder vom Verlag ver\u00f6ffentlichten Textfassung. Zul\u00e4ssig ist nur das Anbringen von Verweisungen auf andere Normen (Nummern) am Rand eines Normtextes, ferner das Unterstreichen oder Markieren von Text im Sinne einer Lesehilfe. Keinesfalls d\u00fcrfen diese Hinzuf\u00fcgungen einem System folgen; insbesondere darf sich aus ihnen keine bestimmte Pr\u00fcfungsreihenfolge ergeben.<\/p>\n<p>Unter Ber\u00fccksichtigung dieser Vorgaben sind auch am Rand befestigte Reiter zul\u00e4ssig, etwa um in Gesetzessammlungen den Anfang eines Gesetzes zu markieren.<\/p>\n<p>Bitte beachten Sie, dass nicht der Pr\u00fcfer, sondern allein der Pr\u00fcfungsausschuss zu entscheiden hat, ob ein T\u00e4uschungsversuch vorliegt. Daher k\u00f6nnen wir nur den allgemeinen Rat geben, zur\u00fcckhaltend zu markieren, um im Zweifel auf der sicheren Seite zu sein.&#8220;<\/p>\n<p><\/p>\n<p><\/p>\n<h3>Fr\u00fchjahrstrimester 2022<\/h3>\n<p><strong>Arbeits- und Gesellschaftsrecht: Gesellschaftsrecht<\/strong> (WS15J04)<br>Montag, 12-13.30 Uhr, H\u00f6rsaal 6 (bis 20.6.2022)<br><strong>(Beginn: 11.4.2022)<\/strong><\/p>\n<p><strong>Aktien-, Konzern- und Umwandlungsrecht II<\/strong> (WS21J11)<br>Montag, 16-17.30 Uhr, Geb. H1, SR 0301 (bis 20.6.2022)<br><strong>(Beginn: 11.4.2022)<\/strong><\/p>\n<p><strong>Vorbesprechung Seminar <abbr title=\"Herbsttrimester\">HT<\/abbr> zum Gesellschaftsrecht (ABT &amp; RM)<br>(WS23B39\/WS23B85)<\/strong><br><strong>Ein Termin n.V.<\/strong><\/p>\n<p><strong>Begleitkurs Aktien-, Konzern- und Umwandlungsrecht<\/strong> (WS21J11) (F. Arlt)<br><strong>n.V.<\/strong><\/p>\n<p>E-Lernplattform &nbsp; <a href=\"http:\/\/www.hsu-hh.de\/ilias\/\">http:\/\/www.hsu-hh.de\/ilias\/&nbsp;<\/a><\/p>\n<p><br><h3>Wintertrimester 2022<\/h3><\/p>\n<p><strong>Aktien-, Konzern- und Umwandlungsrecht (WS21J11, 23.805)<\/strong><br>Montag, 10.00-11.30 Uhr, H1, SR 401\/402 (bis 21.3.2022)<br><strong>Beginn: 10.01.2022<\/strong><\/p>\n<p><strong>Wirtschaftsrecht: Handelsrecht (WS15J02) \/ R\u00d6V Handelsrecht (WS11J07) 23.330<\/strong><br>Montag, 14.00-15.30 Uhr, H1, H\u00f6rsaal 2 (bis 21.3.2022)<br><strong>Beginn: 10.01.2022<\/strong><\/p>\n<p><strong>Rechtstheorie\/Methodenlehre (R\u00d6V) (WS16J01, 23553)<\/strong><br>Mittwoch, 14.00-15.30 Uhr, H1, SR 109 (bis 23.3.2022)<br><strong>Beginn: 12.01.2022<\/strong><\/p>\n<p><strong>Einf\u00fchrung in den Begriff des Risikos (WS21B02, 23.834)<\/strong><br>(zusammen mit G. Frahm, T. Scheytt, M. Schuler-Harms, E. St\u00fcbinger)<br><strong>n.V.<\/strong><\/p>\n<p><strong>E-Lernplattform<\/strong> &nbsp; <a href=\"http:\/\/www.hsu-hh.de\/ilias\/\">http:\/\/www.hsu-hh.de\/ilias\/<\/a><\/p>\n<p><br><h3>Herbsttrimester 2021<\/h3><\/p>\n<p><strong>B\u00fcrgerliches Recht f\u00fcr Wirtschaftswissenschaftler (23.115) (WS14J01)<\/strong><br>Montag, 10-11:30 h, digital, bis 13.12.2021<br>Montag, 12-13:30 h, digital, bis 13.12.2021<\/p>\n<p><strong>Recht der Technik: Deliktsrecht am Bsp. des Produkthaftungsrechts:<\/strong> <br><strong>Au\u00dfervertragliches Schuldrecht: Deliktsrecht (23.1081) (WS23J25 und WS11J06)<\/strong><br>Montag, 16-17.30 h, digital (bis 13.12.2021)<\/p>\n<p><strong>\u00dcbung Strafrecht I: Allgemeiner Teil 1<\/strong> <strong>(F. Arlt) (23.132) (WS13J03)<\/strong><br>Dienstag, 12-13.30 h, Geb. H1, SR 0405 (bis 14.12.2021)<\/p>\n<p><strong>Au\u00dfervertragliches Schuldrecht: Bereicherungsrecht (23.438) (WS11J06)<\/strong><br>Dienstag, 18-19.30 h, online (MS-Teams) (bis 14.12.2021)<\/p>\n<p><strong>Juristisches Seminar: Seminar zum B\u00fcrgerlichen Recht (23.732) (WS14J06)<\/strong><br>n.V.<\/p>\n<p><strong>E-Lernplattform<\/strong> <a href=\"http:\/\/www.hsu-hh.de\/ilias\/\">http:\/\/www.hsu-hh.de\/ilias\/<\/a><\/p>\n<p><\/p>\n<p><strong>Brosch\u00fcre Risiko-Management 14. Auflage 2022-2023<\/strong><\/p>\n<div class=\"col-xs-12 downloads-item\">\n<div class=\"row border-line\">\n<div class=\"thumbnail-area\"><img decoding=\"async\" class=\"download-image\" src=\"\/wp-content\/themes\/hsu\/img\/dummy\/downloads_dummy.png\" alt=\"\"><\/div>\n<div class=\"text-area\"><span class=\"download-text\">Brosch\u00fcre f\u00fcr RM<\/span><\/div>\n<div class=\"download-area\"><a class=\"download-link\" href=\"https:\/\/www.hsu-hh.de\/reiner\/wp-content\/uploads\/sites\/668\/2021\/11\/rm-broschuere_2022-2023_14._auflage_endg.pdf\"><span class=\"download-name\">pdf laden<\/span><span class=\"donwload-icon\"><img decoding=\"async\" class=\"download-icon\" src=\"\/wp-content\/themes\/hsu\/img\/icons\/download_icon.png\" alt=\"download icon\"><\/span><span class=\"download-size\">481 kB<\/span><\/a><\/div>\n<\/div>\n<\/div>\n<p><\/p>\n<h3>Fr\u00fchjahrstrimester 2021<\/h3>\n<p><strong>Arbeits- und Gesellschaftsrecht: Teilmodul Gesellschaftsrecht<\/strong><br>Dienstag, 14.00-15.30 h&nbsp; (6.4.-15.6.2021)<\/p>\n<p><strong>Aktien, Konzern- und&nbsp; Umwandlungsrecht<\/strong><br>Dienstag, 15.45-17.15 h (6.4.-15.6.2021)<\/p>\n<p><strong>Begleitkurs Aktien-, Konzern- und Umwandlungsrecht<\/strong><br>Mittwoch, 09.45-11.15 h, 14-t\u00e4gig (F. Arlt)<\/p>\n<p><strong>Seminar zum Arbeitsrecht\/Gesellschaftsrecht<\/strong><br>n.V.<\/p>\n<p>E-Lernplattform&nbsp;<a href=\"http:\/\/www.hsu-hh.de\/ilias\/\">http:\/\/www.hsu-hh.de\/ilias\/<\/a><\/p>\n<p><br><h3>Wintertrimester 2021<\/h3><\/p>\n<p><strong>Einf\u00fchrung in den Begriff des Risikos, 2 TWS, Blockveranstaltung, n.V.<\/strong><\/p>\n<p><strong>Rechtstheorie\/Methodenlehre, 2 TWS,<\/strong><br>Dienstags, 9.45-11.15 h, H1, SR 301\/303 (bis 16.3.2021)<\/p>\n<p><strong>Aktien-, Konzern- und Umwandlungsrecht, 2 TWS,<\/strong><br>Dienstags, 17.30-19.00 h, online (bis16.3.2021)<\/p>\n<p>E-Lernplattform&nbsp;<a href=\"https:\/\/www.hsu-hh.de\/ilias\/\">https:\/\/www.hsu-hh.de\/ilias\/<\/a><\/p>\n<p><br><h3>Herbsttrimester 2020<\/h3><\/p>\n<p><strong>B\u00fcrgerliches Recht f\u00fcr Wirtschaftswissenschaftler<\/strong><br>Montag, 11:30-13:00 Uhr (bis 7.12.2020)<br>Dienstag, 15:45-17:15 Uhr (bis 8.12.2020)<\/p>\n<p><strong>Recht de Technik: Deliktsrecht am Bsp. des Produkthaftungsrechts: Au\u00dfervertragliches Schuldrecht<\/strong><br>Montag, 15:45-17:15 Uhr (bis 7.12.2020)<\/p>\n<p><strong>Seminar ABT &amp; RM: Aktienrecht<\/strong><br>n.V. 2st.<\/p>\n<p>E-Lernplattform&nbsp; <a href=\"https:\/\/www.hsu-hh.de\/ilias\/\">https:\/\/www.hsu-hh.de\/ilias\/<\/a><\/p>\n<p><\/p>\n<h3>Fr\u00fchjahrstrimester 2020<\/h3>\n<p><strong>Gesellschafts- und Arbeitsrecht: Vertiefung Gesellschaftsrecht<\/strong><br>Montag, 09:45-11:15 Uhr, Geb. H1, SR 405 (bis 15.6.2020)<\/p>\n<p><strong>Aktien-, Konzern- und Umwandlungsrecht<\/strong><br>Dienstag, 14:00-15:30 Uhr, Geb. H1, SR 109 (bis 16.6.2020)<\/p>\n<p>Hinweis: Materialien zu den Lehrveranstaltungen sowie allgemeine juristische Lern-Module zum Selbststudium finden Sie auf der E-Lernplattform&nbsp; <a href=\"https:\/\/www.hsu-hh.de\/ilias\/\">https:\/\/www.hsu-hh.de\/ilias\/<\/a><\/p>\n<p><br><h3>Wintertrimester 2020<\/h3><\/p>\n<p><strong>Aktien-, Konzern- und Umwandlungsrecht<\/strong><br>Dienstag, 17:30-19:00 Uhr, Geb. H1, SR 0301 (bis 17.3.2020)<\/p>\n<p><strong>Einf\u00fchrung in den Begriff des Risikos<\/strong><br>n.V.<\/p>\n<p>Hinweis: Materialien zu den Lehrveranstaltungen sowie allgemeine juristische Lern-Module zum Selbststudium finden Sie auf der E-Lernplattform&nbsp;<a href=\"https:\/\/www.hsu-hh.de\/ilias\/\"> https:\/\/www.hsu-hh.de\/ilias\/<\/a><\/p>\n<p><\/p>\n<p><h3>Herbsttrimester 2019<\/h3><br><strong>Grundkurs BGB<\/strong><br><strong>Dienstag, <\/strong>15.45-17.15 Uhr, Geb. H1, R. 401\/402<strong>(bis 10.12.2019)<\/strong><br><strong>Achtung \u00c4nderung: ab 22.10.19, 9.45-11.15, H1, R. 105<\/strong><br><strong>Am 5.11.19, 9.45-11.15, Aula und<br>am 12.11.19, 9.45-11.15, SR 110<\/strong><\/p>\n<p>Mittwoch, 14.00-15.30 Uhr, Geb. H1, KR 1006 (bis 11.12.2019)<\/p>\n<p><strong>\u00dcbung Grundkurs BGB, Gruppe 1<\/strong> (P. Usvatov)<br>Mittwoch, 08:00-09:30, Geb. H1, SR 0105 (bis 12.12.19)<\/p>\n<p><strong>\u00dcbung Grundkurs BGB, Gruppe 2<\/strong> (P. Usvatov)<br>Montag, 17:30-19:00 Uhr, Geb. H1, SR 0110 (7.10.19 &#8211; 9.12.19)<\/p>\n<p><strong>Recht der Technik: Produkthaftungs- und Produktsicherheitsrecht<\/strong><br>Dienstag, 11.30-13.00 Uhr, Geb. H1, R. 0401 (bis 10.12.2019)<\/p>\n<p><strong>\u00dcbung Strafrecht I: Allgemeiner Teil, Gruppe 1<\/strong> (P. Usvatov)<br>Dienstag, 08:00-09:30 Uhr, Geb. H1, SR 0110 (22.10.19-10.12.19), 14-t\u00e4gig<br>Dienstag, 14:00-15:30 Uhr, Geb. H1, SR 0108 (22.10.19-10.12.19), 14-t\u00e4gig<br>Dienstag, 08:00-09:30 Uhr, Geb. H1, SR 0110 (29.10.19, Einzeltermin)<br>Dienstag, 14:00-15:30 Uhr, Geb. H1, SR 0404 (29.10.19, Einzeltermin)<br>Dienstag, 08:00-09:30 Uhr, Geb. H1, SR 0110 (12.11.19, Einzeltermin)<\/p>\n<p>Hinweis: Materialien zu den Lehrveranstaltungen sowie allgemeine juristische Lern-Module zum Selbststudium finden Sie auf der E-Lernplattform&nbsp; <a href=\"https:\/\/www.hsu-hh.de\/ilias\/\">https:\/\/www.hsu-hh.de\/ilias\/<\/a><\/p>\n<p><\/p>\n<h3>Fr\u00fchjahrstrimester 2019<\/h3>\n<p><strong>Wirtschaftsprivatrecht II: Teil 1<\/strong><br>Montag, 11:30-13:00 Uhr, Geb. H1, H\u00f6rsaal 2 (bis 17.6.2019)<\/p>\n<p><strong>Aktien-, Konzern- und Umwandlungsrecht<\/strong><br>Montag, 14:00-15:30 Uhr, Geb. H1, SR 0108 (bis 17.6.2019)<\/p>\n<p><strong>Seminar zum Gesellschaftsrecht<\/strong><br>n.V.<\/p>\n<p>Hinweis: Materialien zu den Lehrveranstaltungen sowie allgemeine juristische Lern-Module zum Selbststudium finden Sie auf der E-Lernplattform&nbsp; <a href=\"https:\/\/www.hsu-hh.de\/ilias\/\">https:\/\/www.hsu-hh.de\/ilias\/<\/a><\/p>\n<p><\/p>\n<h3>Wintertrimester 2019<\/h3>\n<p><strong>Gesellschafts- und Arbeitsrecht: Vertiefung Gesellschaftsrecht<\/strong><br>Montag, 9:45-11:15 Uhr, Geb. H1, SR 0110 (7.1.-18.3.2019)<\/p>\n<p><strong>Aktien-, Konzern- und Umwandlungsrecht<\/strong><br>Montag, 15:45-17:15 Uhr, Geb. H1, SR 0109 (7.1.-18.3.2019)<\/p>\n<p><strong>Einf\u00fchrung in den Begriff des Risikos<\/strong><br>(zusammen mit G. Frahm, C. Huber, T. Scheytt, M. Schuler-Harms, E. St\u00fcbinger)<br><strong>n.V<\/strong>.<\/p>\n<p><strong>Recht der Technik: Patentrecht (Lehrbeauftragter H. Jan\u00dfen)<\/strong><br>Freitag (14-t\u00e4gig), 15:00-18:15 Uhr, Geb. H1, SR 0405 (bis 22.3.2019)<\/p>\n<p>Hinweis: Materialien zu den Lehrveranstaltungen sowie allgemeine juristische Lern-Module zum Selbststudium finden Sie auf der E-Lernplattform&nbsp; <a href=\"https:\/\/www.hsu-hh.de\/ilias\/\">https:\/\/www.hsu-hh.de\/ilias\/<\/a><\/p>\n<p><\/p>\n<h3>Herbsttrimester 2018<\/h3>\n<p><strong>Recht der Technik: Produkthaftungs- und Produktsicherheitsrecht<\/strong><br>Dienstag, 11:30-13:00 Uhr, Geb. H1, HS 0004 (2.10.-11.12.2018)<\/p>\n<p><strong>Wichtiger Hinweis:<\/strong> Die Vorlesung f\u00fcr Recht der Technik musste krankheitshalber<br>am Dienstag, 2. Oktober 2018, 11.30-13.00 Uhr, ausfallen.<\/p>\n<p>Die <strong>Vorlesungen ab 9.10.2018 werden wieder regul\u00e4r stattfinden.<\/strong><br>Frau Ann-Kristin Hadamczik wird bis auf Weiteres Herrn <abbr title=\"Professor\">Prof.<\/abbr> Reiner f\u00fcr die Vorlesung vertreten.<\/p>\n<p><strong>Alle weiteren Bekanntmachungn erfolgen \u00fcber das CMS.<br>Bitte melden Sie sich <em>zeitnah<\/em> \u00fcber das CMS an.<\/strong><\/p>\n<p>Die <strong>Sprechstunde, Dienstag, 18-19 h, <\/strong>wird ebenfalls krankheitshalber vorerst <strong>ausfallen<\/strong>.<\/p>\n<p><strong>Begleitkurs Recht der Technik: Produkthaftungsrecht<\/strong><br>n.V. (A. Hadamczik)<\/p>\n<p><strong>Seminar ABT und RM: Gesellschaftsrecht<\/strong><br>n.V.<\/p>\n<p>Hinweis: Materialien zu den Lehrveranstaltungen sowie allgemeine juristische Lern-Module zum Selbststudium finden Sie auf der E-Lernplattform&nbsp; <a href=\"https:\/\/www.hsu-hh.de\/ilias\/\">https:\/\/www.hsu-hh.de\/ilias\/<\/a><\/p>\n<p><strong>Sprechstunde im <abbr title=\"Herbsttrimester\">HT<\/abbr> 2018:<\/strong> Dienstags, 18.00 &#8211; 19.00 Uhr<\/p>\n<p><\/p>\n<h3>Fr\u00fchjahrstrimester 2018<\/h3>\n<p><strong>Aktien-, Konzern- und Umwandlungsrecht II<\/strong><br>Montag, 14.00-15.30 Uhr, Geb. H1, SR 108<\/p>\n<p><strong>Begleitkurs Aktien-, Konzern- und Umwandlungsrecht<\/strong><br>n.V. (A. Hadamczik)<\/p>\n<p><strong>Risiko und Vertrag: Risikovertr\u00e4ge<\/strong><br>Dienstag, 17.30-19.00 Uhr, Geb. H1, SR 105<\/p>\n<p><strong>Seminar ABT und RM: Gesellschaftsrecht<\/strong><br>n.V.<\/p>\n<p>Hinweis: Materialien zu den Lehrveranstaltungen sowie allgemeine juristische Lern-Module zum Selbststudium finden Sie auf der E-Lernplattform&nbsp; <a href=\"https:\/\/www.hsu-hh.de\/ilias\/\">https:\/\/www.hsu-hh.de\/ilias\/<\/a><\/p>\n<p><strong>Sprechstunde im <abbr title=\"Fr\u00fchjahrstrimester\">FT<\/abbr> 2018: <\/strong>Dienstags, 19.15-20.00 Uhr<\/p>\n<p><br><h3>Wintertrimester 2018<\/h3><\/p>\n<p><strong>Aktien-, Konzern- und Umwandlungsrecht I<\/strong><br>Montags, 15.45-17.15 Uhr, Geb. H1, SR 109<\/p>\n<p><strong><br>Spezielles Wirtschaftsrecht: Kapitalmarktrecht<\/strong><br>Dienstags, 17.30-19.00 Uhr, Geb. H1, SR. 108<\/p>\n<p><strong><br>Einf\u00fchrung in den Begriff des Risikos<\/strong><br>n.V.<\/p>\n<p><strong>Hinweis:<\/strong> Materialien zu den Lehrveranstaltungen sowie allgemeine juristische Lern-Module zum Selbststudium finden Sie auf der E-Lernplattform&nbsp; <a href=\"https:\/\/www.hsu-hh.de\/ilias\/\">https:\/\/www.hsu-hh.de\/ilias\/<\/a><\/p>\n<p><strong>Sprechstunde im <abbr title=\"Wintertrimester\">WT<\/abbr> 2018:<\/strong> Dienstags, 19.15 &#8211; 20.00 Uhr<\/p>\n<p><br><h3>Herbsttrimester 2017<\/h3><\/p>\n<p>Recht der Technik &#8211; Produkthaftungs- und Produktsicherheitsrecht &#8211; Vorlesung &#8211;<\/p>\n<p>Recht der Technik &#8211; Produkthaftungsrecht &#8211; Begleitkurs &#8211;<\/p>\n<p>Hinweis: Materialien zu den Lehrveranstaltungen sowie allgemeine juristische Lern-Module zum Selbststudium finden Sie auf der E-Lernplattform&nbsp; <a href=\"https:\/\/www.hsu-hh.de\/ilias\/\">https:\/\/www.hsu-hh.de\/ilias\/<\/a><br><br><h3>Fr\u00fchjahrstrimester 2017<\/h3><\/p>\n<p>Wirtschaftsprivatrecht I: Teil 1<\/p>\n<p>Aktien-, Konzern- und Umwandlungsrecht II<\/p>\n<p>Risiko und Vertrag &#8211; Risikovertraege<\/p>\n<p>Seminar zum Gesellschaftsrecht<\/p>\n<p>Hinweis: Materialien zu den Lehrveranstaltungen sowie allgemeine juristische Lern-Module zum Selbststudium finden Sie auf der E-Lernplattform&nbsp;<a href=\"https:\/\/www.hsu-hh.de\/ilias\/\">https:\/\/www.hsu-hh.de\/ilias\/<\/a><br><br><h3>Wintertrimester 2017<\/h3><\/p>\n<p>Aktien-, Konzern- und Umwandlungsrecht I<\/p>\n<p>Gesellschaftsrecht und Arbeitsrecht: Vertiefung Gesellschaftsrecht<\/p>\n<p>Spezielles Wirtschaftsrecht: Kapitalmarktrecht<\/p>\n<p>Recht der Technik: Patentrecht (LB B. Janssen)<\/p>\n<p>Einf\u00fchrung in den Begriff des Risikos<\/p>\n<p>Hinweis: Materialien zu den Lehrveranstaltungen sowie allgemeine juristische Lern-Module zum Selbststudium finden Sie auf der E-Lernplattform <a href=\"https:\/\/www.hsu-hh.de\/ilias\/\">https:\/\/www.hsu-hh.de\/ilias\/<\/a><br><\/p>\n<p><\/p>\n\n\n<p><\/p>\n","protected":false},"excerpt":{"rendered":"<p>Wintertrimester 2023 Wirtschaftsrecht: Handelsrecht (WS15J02) R\u00d6V Handelsrecht (WS11J07)Montag, 14.00-15.30 Uhr, Geb. H01, HS 2 (bis 20.3.2023) Aktien-, Konzern- und Umwandlungsrecht (WS21J11)Montag, 9.45-11.15 Uhr, Geb. H1, SR 0401\/0402 (bis 20.3.2023) Rechtstheorie\/Methodenlehre [&hellip;]<\/p>\n","protected":false},"author":64,"featured_media":0,"parent":0,"menu_order":0,"comment_status":"closed","ping_status":"closed","template":"","meta":{"footnotes":""},"categories":[6],"tags":[42,40,76],"class_list":["post-107","page","type-page","status-publish","hentry","category-lehre","tag-lehre","tag-reiner","tag-rm-broschuere"],"_links":{"self":[{"href":"https:\/\/www.hsu-hh.de\/reiner\/wp-json\/wp\/v2\/pages\/107","targetHints":{"allow":["GET"]}}],"collection":[{"href":"https:\/\/www.hsu-hh.de\/reiner\/wp-json\/wp\/v2\/pages"}],"about":[{"href":"https:\/\/www.hsu-hh.de\/reiner\/wp-json\/wp\/v2\/types\/page"}],"author":[{"embeddable":true,"href":"https:\/\/www.hsu-hh.de\/reiner\/wp-json\/wp\/v2\/users\/64"}],"replies":[{"embeddable":true,"href":"https:\/\/www.hsu-hh.de\/reiner\/wp-json\/wp\/v2\/comments?post=107"}],"version-history":[{"count":121,"href":"https:\/\/www.hsu-hh.de\/reiner\/wp-json\/wp\/v2\/pages\/107\/revisions"}],"predecessor-version":[{"id":714,"href":"https:\/\/www.hsu-hh.de\/reiner\/wp-json\/wp\/v2\/pages\/107\/revisions\/714"}],"wp:attachment":[{"href":"https:\/\/www.hsu-hh.de\/reiner\/wp-json\/wp\/v2\/media?parent=107"}],"wp:term":[{"taxonomy":"category","embeddable":true,"href":"https:\/\/www.hsu-hh.de\/reiner\/wp-json\/wp\/v2\/categories?post=107"},{"taxonomy":"post_tag","embeddable":true,"href":"https:\/\/www.hsu-hh.de\/reiner\/wp-json\/wp\/v2\/tags?post=107"}],"curies":[{"name":"wp","href":"https:\/\/api.w.org\/{rel}","templated":true}]}}