{"id":73,"date":"2017-07-03T15:52:08","date_gmt":"2017-07-03T13:52:08","guid":{"rendered":"https:\/\/www.hsu-hh.de\/rdt\/?page_id=73"},"modified":"2026-04-22T22:01:45","modified_gmt":"2026-04-22T20:01:45","slug":"startseite","status":"publish","type":"page","link":"https:\/\/www.hsu-hh.de\/rdt\/de\/startseite\/","title":{"rendered":"Professur f\u00fcr \u00d6ffentliches Recht mit einem Schwerpunkt im \u00f6ffentlichen Wirtschaftsrecht und Recht der Transformation"},"content":{"rendered":"\n<p><abbr title=\"Universit\u00e4tsprofessor\">Univ.-Prof.<\/abbr> <abbr title=\"Doktor\">Dr.<\/abbr> iur. Dana-Sophia Valentiner <\/p>\n\n\n\n<div style=\"height:33px\" aria-hidden=\"true\" class=\"wp-block-spacer\"><\/div>\n\n\n<div class=\"wp-block-image\">\n<figure class=\"aligncenter size-large\"><img loading=\"lazy\" decoding=\"async\" width=\"2560\" height=\"1439\" src=\"https:\/\/www.hsu-hh.de\/rdt\/wp-content\/uploads\/sites\/940\/2026\/04\/DSC05537-Kopie-edited-scaled.jpeg\" data-credit=\"Gelhausen\/Bundeswehr\/HSU\/UniBwH\" alt=\"\" class=\"wp-image-781\" srcset=\"https:\/\/www.hsu-hh.de\/rdt\/wp-content\/uploads\/sites\/940\/2026\/04\/DSC05537-Kopie-edited-scaled.jpeg 2560w, https:\/\/www.hsu-hh.de\/rdt\/wp-content\/uploads\/sites\/940\/2026\/04\/DSC05537-Kopie-edited-300x169.jpeg 300w, https:\/\/www.hsu-hh.de\/rdt\/wp-content\/uploads\/sites\/940\/2026\/04\/DSC05537-Kopie-edited-1024x576.jpeg 1024w, https:\/\/www.hsu-hh.de\/rdt\/wp-content\/uploads\/sites\/940\/2026\/04\/DSC05537-Kopie-edited-768x432.jpeg 768w, https:\/\/www.hsu-hh.de\/rdt\/wp-content\/uploads\/sites\/940\/2026\/04\/DSC05537-Kopie-edited-1536x864.jpeg 1536w, https:\/\/www.hsu-hh.de\/rdt\/wp-content\/uploads\/sites\/940\/2026\/04\/DSC05537-Kopie-edited-2048x1151.jpeg 2048w, https:\/\/www.hsu-hh.de\/rdt\/wp-content\/uploads\/sites\/940\/2026\/04\/DSC05537-Kopie-edited-1100x618.jpeg 1100w\" sizes=\"auto, (max-width: 2560px) 100vw, 2560px\" \/><\/figure>\n<\/div>\n\n\n<h2 class=\"wp-block-heading has-text-align-center\" style=\"font-size:30px;font-style:normal;font-weight:200\">Herzlich Willkommen auf der Webseite der Professur f\u00fcr \u00d6ffentliches Recht mit einem Schwerpunkt im \u00f6ffentlichen Wirtschaftsrecht und Recht der Transformation<\/h2>\n\n\n\n<div style=\"height:16px\" aria-hidden=\"true\" class=\"wp-block-spacer\"><\/div>\n\n\n\n<div class=\"wp-block-columns are-vertically-aligned-center is-layout-flex wp-container-core-columns-is-layout-9d6595d7 wp-block-columns-is-layout-flex\">\n<div class=\"wp-block-column is-vertically-aligned-center is-layout-flow wp-block-column-is-layout-flow\" style=\"flex-basis:100%\">\n<h2 class=\"wp-block-heading\">Aktuelles<\/h2>\n<\/div>\n<\/div>\n\n\n<div id=\"category_content_OadShAmF\" class=\"hsu_category archive-page\"><article  id=\"post-740\" class=\"category-list-item post-740 post type-post status-publish format-standard hentry \"><a href=\"https:\/\/www.hsu-hh.de\/rdt\/de\/prof-dr-dana-sophia-valentiner-als-sachverstaendige-im-ausschuss-fuer-gesundheit\/\" title=\"Prof. Dr. Dana-Sophia Valentiner als Sachverst\u00e4ndige im Ausschuss f\u00fcr Gesundheit\" >\t<div class=\"article-listitem-datetime\">\t\t<time class=\"updated\" datetime=\"2026-04-16 18:49:50\"><\/time>\t\t<span class=\"article-month\">\t\t\t<time class=\"entry-date published\" datetime=\"2026-04-16 18:49:24\">Apr<\/time>\t\t<\/span>\t\t<span class=\"article-day\">\t\t\t<time class=\"entry-date published\" datetime=\"2026-04-16 18:49:24\">16<\/time>\t\t<\/span>\t\t<span class=\"article-datetime\">\t\t\t<time class=\"entry-date published\" datetime=\"2026-04-16 18:49:24\">2026<\/time>\t\t<\/span>\t<\/div><div class=\"hsu_category_article-content-wrap\"><div class=\"hsu_category_article-content-wrap-inner\"><div>\t<header class=\"entry-header\">\t\t<h3 class=\"entry-title\">Prof. Dr. Dana-Sophia Valentiner als Sachverst\u00e4ndige im Ausschuss f\u00fcr Gesundheit\t\t<\/h3>\t<\/header><div class=\"entry-content-excerpt\">Am 15. April 2026 fand eine \u00f6ffentliche Anh\u00f6rung im Gesundheitsausschuss des Bundestages statt, die sich mit der Versorgungslage bei Schwangerschaftsabbr\u00fcchen befasste. Prof. Dr. Dana-Sophia Valentiner war als Sachverst\u00e4ndige zu der Anh\u00f6rung eingeladen und sprach unter anderem zur Verpflichtung von Krankenh\u00e4usern in Bezug auf die Durchf\u00fchrung von Schwangerschaftsabbr\u00fcchen, zum Verweigerungsrecht an der Mitwirkung von Schwangerschaftsabbr\u00fcchen, sowie&#8230;<\/div> <\/div><\/div><\/div><\/a><\/article><article  id=\"post-720\" class=\"category-list-item post-720 post type-post status-publish format-standard hentry \"><a href=\"https:\/\/www.hsu-hh.de\/rdt\/de\/neuer-beitrag-in-der-medr-erschienen\/\" title=\"Neuer Beitrag in der MedR erschienen\u00a0\" >\t<div class=\"article-listitem-datetime\">\t\t<time class=\"updated\" datetime=\"2026-04-03 20:26:49\"><\/time>\t\t<span class=\"article-month\">\t\t\t<time class=\"entry-date published\" datetime=\"2026-04-03 20:19:04\">Apr<\/time>\t\t<\/span>\t\t<span class=\"article-day\">\t\t\t<time class=\"entry-date published\" datetime=\"2026-04-03 20:19:04\">03<\/time>\t\t<\/span>\t\t<span class=\"article-datetime\">\t\t\t<time class=\"entry-date published\" datetime=\"2026-04-03 20:19:04\">2026<\/time>\t\t<\/span>\t<\/div><div class=\"hsu_category_article-content-wrap\"><div class=\"hsu_category_article-content-wrap-inner\"><div>\t<header class=\"entry-header\">\t\t<h3 class=\"entry-title\">Neuer Beitrag in der MedR erschienen\u00a0\t\t<\/h3>\t<\/header><div class=\"entry-content-excerpt\">Unter dem Titel Zwischen Wunsch und Wirklichkeit: Reproduktive Gerechtigkeit als Konzept f\u00fcr ein \u201eRecht der Reproduktion\u201c ist ein neuer Beitrag in der Zeitschrift Medizinrecht erschienen. Darin fordern Prof. Dr. Henrike von Scheliha (Bucerius Law School Hamburg), Prof. Dr. Dana-Sophia Valentiner und Prof. Dr. Anne-Kristin Kuhnt (Universit\u00e4t Rostock) ein Umdenken im Umgang mit reproduktiven Rechten und&#8230;<\/div> <\/div><\/div><\/div><\/a><\/article><article  id=\"post-707\" class=\"category-list-item post-707 post type-post status-publish format-standard hentry \"><a href=\"https:\/\/www.hsu-hh.de\/rdt\/de\/digitale-gewalt-prof-dr-dana-sophia-valentiner-im-interview-mit-der-sueddeutschen-zeitung-und-im-podcast-justitias-toechter\/\" title=\"Digitale Gewalt: Prof. Dr. Dana-Sophia Valentiner im Interview mit der S\u00fcddeutschen Zeitung und im Podcast Justitias T\u00f6chter\" >\t<div class=\"article-listitem-datetime\">\t\t<time class=\"updated\" datetime=\"2026-03-30 10:43:07\"><\/time>\t\t<span class=\"article-month\">\t\t\t<time class=\"entry-date published\" datetime=\"2026-03-30 10:37:44\">M\u00e4r<\/time>\t\t<\/span>\t\t<span class=\"article-day\">\t\t\t<time class=\"entry-date published\" datetime=\"2026-03-30 10:37:44\">30<\/time>\t\t<\/span>\t\t<span class=\"article-datetime\">\t\t\t<time class=\"entry-date published\" datetime=\"2026-03-30 10:37:44\">2026<\/time>\t\t<\/span>\t<\/div><div class=\"hsu_category_article-content-wrap\"><div class=\"hsu_category_article-content-wrap-inner\"><div>\t<header class=\"entry-header\">\t\t<h3 class=\"entry-title\">Digitale Gewalt: Prof. Dr. Dana-Sophia Valentiner im Interview mit der S\u00fcddeutschen Zeitung und im Podcast Justitias T\u00f6chter\t\t<\/h3>\t<\/header><div class=\"entry-content-excerpt\">Im Zusammenhang mit dem Fall von Collien Fernandes spricht Prof. Dr. Dana-Sophia Valentiner im Interview mit der S\u00fcddeutschen Zeitung \u00fcber digitale Gewalt, sexualisierte Deepfakes und Femizide. Dabei geht es vor allem um die Frage, wie das Recht f\u00fcr Geschlechtergerechtigkeit sorgen kann und was es br\u00e4uchte, um wirksame (strafrechtliche) Schutzmechanismen f\u00fcr Betroffene zu schaffen. Das gesamte&#8230;<\/div> <\/div><\/div><\/div><\/a><\/article><article  id=\"post-689\" class=\"category-list-item post-689 post type-post status-publish format-standard hentry \"><a href=\"https:\/\/www.hsu-hh.de\/rdt\/de\/kommentar-zum-selbstbestimmungsgesetz-sbgg-erschienen\/\" title=\"Kommentar zum Selbstbestimmungsgesetz (SBGG) erschienen\" >\t<div class=\"article-listitem-datetime\">\t\t<time class=\"updated\" datetime=\"2026-03-13 17:46:00\"><\/time>\t\t<span class=\"article-month\">\t\t\t<time class=\"entry-date published\" datetime=\"2026-03-13 17:46:00\">M\u00e4r<\/time>\t\t<\/span>\t\t<span class=\"article-day\">\t\t\t<time class=\"entry-date published\" datetime=\"2026-03-13 17:46:00\">13<\/time>\t\t<\/span>\t\t<span class=\"article-datetime\">\t\t\t<time class=\"entry-date published\" datetime=\"2026-03-13 17:46:00\">2026<\/time>\t\t<\/span>\t<\/div><div class=\"hsu_category_article-content-wrap\"><div class=\"hsu_category_article-content-wrap-inner\"><div>\t<header class=\"entry-header\">\t\t<h3 class=\"entry-title\">Kommentar zum Selbstbestimmungsgesetz (SBGG) erschienen\t\t<\/h3>\t<\/header><div class=\"entry-content-excerpt\">Vor wenigen Wochen ist im Beck-Verlag der neue Kommentar zum Selbstbestimmungsgesetz (SBGG) erschienen. Der Kommentar wird von Prof. Dr. Bettina Konstanze Rentsch (FU Berlin) und Prof. Dr. Dana-Sophia Valentiner herausgegeben und widmet sich nicht nur der Kommentierung der 15 Paragrafen des SBGG, sondern stellt auch weitere Themenbereiche dar. Mit den enthaltenden Praxishinweisen leistet der Kommentar&#8230;<\/div> <\/div><\/div><\/div><\/a><\/article><article  id=\"post-684\" class=\"category-list-item post-684 post type-post status-publish format-standard hentry \"><a href=\"https:\/\/www.hsu-hh.de\/rdt\/de\/das-abstammungsrecht-im-rechtspolitischen-fokus-gastvortrag-von-dr-lucy-chebout\/\" title=\"Das Abstammungsrecht im rechtspolitischen Fokus: Gastvortrag von Dr. Lucy Chebout\" >\t<div class=\"article-listitem-datetime\">\t\t<time class=\"updated\" datetime=\"2026-03-12 11:00:31\"><\/time>\t\t<span class=\"article-month\">\t\t\t<time class=\"entry-date published\" datetime=\"2026-03-12 10:59:57\">M\u00e4r<\/time>\t\t<\/span>\t\t<span class=\"article-day\">\t\t\t<time class=\"entry-date published\" datetime=\"2026-03-12 10:59:57\">12<\/time>\t\t<\/span>\t\t<span class=\"article-datetime\">\t\t\t<time class=\"entry-date published\" datetime=\"2026-03-12 10:59:57\">2026<\/time>\t\t<\/span>\t<\/div><div class=\"hsu_category_article-content-wrap\"><div class=\"hsu_category_article-content-wrap-inner\"><div>\t<header class=\"entry-header\">\t\t<h3 class=\"entry-title\">Das Abstammungsrecht im rechtspolitischen Fokus: Gastvortrag von Dr. Lucy Chebout\t\t<\/h3>\t<\/header><div class=\"entry-content-excerpt\">Unter dem Titel \u201eNicht von schlechten Eltern \u2013 Das Abstammungsrecht im rechtspolitischen Fokus\u201c fand am 10. M\u00e4rz 2026 ein Gastvortrag von Dr. Lucy Chebout (Verfassungsrichterin in Berlin und Vizepr\u00e4sidentin des Deutschen Juristinnenbundes e.V.) an der HSU\/UniBw H statt. Der Vortrag wurde vom Forschungsnetzwerk ReproGerecht organisiert und besch\u00e4ftigte sich mit dem dringenden Reformbedarf im geltenden Abstammungsrecht&#8230;<\/div> <\/div><\/div><\/div><\/a><\/article><\/div><div class=\"clearfix\"><\/div><div class=\"col-xs-12 col-md-3 col-md-push-4\"><span class=\"link no-arrow\"><button class=\"gcategorymore hsu_btn\" id=\"OadShAmF\"  data-catID=\"46\" data-postsPerPage=\"5\" data-order=\"DESC\" data-paged=\"2\" data-more_posts=\"1\" data-postexcerpt=\"1\" data-postmeta=\"1\" data-posttitle=\"1\" data-currentPostId=\"73\" data-uid=\"OadShAmF\" data-ajax=\"true\" >Mehr Beitr\u00e4ge<\/button><\/span><\/div><div class=\"clearfix\"><\/div>","protected":false},"excerpt":{"rendered":"<p>Univ.-Prof. Dr. iur. Dana-Sophia Valentiner Herzlich Willkommen auf der Webseite der Professur f\u00fcr \u00d6ffentliches Recht mit einem Schwerpunkt im \u00f6ffentlichen Wirtschaftsrecht und Recht der Transformation Aktuelles<\/p>\n","protected":false},"author":26,"featured_media":0,"parent":0,"menu_order":0,"comment_status":"closed","ping_status":"closed","template":"","meta":{"_EventAllDay":false,"_EventTimezone":"","_EventStartDate":"","_EventEndDate":"","_EventStartDateUTC":"","_EventEndDateUTC":"","_EventShowMap":false,"_EventShowMapLink":false,"_EventURL":"","_EventCost":"","_EventCostDescription":"","_EventCurrencySymbol":"","_EventCurrencyCode":"","_EventCurrencyPosition":"","_EventDateTimeSeparator":"","_EventTimeRangeSeparator":"","_EventOrganizerID":[],"_EventVenueID":[],"_OrganizerEmail":"","_OrganizerPhone":"","_OrganizerWebsite":"","_VenueAddress":"","_VenueCity":"","_VenueCountry":"","_VenueProvince":"","_VenueState":"","_VenueZip":"","_VenuePhone":"","_VenueURL":"","_VenueStateProvince":"","_VenueLat":"","_VenueLng":"","_VenueShowMap":false,"_VenueShowMapLink":false,"footnotes":""},"categories":[35],"tags":[],"class_list":["post-73","page","type-page","status-publish","hentry","category-startseite"],"_links":{"self":[{"href":"https:\/\/www.hsu-hh.de\/rdt\/wp-json\/wp\/v2\/pages\/73","targetHints":{"allow":["GET"]}}],"collection":[{"href":"https:\/\/www.hsu-hh.de\/rdt\/wp-json\/wp\/v2\/pages"}],"about":[{"href":"https:\/\/www.hsu-hh.de\/rdt\/wp-json\/wp\/v2\/types\/page"}],"author":[{"embeddable":true,"href":"https:\/\/www.hsu-hh.de\/rdt\/wp-json\/wp\/v2\/users\/26"}],"replies":[{"embeddable":true,"href":"https:\/\/www.hsu-hh.de\/rdt\/wp-json\/wp\/v2\/comments?post=73"}],"version-history":[{"count":33,"href":"https:\/\/www.hsu-hh.de\/rdt\/wp-json\/wp\/v2\/pages\/73\/revisions"}],"predecessor-version":[{"id":782,"href":"https:\/\/www.hsu-hh.de\/rdt\/wp-json\/wp\/v2\/pages\/73\/revisions\/782"}],"wp:attachment":[{"href":"https:\/\/www.hsu-hh.de\/rdt\/wp-json\/wp\/v2\/media?parent=73"}],"wp:term":[{"taxonomy":"category","embeddable":true,"href":"https:\/\/www.hsu-hh.de\/rdt\/wp-json\/wp\/v2\/categories?post=73"},{"taxonomy":"post_tag","embeddable":true,"href":"https:\/\/www.hsu-hh.de\/rdt\/wp-json\/wp\/v2\/tags?post=73"}],"curies":[{"name":"wp","href":"https:\/\/api.w.org\/{rel}","templated":true}]}}

Professur für Öffentliches Recht mit einem Schwerpunkt im öffentlichen Wirtschaftsrecht und Recht der Transformation

<p><abbr title="Universitätsprofessor">Univ.-Prof.</abbr> <abbr title="Doktor">Dr.</abbr> iur. Dana-Sophia Valentiner </p>



<div style="height:33px" aria-hidden="true" class="wp-block-spacer"></div>


<div class="wp-block-image">
<figure class="aligncenter size-large"><img loading="lazy" decoding="async" width="2560" height="1439" src="https://www.hsu-hh.de/rdt/wp-content/uploads/sites/940/2026/04/DSC05537-Kopie-edited-scaled.jpeg" data-credit="Gelhausen/Bundeswehr/HSU/UniBwH" alt="" class="wp-image-781" srcset="https://www.hsu-hh.de/rdt/wp-content/uploads/sites/940/2026/04/DSC05537-Kopie-edited-scaled.jpeg 2560w, https://www.hsu-hh.de/rdt/wp-content/uploads/sites/940/2026/04/DSC05537-Kopie-edited-300x169.jpeg 300w, https://www.hsu-hh.de/rdt/wp-content/uploads/sites/940/2026/04/DSC05537-Kopie-edited-1024x576.jpeg 1024w, https://www.hsu-hh.de/rdt/wp-content/uploads/sites/940/2026/04/DSC05537-Kopie-edited-768x432.jpeg 768w, https://www.hsu-hh.de/rdt/wp-content/uploads/sites/940/2026/04/DSC05537-Kopie-edited-1536x864.jpeg 1536w, https://www.hsu-hh.de/rdt/wp-content/uploads/sites/940/2026/04/DSC05537-Kopie-edited-2048x1151.jpeg 2048w, https://www.hsu-hh.de/rdt/wp-content/uploads/sites/940/2026/04/DSC05537-Kopie-edited-1100x618.jpeg 1100w" sizes="auto, (max-width: 2560px) 100vw, 2560px" /></figure>
</div>


<h2 class="wp-block-heading has-text-align-center" style="font-size:30px;font-style:normal;font-weight:200">Herzlich Willkommen auf der Webseite der Professur für Öffentliches Recht mit einem Schwerpunkt im öffentlichen Wirtschaftsrecht und Recht der Transformation</h2>



<div style="height:16px" aria-hidden="true" class="wp-block-spacer"></div>



<div class="wp-block-columns are-vertically-aligned-center is-layout-flex wp-container-core-columns-is-layout-9d6595d7 wp-block-columns-is-layout-flex">
<div class="wp-block-column is-vertically-aligned-center is-layout-flow wp-block-column-is-layout-flow" style="flex-basis:100%">
<h2 class="wp-block-heading">Aktuelles</h2>
</div>
</div>


<div id="category_content_OadShAmF" class="hsu_category archive-page"><article  id="post-740" class="category-list-item post-740 post type-post status-publish format-standard hentry "><a href="https://www.hsu-hh.de/rdt/de/prof-dr-dana-sophia-valentiner-als-sachverstaendige-im-ausschuss-fuer-gesundheit/" title="Prof. Dr. Dana-Sophia Valentiner als Sachverständige im Ausschuss für Gesundheit" >	<div class="article-listitem-datetime">		<time class="updated" datetime="2026-04-16 18:49:50"></time>		<span class="article-month">			<time class="entry-date published" datetime="2026-04-16 18:49:24">Apr</time>		</span>		<span class="article-day">			<time class="entry-date published" datetime="2026-04-16 18:49:24">16</time>		</span>		<span class="article-datetime">			<time class="entry-date published" datetime="2026-04-16 18:49:24">2026</time>		</span>	</div><div class="hsu_category_article-content-wrap"><div class="hsu_category_article-content-wrap-inner"><div>	<header class="entry-header">		<h3 class="entry-title">Prof. Dr. Dana-Sophia Valentiner als Sachverständige im Ausschuss für Gesundheit		</h3>	</header><div class="entry-content-excerpt">Am 15. April 2026 fand eine öffentliche Anhörung im Gesundheitsausschuss des Bundestages statt, die sich mit der Versorgungslage bei Schwangerschaftsabbrüchen befasste. Prof. Dr. Dana-Sophia Valentiner war als Sachverständige zu der Anhörung eingeladen und sprach unter anderem zur Verpflichtung von Krankenhäusern in Bezug auf die Durchführung von Schwangerschaftsabbrüchen, zum Verweigerungsrecht an der Mitwirkung von Schwangerschaftsabbrüchen, sowie&#8230;</div> </div></div></div></a></article><article  id="post-720" class="category-list-item post-720 post type-post status-publish format-standard hentry "><a href="https://www.hsu-hh.de/rdt/de/neuer-beitrag-in-der-medr-erschienen/" title="Neuer Beitrag in der MedR erschienen " >	<div class="article-listitem-datetime">		<time class="updated" datetime="2026-04-03 20:26:49"></time>		<span class="article-month">			<time class="entry-date published" datetime="2026-04-03 20:19:04">Apr</time>		</span>		<span class="article-day">			<time class="entry-date published" datetime="2026-04-03 20:19:04">03</time>		</span>		<span class="article-datetime">			<time class="entry-date published" datetime="2026-04-03 20:19:04">2026</time>		</span>	</div><div class="hsu_category_article-content-wrap"><div class="hsu_category_article-content-wrap-inner"><div>	<header class="entry-header">		<h3 class="entry-title">Neuer Beitrag in der MedR erschienen 		</h3>	</header><div class="entry-content-excerpt">Unter dem Titel Zwischen Wunsch und Wirklichkeit: Reproduktive Gerechtigkeit als Konzept für ein „Recht der Reproduktion“ ist ein neuer Beitrag in der Zeitschrift Medizinrecht erschienen. Darin fordern Prof. Dr. Henrike von Scheliha (Bucerius Law School Hamburg), Prof. Dr. Dana-Sophia Valentiner und Prof. Dr. Anne-Kristin Kuhnt (Universität Rostock) ein Umdenken im Umgang mit reproduktiven Rechten und&#8230;</div> </div></div></div></a></article><article  id="post-707" class="category-list-item post-707 post type-post status-publish format-standard hentry "><a href="https://www.hsu-hh.de/rdt/de/digitale-gewalt-prof-dr-dana-sophia-valentiner-im-interview-mit-der-sueddeutschen-zeitung-und-im-podcast-justitias-toechter/" title="Digitale Gewalt: Prof. Dr. Dana-Sophia Valentiner im Interview mit der Süddeutschen Zeitung und im Podcast Justitias Töchter" >	<div class="article-listitem-datetime">		<time class="updated" datetime="2026-03-30 10:43:07"></time>		<span class="article-month">			<time class="entry-date published" datetime="2026-03-30 10:37:44">Mär</time>		</span>		<span class="article-day">			<time class="entry-date published" datetime="2026-03-30 10:37:44">30</time>		</span>		<span class="article-datetime">			<time class="entry-date published" datetime="2026-03-30 10:37:44">2026</time>		</span>	</div><div class="hsu_category_article-content-wrap"><div class="hsu_category_article-content-wrap-inner"><div>	<header class="entry-header">		<h3 class="entry-title">Digitale Gewalt: Prof. Dr. Dana-Sophia Valentiner im Interview mit der Süddeutschen Zeitung und im Podcast Justitias Töchter		</h3>	</header><div class="entry-content-excerpt">Im Zusammenhang mit dem Fall von Collien Fernandes spricht Prof. Dr. Dana-Sophia Valentiner im Interview mit der Süddeutschen Zeitung über digitale Gewalt, sexualisierte Deepfakes und Femizide. Dabei geht es vor allem um die Frage, wie das Recht für Geschlechtergerechtigkeit sorgen kann und was es bräuchte, um wirksame (strafrechtliche) Schutzmechanismen für Betroffene zu schaffen. Das gesamte&#8230;</div> </div></div></div></a></article><article  id="post-689" class="category-list-item post-689 post type-post status-publish format-standard hentry "><a href="https://www.hsu-hh.de/rdt/de/kommentar-zum-selbstbestimmungsgesetz-sbgg-erschienen/" title="Kommentar zum Selbstbestimmungsgesetz (SBGG) erschienen" >	<div class="article-listitem-datetime">		<time class="updated" datetime="2026-03-13 17:46:00"></time>		<span class="article-month">			<time class="entry-date published" datetime="2026-03-13 17:46:00">Mär</time>		</span>		<span class="article-day">			<time class="entry-date published" datetime="2026-03-13 17:46:00">13</time>		</span>		<span class="article-datetime">			<time class="entry-date published" datetime="2026-03-13 17:46:00">2026</time>		</span>	</div><div class="hsu_category_article-content-wrap"><div class="hsu_category_article-content-wrap-inner"><div>	<header class="entry-header">		<h3 class="entry-title">Kommentar zum Selbstbestimmungsgesetz (SBGG) erschienen		</h3>	</header><div class="entry-content-excerpt">Vor wenigen Wochen ist im Beck-Verlag der neue Kommentar zum Selbstbestimmungsgesetz (SBGG) erschienen. Der Kommentar wird von Prof. Dr. Bettina Konstanze Rentsch (FU Berlin) und Prof. Dr. Dana-Sophia Valentiner herausgegeben und widmet sich nicht nur der Kommentierung der 15 Paragrafen des SBGG, sondern stellt auch weitere Themenbereiche dar. Mit den enthaltenden Praxishinweisen leistet der Kommentar&#8230;</div> </div></div></div></a></article><article  id="post-684" class="category-list-item post-684 post type-post status-publish format-standard hentry "><a href="https://www.hsu-hh.de/rdt/de/das-abstammungsrecht-im-rechtspolitischen-fokus-gastvortrag-von-dr-lucy-chebout/" title="Das Abstammungsrecht im rechtspolitischen Fokus: Gastvortrag von Dr. Lucy Chebout" >	<div class="article-listitem-datetime">		<time class="updated" datetime="2026-03-12 11:00:31"></time>		<span class="article-month">			<time class="entry-date published" datetime="2026-03-12 10:59:57">Mär</time>		</span>		<span class="article-day">			<time class="entry-date published" datetime="2026-03-12 10:59:57">12</time>		</span>		<span class="article-datetime">			<time class="entry-date published" datetime="2026-03-12 10:59:57">2026</time>		</span>	</div><div class="hsu_category_article-content-wrap"><div class="hsu_category_article-content-wrap-inner"><div>	<header class="entry-header">		<h3 class="entry-title">Das Abstammungsrecht im rechtspolitischen Fokus: Gastvortrag von Dr. Lucy Chebout		</h3>	</header><div class="entry-content-excerpt">Unter dem Titel „Nicht von schlechten Eltern – Das Abstammungsrecht im rechtspolitischen Fokus“ fand am 10. März 2026 ein Gastvortrag von Dr. Lucy Chebout (Verfassungsrichterin in Berlin und Vizepräsidentin des Deutschen Juristinnenbundes e.V.) an der HSU/UniBw H statt. Der Vortrag wurde vom Forschungsnetzwerk ReproGerecht organisiert und beschäftigte sich mit dem dringenden Reformbedarf im geltenden Abstammungsrecht&#8230;</div> </div></div></div></a></article></div><div class="clearfix"></div><div class="col-xs-12 col-md-3 col-md-push-4"><span class="link no-arrow"><button class="gcategorymore hsu_btn" id="OadShAmF"  data-catID="46" data-postsPerPage="5" data-order="DESC" data-paged="2" data-more_posts="1" data-postexcerpt="1" data-postmeta="1" data-posttitle="1" data-currentPostId="73" data-uid="OadShAmF" data-ajax="true" >Mehr Beiträge</button></span></div><div class="clearfix"></div>

<p>Univ.-Prof. Dr. iur. Dana-Sophia Valentiner Herzlich Willkommen auf der Webseite der Professur für Öffentliches Recht mit einem Schwerpunkt im öffentlichen Wirtschaftsrecht und Recht der Transformation Aktuelles</p>
