{"id":220,"date":"2025-09-10T15:19:57","date_gmt":"2025-09-10T13:19:57","guid":{"rendered":"https:\/\/www.hsu-hh.de\/rdt\/?page_id=220"},"modified":"2026-01-04T19:37:11","modified_gmt":"2026-01-04T18:37:11","slug":"univ-prof-dr-iur-dana-sophia-valentiner","status":"publish","type":"page","link":"https:\/\/www.hsu-hh.de\/rdt\/de\/mitarbeiter\/univ-prof-dr-iur-dana-sophia-valentiner\/","title":{"rendered":"Univ.-Prof.\u00a0Dr.\u00a0Dana-Sophia Valentiner"},"content":{"rendered":"\n<p class=\"has-small-font-size\">Inhaberin der Professur f\u00fcr \u00d6ffentliches Recht mit einem Schwerpunkt im \u00f6ffentlichen Wirtschaftsrecht und Recht der Transformation<\/p>\n\n\n\n<div style=\"height:33px\" aria-hidden=\"true\" class=\"wp-block-spacer\"><\/div>\n\n\n\n<div class=\"wp-block-columns is-layout-flex wp-container-core-columns-is-layout-9d6595d7 wp-block-columns-is-layout-flex\">\n<div class=\"wp-block-column is-layout-flow wp-block-column-is-layout-flow\">\n<p><strong>Anschrift<\/strong><br \/>Helmut-Schmidt-Universit\u00e4t<br \/>Fakult\u00e4t f\u00fcr Wirtschafts- und Sozialwissenschaften<br \/>Holstenhofweg 85<br \/>22043 Hamburg<\/p>\n<p>\u2014<br \/><strong>Postanschrift<\/strong><br \/>Helmut-Schmidt-Universit\u00e4t<br \/>Postfach 70 08 22<br \/>22008 Hamburg<\/p>\n<\/div>\n\n\n\n<div class=\"wp-block-column is-layout-flow wp-block-column-is-layout-flow\">\n<p><strong>Raum:<\/strong> H1, 2118<\/p>\n<p><strong>E-Mail:<\/strong> <a href=\"mailto:dana.valentiner@hsu.hamburg\" rel='nofollow'>dana.valentiner@hsu.hamburg<\/a><\/p>\n<\/p>\n<p><strong>Sekretariat:<\/strong> Anja Lahann<\/p>\n<p><strong>E-Mail<\/strong>: <a href=\"mailto:lahanna@hsu-hh.de\" rel='nofollow'>lahanna@hsu-hh.de<\/a><\/p>\n<p><strong>Telefon<\/strong>: +4940 6541-2621<\/p>\n<\/div>\n\n\n\n<div class=\"wp-block-column is-layout-flow wp-block-column-is-layout-flow\">\n<figure class=\"wp-block-image size-large\"><img loading=\"lazy\" decoding=\"async\" width=\"1024\" height=\"1024\" src=\"https:\/\/www.hsu-hh.de\/rdt\/wp-content\/uploads\/sites\/940\/2025\/09\/csm_Dana-Sophia_Valentiner_15-05-25_31a_d0c3b25634-1024x1024.jpg\" data-credit=\"Julia Tetzke\" alt=\"\" class=\"wp-image-229\" srcset=\"https:\/\/www.hsu-hh.de\/rdt\/wp-content\/uploads\/sites\/940\/2025\/09\/csm_Dana-Sophia_Valentiner_15-05-25_31a_d0c3b25634-1024x1024.jpg 1024w, https:\/\/www.hsu-hh.de\/rdt\/wp-content\/uploads\/sites\/940\/2025\/09\/csm_Dana-Sophia_Valentiner_15-05-25_31a_d0c3b25634-300x300.jpg 300w, https:\/\/www.hsu-hh.de\/rdt\/wp-content\/uploads\/sites\/940\/2025\/09\/csm_Dana-Sophia_Valentiner_15-05-25_31a_d0c3b25634-150x150.jpg 150w, https:\/\/www.hsu-hh.de\/rdt\/wp-content\/uploads\/sites\/940\/2025\/09\/csm_Dana-Sophia_Valentiner_15-05-25_31a_d0c3b25634-768x768.jpg 768w, https:\/\/www.hsu-hh.de\/rdt\/wp-content\/uploads\/sites\/940\/2025\/09\/csm_Dana-Sophia_Valentiner_15-05-25_31a_d0c3b25634-100x100.jpg 100w, https:\/\/www.hsu-hh.de\/rdt\/wp-content\/uploads\/sites\/940\/2025\/09\/csm_Dana-Sophia_Valentiner_15-05-25_31a_d0c3b25634-1100x1100.jpg 1100w, https:\/\/www.hsu-hh.de\/rdt\/wp-content\/uploads\/sites\/940\/2025\/09\/csm_Dana-Sophia_Valentiner_15-05-25_31a_d0c3b25634.jpg 1200w\" sizes=\"auto, (max-width: 1024px) 100vw, 1024px\" \/><\/figure>\n<\/div>\n<\/div>\n\n\n<p><strong>Sprechstunde<\/strong><\/p>\n<p>Diese findet dienstags, 14-15 Uhr statt. Bitte melden Sie sich per Mail im Sekretariat an.<\/p>\n\n\n<hr class=\"wp-block-separator has-alpha-channel-opacity\" \/>\n\n\n<p><strong>CV<\/strong><\/p>\n<p>Dana-Sophia Valentiner studierte Rechtswissenschaft und Genderkompetenz in Hamburg. Danach war sie als wissenschaftliche Mitarbeiterin an der Helmut-Schmidt-Universit\u00e4t\/Universit\u00e4t der Bundeswehr in Hamburg besch\u00e4ftigt. W\u00e4hrend dieser Zeit besuchte sie als <a href=\"https:\/\/research.kent.ac.uk\/sergj\/\" rel='nofollow'>Visiting Researcher das Kent Centre for Law, Gender and Sexuality<\/a> an der University of Kent, Canterbury\/UK. Sie wurde 2020 an der Universit\u00e4t Hamburg mit einer mehrfach pr\u00e4mierten verfassungsrechtlichen Arbeit zum <a href=\"https:\/\/www.nomos-shop.de\/de\/p\/das-grundrecht-auf-sexuelle-selbstbestimmung-gr-978-3-8487-7109-7\" rel='nofollow'>Grundrecht auf sexuelle Selbstbestimmung<\/a> promoviert. 2018 bis 2020 absolvierte sie das Rechtsreferendariat am Oberlandesgericht Celle, <abbr title=\"unter anderem\">u.a.<\/abbr> mit einer Station am Bundesverfassungsgericht. Von 2021 bis 2023 war sie <a href=\"https:\/\/www.awhamburg.de\/akademie\/young-academy-fellows\/detail\/dr-iur-dana-sophia-valentiner.html\" rel='nofollow'>Young Academy Fellow<\/a> der Akademie der Wissenschaften in Hamburg, seit 2023 ist sie assoziiertes Junges Mitglied. Von 2022 bis 2025 hatte sie die Juniorprofessorin f\u00fcr \u00d6ffentliches Recht an der Universit\u00e4t Rostock inne und erhielt die positive Zwischenevaluation. 2025 verbrachte sie einen Forschungsaufenthalt am Centre for Socio-Legal Studies an der University of Oxford\/UK. Seit 1.9.2025 ist sie Universit\u00e4tsprofessorin f\u00fcr \u00d6ffentliches Recht mit einem Schwerpunkt im \u00f6ffentlichen Wirtschaftsrecht und Recht der Transformation an der Helmut-Schmidt-Universit\u00e4t\/Universit\u00e4t der Bundeswehr in Hamburg.<\/p>\n\n\n<hr class=\"wp-block-separator has-alpha-channel-opacity\" \/>\n\n\n<p><strong>Schriften- und Vortragsverzeichnis<\/strong><\/p>\n<p><a href=\"https:\/\/www.hsu-hh.de\/rdt\/wp-content\/uploads\/sites\/940\/2025\/09\/Schriften-_und_Vortragsverzeichnis_8_2023.pdf\">Schriften- und Vortragsverzeichnis<\/a><\/p>\n\n\n<hr class=\"wp-block-separator has-alpha-channel-opacity\" \/>\n\n\n<p><strong>Auszeichnungen und Preise<\/strong><\/p>\n<ul>\n<li><a href=\"https:\/\/www.juf.uni-rostock.de\/professuren\/pfad\/professuren\/prof-dr-dana-sophia-valentiner\/nachrichten-details\/n\/norddeutscher-wissenschaftspreis-fuer-das-forschungsnetzwerk-reproduktive-gerechtigkeit-reprogerecht-227421\/\" rel='nofollow'>Norddeutscher Wissenschaftspreis 2024<\/a>, f\u00fcr das Projekt ReproGerecht (mit <abbr title=\"Professor\">Prof.<\/abbr> <abbr title=\"Doktor\">Dr.<\/abbr> Anne-Kristin Kuhnt &amp; <abbr title=\"Professor\">Prof.<\/abbr> <abbr title=\"Doktor\">Dr.<\/abbr> Henrike von Scheliha)<\/li>\n<li><a href=\"https:\/\/www.uni-rostock.de\/universitaet\/kommunikation-und-aktuelles\/medieninformationen\/detailansicht\/n\/ehrung-fuer-drei-lehrende-der-universitaet-rostock-197643\/\" rel='nofollow'>F\u00f6rderpreis f\u00fcr gute Lehre 2024<\/a> der Gesellschaft der F\u00f6rderer der Universit\u00e4t Rostock e.V.<\/li>\n<li><a href=\"https:\/\/blogs.hu-berlin.de\/wir_bewegen_buecher\/2023\/11\/01\/gruppen-aus-der-geographie-und-aus-den-rechtswissenschaften-gewinnen-open-access-preis-der-hu\/\" rel='nofollow'>Open Access Preis 2022<\/a> der Humboldt-Universit\u00e4t zu Berlin (f\u00fcr das Grundrechte-Lehrbuch, mit <abbr title=\"Doktor\">Dr.<\/abbr> Lisa Hahn, Maximilian Petras &amp; <abbr title=\"Doktor\">Dr.<\/abbr> Nora Wienfort)<\/li>\n<li><a href=\"https:\/\/landesfrauenrat-hamburg.de\/2023\/02\/07\/verleihung-der-hammonia-2022-an-prof-dr-dana-sophia-valentiner\/\" rel='nofollow'>Hammonia 2022<\/a>, Auszeichnung des Landesfrauenrats Hamburg f\u00fcr berufliches und ehrenamtliches Engagement zur F\u00f6rderung der Frauen und der Gleichstellung<\/li>\n<li><a href=\"https:\/\/www.jura.uni-hamburg.de\/die-fakultaet\/gremien-beauftragte\/gleichstellungsbeauftragte\/unterstuetzung-stipendien-und-preise\/promotionspreis.html#:~:text=Am%2028.%20Juni%202022%20wurde,gewinnbringend%20mit%20genderbezogenen%20Themen%20auseinandersetzen\" rel='nofollow'>Magdalene-Schoch-Promotionspreis 2022<\/a> der Fakult\u00e4t f\u00fcr Rechtswissenschaft der Universit\u00e4t Hamburg f\u00fcr die Dissertationsschrift<\/li>\n<li><a href=\"https:\/\/www.awhamburg.de\/akademie\/young-academy-fellows\/detail\/dr-iur-dana-sophia-valentiner.html\" rel='nofollow'>Young Academy Fellow<\/a> der Akademie der Wissenschaften in Hamburg (seit 2021)<\/li>\n<li><a href=\"https:\/\/www.awhamburg.de\/nachwuchsfoerderung\/elise-reimarus-preis-2021.html\" rel='nofollow'>Elise-Reimarus-Preis 2021<\/a> der Akademie der Wissenschaften in Hamburg f\u00fcr die Dissertationsschrift<\/li>\n<li><a href=\"https:\/\/www.djb.de\/presse\/pressemitteilungen\/detail\/pm21-24\" rel='nofollow'>Marie-Elisabeth-L\u00fcders-Wissenschaftspreis 2021<\/a> f\u00fcr die Dissertationsschrift<\/li>\n<li><a href=\"https:\/\/www.jura.uni-hamburg.de\/die-fakultaet\/aktuelle-meldungen\/2019-06-22.html\" rel='nofollow'>Hamburger Lehrpreis 2019<\/a>, Preistr\u00e4gerin der Fakult\u00e4t f\u00fcr Rechtswissenschaft der Universit\u00e4t Hamburg<\/li>\n<li>Stipendium Magdalene-Schoch-Mentoring f\u00fcr Nachwuchswissenschaftlerinnen, 2016-2018, Fakult\u00e4t f\u00fcr Rechtswissenschaft, Universit\u00e4t Hamburg<\/li>\n<li>Promotionsstipendium Friedrich-Ebert-Stiftung, 2016-2018<\/li>\n<li>Hamburger Lehrpreis 2015, Preistr\u00e4gerin der Fakult\u00e4t f\u00fcr Rechtswissenschaft der Universit\u00e4t Hamburg<\/li>\n<\/ul>\n\n\n<hr class=\"wp-block-separator has-alpha-channel-opacity\" \/>\n\n\n<p><strong> Mitgliedschaften und Ehren\u00e4mter<\/strong><\/p>\n<ul>\n<li>Mitglied des Vorstandes der <a href=\"https:\/\/freiheitsrechte.org\" rel='nofollow'>Gesellschaft f\u00fcr Freiheitsrechte<\/a> (seit 2024)<\/li>\n<li>Mitglied der St\u00e4ndigen Kommission Gleichstellung und Diversit\u00e4t der Hochschulrektorenkonferenz<\/li>\n<li>Vertrauensdozentin der <a href=\"https:\/\/www.fes.de\" rel='nofollow'>Friedrich-Ebert-Stiftung<\/a> (seit 2023)<\/li>\n<li><a href=\"https:\/\/www.djb.de\" rel='nofollow'>Deutscher Juristinnenbund e.V.<\/a>: Vizepr\u00e4sidentin (2021-2023), Vorsitzende des Landesverbandes Hamburg (2019-2024), Mitglied der Kommission \u201eVerfassungsrecht, \u00d6ffentliches Recht, Gleichstellung\u201c (2015-2019), Mitglied des Arbeitsstabs \u201eAusbildung und Beruf\u201c (2017-2021)<\/li>\n<li><a href=\"https:\/\/openrewi.org\" rel='nofollow'>OpenRewi \u2013 Initiative f\u00fcr offene Rechtswissenschaft<\/a>: Open Access Initiative f\u00fcr die Rechtswissenschaft, Mitglied im Koordinationsteam, Herausgeberin und Autorin des Grundrechte-Lehrbuchs<\/li>\n<li><a href=\"https:\/\/www.juwiss.de\" rel='nofollow'>Junge Wissenschaft im \u00d6ffentlichen Recht e.V.<\/a>: Stellvertretende Vorsitzende (2019-2022), Mitglied der Redaktion des JuWissBlogs (2015-2021), Mitglied des Editorial Board (2021-2025)<\/li>\n<li>Verein Kultur &amp; Justiz in Hamburg (seit 2019)<\/li>\n<\/ul>\n\n\n<hr class=\"wp-block-separator has-alpha-channel-opacity\" \/>\n\n\n\n<div class=\"wp-block-media-text has-media-on-the-right is-stacked-on-mobile is-vertically-aligned-center\" style=\"grid-template-columns:auto 26%\"><div class=\"wp-block-media-text__content\">\n<p><strong>Podcast<\/strong><\/p>\n\n\n\n<p class=\"has-text-align-left\"><a href=\"https:\/\/www.djb.de\/podcast\" rel='nofollow'>Justitias T\u00f6chter<\/a> ist eine Produktion des Deutschen Juristinnenbundes (djb). Selma Gather und Dana Valentiner sprechen \u00fcber feministische Themen im Recht und mit Frauen \u00fcber Recht. Im Fokus stehen rechtspolitische Forderungen sowie aktuelle Entwicklungen in Rechtsprechung und Gesetzgebung zur Gleichberechtigung der Geschlechter. Wir ordnen ein, erkl\u00e4ren und analysieren: Ein Podcast f\u00fcr alle feministisch und rechtspolitisch Interessierten \u2013 ausdr\u00fccklich auch f\u00fcr Nicht-Jurist*innen! Alle Folgen sind bei Spotify, Apple-Podcasts und Soundcloud zu h\u00f6ren.<\/p>\n<\/div><figure class=\"wp-block-media-text__media\"><a href=\"https:\/\/www.djb.de\/podcast\" rel='nofollow'><img loading=\"lazy\" decoding=\"async\" width=\"400\" height=\"400\" src=\"https:\/\/www.hsu-hh.de\/rdt\/wp-content\/uploads\/sites\/940\/2025\/09\/f49ae444-5916-411e-930c-d9da70b28be6.jpg\" data-credit=\"Deutscher Juristinnenbund\" alt=\"\" class=\"wp-image-234 size-full\" srcset=\"https:\/\/www.hsu-hh.de\/rdt\/wp-content\/uploads\/sites\/940\/2025\/09\/f49ae444-5916-411e-930c-d9da70b28be6.jpg 400w, https:\/\/www.hsu-hh.de\/rdt\/wp-content\/uploads\/sites\/940\/2025\/09\/f49ae444-5916-411e-930c-d9da70b28be6-300x300.jpg 300w, https:\/\/www.hsu-hh.de\/rdt\/wp-content\/uploads\/sites\/940\/2025\/09\/f49ae444-5916-411e-930c-d9da70b28be6-150x150.jpg 150w, https:\/\/www.hsu-hh.de\/rdt\/wp-content\/uploads\/sites\/940\/2025\/09\/f49ae444-5916-411e-930c-d9da70b28be6-100x100.jpg 100w\" sizes=\"auto, (max-width: 400px) 100vw, 400px\" \/><\/a><\/figure><\/div>\n\n\n\n<p><\/p>\n","protected":false},"excerpt":{"rendered":"<p>Inhaberin der Professur f\u00fcr \u00d6ffentliches Recht mit einem Schwerpunkt im \u00f6ffentlichen Wirtschaftsrecht und Recht der Transformation AnschriftHelmut-Schmidt-Universit\u00e4tFakult\u00e4t f\u00fcr Wirtschafts- und SozialwissenschaftenHolstenhofweg 8522043 Hamburg \u2014PostanschriftHelmut-Schmidt-Universit\u00e4tPostfach 70 08 2222008 Hamburg Raum: H1, [&hellip;]<\/p>\n","protected":false},"author":4175,"featured_media":0,"parent":106,"menu_order":0,"comment_status":"closed","ping_status":"closed","template":"","meta":{"_EventAllDay":false,"_EventTimezone":"","_EventStartDate":"","_EventEndDate":"","_EventStartDateUTC":"","_EventEndDateUTC":"","_EventShowMap":false,"_EventShowMapLink":false,"_EventURL":"","_EventCost":"","_EventCostDescription":"","_EventCurrencySymbol":"","_EventCurrencyCode":"","_EventCurrencyPosition":"","_EventDateTimeSeparator":"","_EventTimeRangeSeparator":"","_EventOrganizerID":[],"_EventVenueID":[],"_OrganizerEmail":"","_OrganizerPhone":"","_OrganizerWebsite":"","_VenueAddress":"","_VenueCity":"","_VenueCountry":"","_VenueProvince":"","_VenueState":"","_VenueZip":"","_VenuePhone":"","_VenueURL":"","_VenueStateProvince":"","_VenueLat":"","_VenueLng":"","_VenueShowMap":false,"_VenueShowMapLink":false,"footnotes":""},"categories":[8],"tags":[],"class_list":["post-220","page","type-page","status-publish","hentry","category-team"],"_links":{"self":[{"href":"https:\/\/www.hsu-hh.de\/rdt\/wp-json\/wp\/v2\/pages\/220","targetHints":{"allow":["GET"]}}],"collection":[{"href":"https:\/\/www.hsu-hh.de\/rdt\/wp-json\/wp\/v2\/pages"}],"about":[{"href":"https:\/\/www.hsu-hh.de\/rdt\/wp-json\/wp\/v2\/types\/page"}],"author":[{"embeddable":true,"href":"https:\/\/www.hsu-hh.de\/rdt\/wp-json\/wp\/v2\/users\/4175"}],"replies":[{"embeddable":true,"href":"https:\/\/www.hsu-hh.de\/rdt\/wp-json\/wp\/v2\/comments?post=220"}],"version-history":[{"count":37,"href":"https:\/\/www.hsu-hh.de\/rdt\/wp-json\/wp\/v2\/pages\/220\/revisions"}],"predecessor-version":[{"id":581,"href":"https:\/\/www.hsu-hh.de\/rdt\/wp-json\/wp\/v2\/pages\/220\/revisions\/581"}],"up":[{"embeddable":true,"href":"https:\/\/www.hsu-hh.de\/rdt\/wp-json\/wp\/v2\/pages\/106"}],"wp:attachment":[{"href":"https:\/\/www.hsu-hh.de\/rdt\/wp-json\/wp\/v2\/media?parent=220"}],"wp:term":[{"taxonomy":"category","embeddable":true,"href":"https:\/\/www.hsu-hh.de\/rdt\/wp-json\/wp\/v2\/categories?post=220"},{"taxonomy":"post_tag","embeddable":true,"href":"https:\/\/www.hsu-hh.de\/rdt\/wp-json\/wp\/v2\/tags?post=220"}],"curies":[{"name":"wp","href":"https:\/\/api.w.org\/{rel}","templated":true}]}}