{"id":73,"date":"2017-07-03T15:52:08","date_gmt":"2017-07-03T13:52:08","guid":{"rendered":"https:\/\/www.hsu-hh.de\/pubadm\/?page_id=73"},"modified":"2026-03-27T14:53:57","modified_gmt":"2026-03-27T13:53:57","slug":"startseite","status":"publish","type":"page","link":"https:\/\/www.hsu-hh.de\/pubadm\/","title":{"rendered":"F\u00e4chergruppe Verwaltungswissenschaft"},"content":{"rendered":"\n<p><strong>Willkommen auf der Homepage der F\u00e4chergruppe Verwaltungswissenschaft der Helmut-Schmidt-Universit\u00e4t Hamburg!<\/strong><\/p>\n\n\n<div class=\"wp-block-image\">\n<figure class=\"aligncenter size-large is-resized\"><img loading=\"lazy\" decoding=\"async\" width=\"1024\" height=\"683\" src=\"https:\/\/www.hsu-hh.de\/pubadm\/wp-content\/uploads\/sites\/934\/2025\/04\/20240624_HSU_Professur_Veit_Gruppe_Portraits_CG_019-1024x683.jpg\" data-credit=\"Christian Gelhausen\/HSU Bw Hambu\" alt=\"\" class=\"wp-image-149\" style=\"width:650px;height:auto\" srcset=\"https:\/\/www.hsu-hh.de\/pubadm\/wp-content\/uploads\/sites\/934\/2025\/04\/20240624_HSU_Professur_Veit_Gruppe_Portraits_CG_019-1024x683.jpg 1024w, https:\/\/www.hsu-hh.de\/pubadm\/wp-content\/uploads\/sites\/934\/2025\/04\/20240624_HSU_Professur_Veit_Gruppe_Portraits_CG_019-300x200.jpg 300w, https:\/\/www.hsu-hh.de\/pubadm\/wp-content\/uploads\/sites\/934\/2025\/04\/20240624_HSU_Professur_Veit_Gruppe_Portraits_CG_019-768x512.jpg 768w, https:\/\/www.hsu-hh.de\/pubadm\/wp-content\/uploads\/sites\/934\/2025\/04\/20240624_HSU_Professur_Veit_Gruppe_Portraits_CG_019-1536x1024.jpg 1536w, https:\/\/www.hsu-hh.de\/pubadm\/wp-content\/uploads\/sites\/934\/2025\/04\/20240624_HSU_Professur_Veit_Gruppe_Portraits_CG_019-2048x1365.jpg 2048w, https:\/\/www.hsu-hh.de\/pubadm\/wp-content\/uploads\/sites\/934\/2025\/04\/20240624_HSU_Professur_Veit_Gruppe_Portraits_CG_019-1100x733.jpg 1100w\" sizes=\"auto, (max-width: 1024px) 100vw, 1024px\" \/><\/figure>\n<\/div>\n\n\n<p>Wir stehen f\u00fcr:<\/p>\n\n\n\n<ul class=\"wp-block-list\">\n<li>theoriegeleitete empirische Forschung in den Bereichen Public Administration und Public Management<\/li>\n\n\n\n<li>wissenschaftliche und praktische Relevanz<\/li>\n\n\n\n<li>ein breites methodisches Spektrum<\/li>\n\n\n\n<li>wissenschaftliche Publikationen mit internationaler Sichtbarkeit<\/li>\n\n\n\n<li>Transfer relevanter Erkenntnisse in die Praxis<\/li>\n<\/ul>\n\n\n\n<div style=\"height:1em\" aria-hidden=\"true\" class=\"wp-block-spacer\"><\/div>\n\n\n\n<p>Wichtige thematische Schwerpunkte unserer aktuellen Forschung sind: (1) Digitalisierung von Regierung und Verwaltung, (2) Resilienz der B\u00fcrokratie in Demokratien und (3) \u00d6ffentliches Beteiligungsmanagement.<\/p>\n\n\n\n<p>Wir organisieren regelm\u00e4\u00dfig \u00f6ffentliche Gastvortr\u00e4ge zu aktuellen verwaltungswissenschaftlichen Themen. Zweimal j\u00e4hrlich diskutieren wir unsere aktuelle Forschung im Rahmen eines zweit\u00e4tigen Forschungskolloqiums der F\u00e4chergruppe.<\/p>\n\n\n\n<p>N\u00e4here Informationen zu unserer Forschung und Lehre finden Sie auf den Homepages der drei verwaltungswissenschaftlichen Professuren:<\/p>\n\n\n\n<p><a href=\"https:\/\/www.hsu-hh.de\/verwwiss\/\" target=\"_blank\" rel=\"noreferrer noopener\">Professur f\u00fcr Verwaltungswissenschaft, insbesondere Steuerung \u00f6ffentlicher Organisation<\/a><br>Univ.&nbsp;<abbr title=\"Professor\">Prof.<\/abbr>&nbsp;<abbr title=\"Doktor\">Dr.<\/abbr>&nbsp;Christina Schaefer<br>E-Mail:&nbsp;<a href=\"mailto:christina.schaefer@hsu-hh.de\" rel='nofollow'>christina.schaefer@hsu-hh.de<\/a><\/p>\n\n\n\n<p><a href=\"https:\/\/www.hsu-hh.de\/vw\/team\" target=\"_blank\" rel=\"noreferrer noopener\">Professur f\u00fcr Verwaltungswissenschaft<\/a><br>Univ.&nbsp;<abbr title=\"Professor\">Prof.<\/abbr>&nbsp;<abbr title=\"Doktor\">Dr.<\/abbr>&nbsp;Tanja Klenk<br>E-Mail:&nbsp;<a href=\"mailto:tanja.klenk@hsu-hh.de\" rel='nofollow'>tanja.klenk@hsu-hh.de<\/a><\/p>\n\n\n\n<p><a href=\"https:\/\/www.hsu-hh.de\/padigi\/\" target=\"_blank\" rel=\"noreferrer noopener\">Professur f\u00fcr Verwaltungswissenschaft,&nbsp;<abbr title=\"insbesondere\">insb.<\/abbr>&nbsp;Digital Government<\/a><br>Univ.&nbsp;<abbr title=\"Professor\">Prof.<\/abbr>&nbsp;<abbr title=\"Doktor\">Dr.<\/abbr>&nbsp;Sylvia Veit<br>E-Mail:&nbsp;<a href=\"mailto:veit@hsu-hh.de\" target=\"_blank\" rel=\"noreferrer noopener\">veit@hsu-hh.de<\/a><\/p>\n\n\n\n<div style=\"height:1.5em\" aria-hidden=\"true\" class=\"wp-block-spacer\"><\/div>\n\n\n\n<p><strong>Aktuelles<\/strong>:<\/p>\n\n\n\n<p>Am 22.\/23.06 2026 findet das halbj\u00e4hrliche Forschungskolloquium der F\u00e4chergruppe Verwaltungswissenschaft an der <abbr title=\"Helmut Schmidt Universit\u00e4t\">HSU<\/abbr> statt. Wir freuen uns auf zahlreiche Vortr\u00e4ge externer und interner Promovierender und Postdocs.<\/p>\n\n\n\n<p>05.05.2026 Gastvortrag von Mirjam Sch\u00fclle zum Thema &#8222;Wie werden Handlungs- und Ermessensspielr\u00e4ume von Street-Level-Bureaucrats in Sozialbeh\u00f6rden gestaltet? &#8211; Empirische Ergebnisse am Beispiel von Gesundheits- und Teilhabeleistungen f\u00fcr gefl\u00fcchtete Menschen&#8220;.  Interessierte sind herzlich eingeladen.<\/p>\n\n\n\n<p>Am 12.03.2026 findet von 09.45 Uhr bis 11.15 Uhr\u00a0 im Raum RV 1E111 im Campus Nord ein Gastvortrag von <abbr title=\"Professor\">Prof.<\/abbr> <abbr title=\"Doktor\">Dr.<\/abbr> Karl L\u00f6fgren \u00a0zum Thema \u201e9 Myths about digital government\u201c statt.<br><br>Am 19.02.2026 um 09:45 findet von 09.45 Uhr bis 11.15 Uhr im Raum RV 1E111 im Campus Nord ein Gastvortrag von\u00a0 <abbr title=\"Doktor\">Dr.<\/abbr> Falk Ebinger zum Thema \u201eDigitalisierung im Vollzugsf\u00f6deralismus: Schlaglichter auf Herausforderungen, Erfolgsfaktoren und Koordination\u201c statt.<\/p>\n\n\n\n<p>18.02.2026 Gastvortrag von <abbr title=\"Professor\">Prof.<\/abbr> <abbr title=\"Doktor\">Dr.<\/abbr> Matthias D\u00f6ring zum Thema &#8222;Wie KI die Kommunikation zwischen B\u00fcrgerInnen und Verwaltung ver\u00e4ndert&#8220;. Weitere Informationen finden Sie <a href=\"https:\/\/www.hsu-hh.de\/pubadm\/wp-content\/uploads\/sites\/934\/2026\/03\/Plakat_Gastvortrag_Matthias-Doering__A-260123.pdf\" target=\"_blank\" rel=\"noreferrer noopener\">hier<\/a>.<br><br>16.02.2026 Gastvortrag von Maurice M\u00f6ckel zum Thema &#8222;BottomUp Innovationen in der Bundeswehr&#8220;. Weitere Informationen finden Sie <a href=\"https:\/\/www.hsu-hh.de\/pubadm\/wp-content\/uploads\/sites\/934\/2026\/03\/Plakat_Gastvortrag_Moeckel_16.02.2026.pdf\">hier<\/a>.<br><br>Am 10.02.2026 findet von 14.15 Uhr bis 15.30 Uhr in der Aula ein Gastvortrag von <abbr title=\"Doktor\">Dr.<\/abbr> Bastian Strobel zum Thema \u201eDie Bedeutung von Daten und Statistik im Verwaltungsalltag\u201c statt. <\/p>\n\n\n\n<p>11.11.2026 Gastvortrag von <abbr title=\"Doktor\">Dr.<\/abbr> Martina Neri zum Thema &#8222;Building cyber organizational resilience: Insights from theory and practice&#8220;. Weitere Informationen finden Sie <a href=\"https:\/\/www.hsu-hh.de\/pubadm\/wp-content\/uploads\/sites\/934\/2026\/03\/Plakat_Gastvortrag_Martina-Neri.pdf\" target=\"_blank\" rel=\"noreferrer noopener\">hier<\/a>.<br><br>10.09.2025 um 10:30 Uhr &#8211; 12:00 Uhr im Raum SR0108. <a href=\"https:\/\/www.hsu-hh.de\/pubadm\/wp-content\/uploads\/sites\/934\/2025\/08\/Gastvortrag__Levent_Demirelli-DRUCK-1.pdf\">Gastvortrag<\/a> von Levent Demirelli (Associate Professor an der Istanbul Beykent Universit\u00e4t, T\u00fcrkei).<br>,,Why do governments politicize bureaucracy and how do they frame\/legitimize politicization? Results of a Longitudinal Quantitative and Qualitative Analysis of the Turkish Senior Bureaucracy (1983-2018)&#8220;<br><br>10.09.2025 Gastvortrag von <abbr title=\"Professor\">Prof.<\/abbr> <abbr title=\"Doktor\">Dr.<\/abbr> Geert Bouckaert mit dem Thema ,,Futures for the Public Sector&#8220;.  Weitere Informationen finden Sie <a href=\"https:\/\/www.hsu-hh.de\/pubadm\/wp-content\/uploads\/sites\/934\/2026\/03\/Plakat_Gastvortrag_Bouckaert.pdf\" target=\"_blank\" rel=\"noreferrer noopener\">hier<\/a>.<\/p>\n\n\n\n<p>24.06.2025 Gastvortrag von <abbr title=\"Professor\">Prof.<\/abbr> <abbr title=\"Doktor\">Dr.<\/abbr> Stefan K\u00fchl &amp; <abbr title=\"Doktor\">Dr.<\/abbr> Philipp M\u00e4nnle zum Thema ,,Soziologie der Verwaltung. Die Unterscheidung von Konditional-und Zweckprogrammen&#8220;. Weitere Informationen finden Sie <a href=\"https:\/\/www.hsu-hh.de\/pubadm\/wp-content\/uploads\/sites\/934\/2026\/03\/Plakat_Gastvortrag_Kuehl-und-Maennle.pdf\" target=\"_blank\" rel=\"noreferrer noopener\">hier<\/a>.<\/p>\n\n\n\n<p>16.06.2025 Gastvortrag von J\u00f8rgen Naskrent und Kathrin Claussen zum Thema \u201eTransparenzportal Hamburg: Hintergrund, Einblicke und Praxiserfahrungen&#8220;. Weitere Informationen finden Sie <a href=\"https:\/\/www.hsu-hh.de\/pubadm\/wp-content\/uploads\/sites\/934\/2026\/03\/2025_06_16_Naskrent-scaled.png\" target=\"_blank\" rel=\"noreferrer noopener\">hier<\/a>.<\/p>\n\n\n\n<p>16.06.2025 Gastvortrag von <abbr title=\"Doktor\">Dr.<\/abbr> Torsten Sevecke zum Thema ,,Gesamtstaatliche Risikovorsorge\/Gesamtverteidigung \u2013 eine aktuelle Perspektive&#8220;. Weitere Informationen finden Sie <a href=\"https:\/\/www.hsu-hh.de\/pubadm\/wp-content\/uploads\/sites\/934\/2026\/03\/Plakat_Gastvortrag_16_Juni_25_Dr.-Torsten-Sevecke.pdf\" target=\"_blank\" rel=\"noreferrer noopener\">hier<\/a>.<\/p>\n\n\n\n<p>Am 23.\/24.06 2025 findet das halbj\u00e4hrliche Forschungskolloquium der F\u00e4chergruppe Verwaltungswissenschaft an der <abbr title=\"Helmut Schmidt Universit\u00e4t\">HSU<\/abbr> statt. Wir freuen uns auf zahlreiche Vortr\u00e4ge externer und interner Promovierender und Postdocs.<\/p>\n\n\n\n<p>14.05.2025 Gastvortrag von <abbr title=\"Doktor\">Dr.<\/abbr> Johanna Fischer zum Thema \u201eF\u00e4lle vergleichen und klassifizieren mit Fuzzy Set Analyse\u201c. Weitere Informationen finden Sie <a href=\"https:\/\/www.hsu-hh.de\/pubadm\/wp-content\/uploads\/sites\/934\/2026\/03\/Plakat_Gastvortrag_Dr-Johanna-Fischer.pdf\" target=\"_blank\" rel=\"noreferrer noopener\">hier<\/a>.<\/p>\n\n\n\n<p>05.03.2025 Gastvortrag von <abbr title=\"Doktor\">Dr.<\/abbr> Martin Dietz zum Thema &#8222;Akzeptanz von KI-Anwendungen<br>in der \u00f6ffentlichen Arbeitsvermittlung&#8220;. Weitere Informationen finden Sie <a href=\"https:\/\/www.hsu-hh.de\/pubadm\/wp-content\/uploads\/sites\/934\/2026\/03\/Plakat_Gastvortrag__Martin-Dietz.pdf\" target=\"_blank\" rel=\"noreferrer noopener\">hier<\/a>.<\/p>\n\n\n\n<p>05.02.2025 Gastvortrag von <abbr title=\"Doktor\">Dr.<\/abbr> Julia Schwanholz zum Thema &#8222;Legitimit\u00e4t von Demokratie im<br>Zeitalter digitaler Transformation&#8220;. Weitere Informationen finden Sie <a href=\"https:\/\/www.hsu-hh.de\/pubadm\/wp-content\/uploads\/sites\/934\/2026\/03\/Plakat-Gastvortrag_Dr.-Julia-Schwanholz_05.02.2025.pdf\" target=\"_blank\" rel=\"noreferrer noopener\">hier<\/a>.<\/p>\n\n\n\n<p>15.01.2025 Gastvortrag <abbr title=\"Doktor\">Dr.<\/abbr> Caroline Fischer zum Thema &#8222;Leading from the Bottom, or falling on your face? The role of change agents in digital transformation, their development and practices&#8220;. Weitere Informationen finden Sie <a href=\"https:\/\/www.hsu-hh.de\/pubadm\/wp-content\/uploads\/sites\/934\/2026\/03\/Plakat_Gastvortrag_Caroline-Fischer.pdf\" target=\"_blank\" rel=\"noreferrer noopener\">hier<\/a>.<\/p>\n\n\n\n<p>16.10.2024 Gastvortrag <abbr title=\"Doktor\">Dr.<\/abbr> Dennis Redeker zum Thema &#8222;Legitime Herrschaft durch Social-Media-Plattformen im digitalen Raum?&#8220;. Weitere Informationen finden Sie <a href=\"https:\/\/www.hsu-hh.de\/pubadm\/wp-content\/uploads\/sites\/934\/2026\/03\/Plakat_Gastvortrag_Dennis-Redeker.pdf\" target=\"_blank\" rel=\"noreferrer noopener\">hier<\/a>.<\/p>\n\n\n\n<p>18.06.2024 Gastvortrag <abbr title=\"Professor\">Prof.<\/abbr> <abbr title=\"Doktor\">Dr.<\/abbr> Edoardo Ongaro zum Thema &#8222;The Strategic Management of Public Services Organisations: A Framework of Analysis and Learning between Civil and Military Services&#8220;. Weitere Informationen finden Sie <a href=\"https:\/\/www.hsu-hh.de\/pubadm\/wp-content\/uploads\/sites\/934\/2026\/03\/Plakat_Gastvortrag_Ongaro.pdf\" target=\"_blank\" rel=\"noreferrer noopener\">hier<\/a>.<\/p>\n","protected":false},"excerpt":{"rendered":"<p>Willkommen auf der Homepage der F\u00e4chergruppe Verwaltungswissenschaft der Helmut-Schmidt-Universit\u00e4t Hamburg! Wir stehen f\u00fcr: Wichtige thematische Schwerpunkte unserer aktuellen Forschung sind: (1) Digitalisierung von Regierung und Verwaltung, (2) Resilienz der B\u00fcrokratie [&hellip;]<\/p>\n","protected":false},"author":26,"featured_media":0,"parent":0,"menu_order":0,"comment_status":"closed","ping_status":"closed","template":"","meta":{"_EventAllDay":false,"_EventTimezone":"","_EventStartDate":"","_EventEndDate":"","_EventStartDateUTC":"","_EventEndDateUTC":"","_EventShowMap":false,"_EventShowMapLink":false,"_EventURL":"","_EventCost":"","_EventCostDescription":"","_EventCurrencySymbol":"","_EventCurrencyCode":"","_EventCurrencyPosition":"","_EventDateTimeSeparator":"","_EventTimeRangeSeparator":"","_EventOrganizerID":[],"_EventVenueID":[],"_OrganizerEmail":"","_OrganizerPhone":"","_OrganizerWebsite":"","_VenueAddress":"","_VenueCity":"","_VenueCountry":"","_VenueProvince":"","_VenueState":"","_VenueZip":"","_VenuePhone":"","_VenueURL":"","_VenueStateProvince":"","_VenueLat":"","_VenueLng":"","_VenueShowMap":false,"_VenueShowMapLink":false,"footnotes":""},"categories":[35],"tags":[],"class_list":["post-73","page","type-page","status-publish","hentry","category-startseite"],"_links":{"self":[{"href":"https:\/\/www.hsu-hh.de\/pubadm\/wp-json\/wp\/v2\/pages\/73","targetHints":{"allow":["GET"]}}],"collection":[{"href":"https:\/\/www.hsu-hh.de\/pubadm\/wp-json\/wp\/v2\/pages"}],"about":[{"href":"https:\/\/www.hsu-hh.de\/pubadm\/wp-json\/wp\/v2\/types\/page"}],"author":[{"embeddable":true,"href":"https:\/\/www.hsu-hh.de\/pubadm\/wp-json\/wp\/v2\/users\/26"}],"replies":[{"embeddable":true,"href":"https:\/\/www.hsu-hh.de\/pubadm\/wp-json\/wp\/v2\/comments?post=73"}],"version-history":[{"count":54,"href":"https:\/\/www.hsu-hh.de\/pubadm\/wp-json\/wp\/v2\/pages\/73\/revisions"}],"predecessor-version":[{"id":253,"href":"https:\/\/www.hsu-hh.de\/pubadm\/wp-json\/wp\/v2\/pages\/73\/revisions\/253"}],"wp:attachment":[{"href":"https:\/\/www.hsu-hh.de\/pubadm\/wp-json\/wp\/v2\/media?parent=73"}],"wp:term":[{"taxonomy":"category","embeddable":true,"href":"https:\/\/www.hsu-hh.de\/pubadm\/wp-json\/wp\/v2\/categories?post=73"},{"taxonomy":"post_tag","embeddable":true,"href":"https:\/\/www.hsu-hh.de\/pubadm\/wp-json\/wp\/v2\/tags?post=73"}],"curies":[{"name":"wp","href":"https:\/\/api.w.org\/{rel}","templated":true}]}}