{"id":3407,"date":"2023-07-20T14:31:45","date_gmt":"2023-07-20T12:31:45","guid":{"rendered":"https:\/\/www.hsu-hh.de\/psyaow\/?page_id=3407"},"modified":"2026-03-06T18:36:34","modified_gmt":"2026-03-06T17:36:34","slug":"train-the-trainer-ausbildung-zum-hol-coaching-prozess","status":"publish","type":"page","link":"https:\/\/www.hsu-hh.de\/psyaow\/weiterbildungsangebote\/train-the-trainer-ausbildung-zum-hol-coaching-prozess\/","title":{"rendered":"Train-the-Trainer-Ausbildung zum HoL-Coaching-Prozess"},"content":{"rendered":"\n<h2 class=\"wp-block-heading\">Infos zur Train-the-Trainer-Ausbildung<\/h2>\n\n\n\n<p>Sie erhalten fundierte theoretische und praktische Vorbereitung auf die Durchf\u00fchrung des HoL-Coaching-Prozesses. Nach dieser Schulung k\u00f6nnen HoL Prozesse eigenst\u00e4ndig geplant und durchgef\u00fchrt werden. Die Schulung umfasst insgesamt 2,5 bis 3 Tage. <\/p>\n\n\n\n<p>Der HoL-Coaching-Prozess (HoL steht f\u00fcr \u201eHealth-oriented Leadership\u201c, also \u201egesundheitsf\u00f6rderliche F\u00fchrung\u201c) ist eine teamfokussierte Ma\u00dfnahme unter qualifizierter Anleitung durch eine\/n Berater\/in. Mit dem HoL-Prozess sollen die gesundheitsf\u00f6rderliche F\u00fchrung der F\u00fchrungskraft gef\u00f6rdert sowie die Selbstf\u00fcrsorge der F\u00fchrungskraft und Teammitglieder gest\u00e4rkt werden. Die Schulung enth\u00e4lt sowohl die Grundlagen des HoL-Konzeptes, als auch die Durchf\u00fchrung des dazugeh\u00f6rigen HoL-Coaching-Prozesses.<\/p>\n\n\n\n<div style=\"height:44px\" aria-hidden=\"true\" class=\"wp-block-spacer\"><\/div>\n\n\n\n<h2 class=\"wp-block-heading\">Inhalte der Ausbildung<\/h2>\n\n\n\n<ul class=\"wp-block-list\">\n<li>Eigenes Gesundheitsverhalten<\/li>\n\n\n\n<li>Psychische Gesundheit und Bedeutung der F\u00fchrung<\/li>\n\n\n\n<li>HoL-Konzept: SelfCare und StaffCare; Wichtigkeit, Achtsamkeit und Verhalten<\/li>\n\n\n\n<li>\u00dcberblick \u00fcber den HoL-Prozessablauf<\/li>\n\n\n\n<li>Das Herzst\u00fcck von HoL&#8220; (Prozessschritte 5.-9.)\n<ul class=\"wp-block-list\">\n<li>HoL Instrument kennenlernen und Ergebnisreport hypothesengeleitet verstehen und interpretieren<\/li>\n\n\n\n<li>individuelles Auswertungsgespr\u00e4ch f\u00fchren<\/li>\n\n\n\n<li>Auswertungsworkshop gestalten<\/li>\n\n\n\n<li>Follow Up Gespr\u00e4ch nach 3 Monaten<\/li>\n<\/ul>\n<\/li>\n\n\n\n<li>&#8222;Alle ins Boot holen&#8220; (Prozessschritte 1.-4.): Abstimmungsrunde, Informationsveranstaltung mit FK,Vorgespr\u00e4ch und Team Kick-Off<\/li>\n\n\n\n<li>Technischer Ablauf: HoL Controlling und Materialien<\/li>\n<\/ul>\n\n\n\n<div style=\"height:41px\" aria-hidden=\"true\" class=\"wp-block-spacer\"><\/div>\n\n\n\n<p>Bei Fragen zur Schulung wenden Sie sich an felfe@hsu-hh.de.<\/p>\n","protected":false},"excerpt":{"rendered":"<p>Infos zur Train-the-Trainer-Ausbildung Sie erhalten fundierte theoretische und praktische Vorbereitung auf die Durchf\u00fchrung des HoL-Coaching-Prozesses. Nach dieser Schulung k\u00f6nnen HoL Prozesse eigenst\u00e4ndig geplant und durchgef\u00fchrt werden. Die Schulung umfasst insgesamt [&hellip;]<\/p>\n","protected":false},"author":2430,"featured_media":0,"parent":164,"menu_order":0,"comment_status":"closed","ping_status":"closed","template":"","meta":{"footnotes":""},"categories":[4],"tags":[],"class_list":["post-3407","page","type-page","status-publish","hentry","category-forschung"],"_links":{"self":[{"href":"https:\/\/www.hsu-hh.de\/psyaow\/wp-json\/wp\/v2\/pages\/3407","targetHints":{"allow":["GET"]}}],"collection":[{"href":"https:\/\/www.hsu-hh.de\/psyaow\/wp-json\/wp\/v2\/pages"}],"about":[{"href":"https:\/\/www.hsu-hh.de\/psyaow\/wp-json\/wp\/v2\/types\/page"}],"author":[{"embeddable":true,"href":"https:\/\/www.hsu-hh.de\/psyaow\/wp-json\/wp\/v2\/users\/2430"}],"replies":[{"embeddable":true,"href":"https:\/\/www.hsu-hh.de\/psyaow\/wp-json\/wp\/v2\/comments?post=3407"}],"version-history":[{"count":5,"href":"https:\/\/www.hsu-hh.de\/psyaow\/wp-json\/wp\/v2\/pages\/3407\/revisions"}],"predecessor-version":[{"id":4371,"href":"https:\/\/www.hsu-hh.de\/psyaow\/wp-json\/wp\/v2\/pages\/3407\/revisions\/4371"}],"up":[{"embeddable":true,"href":"https:\/\/www.hsu-hh.de\/psyaow\/wp-json\/wp\/v2\/pages\/164"}],"wp:attachment":[{"href":"https:\/\/www.hsu-hh.de\/psyaow\/wp-json\/wp\/v2\/media?parent=3407"}],"wp:term":[{"taxonomy":"category","embeddable":true,"href":"https:\/\/www.hsu-hh.de\/psyaow\/wp-json\/wp\/v2\/categories?post=3407"},{"taxonomy":"post_tag","embeddable":true,"href":"https:\/\/www.hsu-hh.de\/psyaow\/wp-json\/wp\/v2\/tags?post=3407"}],"curies":[{"name":"wp","href":"https:\/\/api.w.org\/{rel}","templated":true}]}}