{"id":3243,"date":"2023-05-03T20:43:44","date_gmt":"2023-05-03T18:43:44","guid":{"rendered":"https:\/\/www.hsu-hh.de\/psyaow\/?page_id=3243"},"modified":"2025-09-26T14:39:09","modified_gmt":"2025-09-26T12:39:09","slug":"franziska-muenstermann-m-sc","status":"publish","type":"page","link":"https:\/\/www.hsu-hh.de\/psyaow\/team\/franziska-muenstermann-m-sc\/","title":{"rendered":"Franziska M\u00fcnstermann, M.Sc."},"content":{"rendered":"<script type=\"application\/ld+json\">[{\"@context\": \"https:\/\/www.schema.org\",\"@type\": \"Person\",\"name\": \"Franziska M\u00fcnstermann\",\"worksFor\": [{\t\"@type\": \"Organization\",\t\"name\": \"Helmut-Schmidt-Universit\u00e4t\",\t\"url\": \"https:\/\/www.hsu-hh.de\"\t, \"department\": {\"@type\": \"Organization\",\t\t\t\t\t\"name\": \"Arbeits-, Organisations- und Wirtschaftspsychologie \",\t\t\t\t\t\"location\": {\t\t\t\t\t\t\"@type\": \"PostalAddress\",\t\t\t\t\t\t\"addressLocality\": \"\",        \t\t\t\t\"postalCode\": \"22043\",        \t\t\t\t\"streetAddress\": \"Holstenhofweg 85 , Geb\u00e4ude H01\"\t\t\t\t\t}},\t\"location\": {\t\t\"@type\": \"PostalAddress\",    \t\"addressLocality\": \"\",    \t\"postalCode\": \"22008\",    \t\"postOfficeBoxNumber\": \"700822\"\t}   }],\"image\": \"https:\/\/www.hsu-hh.de\/psyaow\/wp-content\/uploads\/sites\/834\/2025\/08\/93086340-9EE7-487B-9618-61CDE11C9AAC_1_201_a-1-150x150.jpeg\",\"telephone\": \"+49406541-2668\",\"faxNumber\": \"\",\"email\": \"muenstermann.f@hsu-hh.de\"}]<\/script><div class=\"clearfix\"><\/div><div class=\"ansprechparter-container \" style=\"margin-top:1em; \"><div class=\"row ansprechpartner-item ansprechparter-header\" ><div class=\"col-xs-8 col-lg-12\" style=\"margin-bottom: 30px;\"><h3 class=\"ansprechparter-headline\">Franziska M\u00fcnstermann<\/h3><\/div><\/div><div class=\"col-md-4 col-lg-3 col-xs-4 ansprechpartner-item floatright img-circle center-block\" style=\"margin-bottom: 30px;\"><div class=\"img-responsive-wrapper\"><img decoding=\"async\" src=\"https:\/\/www.hsu-hh.de\/psyaow\/wp-content\/uploads\/sites\/834\/2025\/08\/93086340-9EE7-487B-9618-61CDE11C9AAC_1_201_a-1-150x150.jpeg\" alt=\"\" class=\"img-circle img-responsive center-block\" \/><\/div><\/div><div class=\"col-md-12 col-lg-3 col-xs-12 ansprechpartner-item kontakt floatright\" style=\"margin-bottom: 30px; \"><div class=\"row\"><div class=\"col-xs-12 col-sm-6 col-lg-12\"><div class=\"row\"><div class=\"col-xs-4 col-lg-4 row-text bold\" >Raum:<\/div><div class=\" row-text\">2365<\/div><\/div><\/div><div class=\"col-xs-12 col-sm-6 col-lg-12\"><div class=\"row\"><div class=\"col-xs-4 col-lg-4 row-text bold\">Telefon:<\/div><div class=\" row-text\">+49406541-2668<\/div><\/div><\/div><div class=\"col-xs-12 col-sm-6 col-lg-12\"><div class=\"row\"><div class=\"col-xs-4 col-lg-4 row-text bold\">E-Mail:<\/div><div class=\"row-text\" style=\"overflow:hidden; word-break: break-word\"><a href=\"mailto:muenstermann.f@hsu-hh.de\" rel=\"nofollow\">muenstermann.f@hsu-hh.de<\/a><\/div><\/div><\/div><\/div><\/div><div class=\"col-md-6 col-lg-3 col-xs-12 ansprechpartner-item anschrift floatright\" ><div class=\"row-headline\">Besucheranschrift<\/div><div class=\"dataBesucheranschrift\" style=\"\"><div class=\"row-text\">Helmut-Schmidt-Universit\u00e4t<\/div><div class=\"row-text\">Geb\u00e4ude H01<\/div><div class=\"row-text\">Holstenhofweg 85<\/div><div class=\"row-text\">22043 Hamburg<\/div><\/div><\/div><div class=\"col-md-6 col-lg-3 col-xs-12 ansprechpartner-item anschrift floatright\"><div class=\"row-headline\">Postanschrift<\/div><div class=\"dataPostanschrift\" style=\"\"><div class=\"row-text\">Helmut-Schmidt-Universit\u00e4t<\/div><div class=\"row-text\">Arbeits-, Organisations- und Wirtschaftspsychologie <\/div><div class=\"row-text\">Postfach 70 08 22<\/div><div class=\"row-text\">22008 Hamburg<\/div><\/div><\/div><\/div><div class=\"clearfix\"><\/div>\n\n\n<div class=\"wp-block-columns is-layout-flex wp-container-core-columns-is-layout-9d6595d7 wp-block-columns-is-layout-flex\">\n<div class=\"wp-block-column is-layout-flow wp-block-column-is-layout-flow\"><\/div>\n<\/div>\n\n\n\n<h2 class=\"wp-block-heading\">Kurzvita<\/h2>\n\n\n\n<p><strong>Berufliche T\u00e4tigkeit<\/strong><\/p>\n\n\n\n<ul class=\"wp-block-list\">\n<li>05.2023 \u2013 heute: Wissenschaftliche Mitarbeiterin an der Professur Arbeits-, Organisations- und Wirtschaftspsychologie, Helmut-Schmidt-Universit\u00e4t\/ Universit\u00e4t der Bundeswehr Hamburg<\/li>\n\n\n\n<li>09.2019 \u2013 09.2021: Freiberufliche Dozentin im Studiengang Psychologie an der Hochschule Fresenius, Hamburg<\/li>\n\n\n\n<li>04.2019 \u2013 08.2019: Studentische Hilfskraft am Deutschen Zentrum f\u00fcr Suchtfragen des Kindes- und Jugendalters (DZSKJ) am Universit\u00e4tsklinikum Hamburg-Eppendorf<\/li>\n\n\n\n<li>01.2019 \u2013 03.2019: Praktikum in der Sucht-Tagesklinik f\u00fcr Jugendliche am Universit\u00e4tsklinikum Hamburg-Eppendorf<\/li>\n\n\n\n<li>07.2018 \u2013 09.2018: Praktikum am Deutschen Zentrum f\u00fcr Suchtfragen des Kindes und Jugendalters (DZSKJ) am Universit\u00e4tsklinikum Hamburg-Eppendorf<\/li>\n\n\n\n<li>03.2017 \u2013 11. 2018: Tutorin im Fach Biologische Psychologie bei <abbr title=\"Professor\">Prof.<\/abbr> <abbr title=\"Doktor\">Dr.<\/abbr> Dr. Thomas K\u00f6hler an der Hochschule Fresenius, Hamburg<\/li>\n<\/ul>\n\n\n\n<p><strong>Akademische Ausbildung<\/strong><\/p>\n\n\n\n<ul class=\"wp-block-list\">\n<li>04.2020 \u2013 02.2023: Masterstudium (<abbr title=\"Master of Science\">M.Sc.<\/abbr>) in Psychologie mit dem Schwerpunkt Klinische Psychologie und Psychotherapie, Medical School Hamburg (MSH), Hamburg\n<ul class=\"wp-block-list\">\n<li>Masterthesis: \u201eDie Rolle der Charakterst\u00e4rken und der Dunklen Triade im Stra\u00dfenverkehr\u201c<\/li>\n<\/ul>\n<\/li>\n\n\n\n<li>09.2016 \u2013 08.2019: Bachelorstudium (B.Sc.) in Angewandte Psychologie, Hochschule Fresenius, Hamburg<ul><li>Schwerpunkt: Organisationspsychologie und -beratung<\/li><\/ul>\n<ul class=\"wp-block-list\">\n<li>Bachelorthesis: \u201eAutofahren als Event: Der Einfluss der Dunklen Triade und Sensation Seeking auf das Verhalten im Stra\u00dfenverkehr\u201c<\/li>\n<\/ul>\n<\/li>\n<\/ul>\n\n\n\n<h2 class=\"wp-block-heading\">Forschungsschwerpunkte<\/h2>\n\n\n\n<ul class=\"wp-block-list\">\n<li>Pers\u00f6nlichkeitsmerkmale und Charakterst\u00e4rken<\/li>\n\n\n\n<li>regelkonformes und regelwidriges Verhalten im Stra\u00dfenverkehr<\/li>\n\n\n\n<li>(Digitale) Zusammenarbeit im Team<\/li>\n\n\n\n<li>Dunkle Pers\u00f6nlichkeiten (<abbr title=\"zum Beispiel\">z.B.<\/abbr> Dunkle Triade)<\/li>\n\n\n\n<li>Sch\u00e4dliches Verhalten in Organisationen&nbsp;<\/li>\n\n\n\n<li>Konflikte und Konfliktmanagement im digitalen Kontext<\/li>\n<\/ul>\n\n\n\n<h2 class=\"wp-block-heading\">Publikationen<\/h2>\n\n\n\n<ul class=\"wp-block-list\">\n<li>Sch\u00fcbbe, K., Frontzkowski, Y., Gubernator, P., <strong>M\u00fcnstermann, L. F., <\/strong>Felfe, J., Hauff, S., Renner, K.-H., &amp; Krick, A. (2024). Are Videocalls Outdated? A Comparison with Virtual Reality Meetings as a Future Perspective. In D. M. Schulz, A. Fay, O. Niggemann, M. Wenzel, &amp; D. Schulz (Eds.), <em>dtec.bw-Beitr\u00e4ge der Helmut-Schmidt-Universit\u00e4t \/ Universit\u00e4t der Bundeswehr Hamburg &#8211; Forschungsaktivit\u00e4ten im Zentrum f\u00fcr Digitalisierungs- und Technologieforschung der Bundeswehr dtec.bw Band 2 2024<\/em> (pp. 273-279). Helmut-Schmidt-Universit\u00e4t\/ Universit\u00e4t der Bundeswehr.<\/li>\n\n\n\n<li>Fr\u00f6hlich, L. S., Krick, A., <strong>M\u00fcnstermann, L. F.,<\/strong> Reiner, A., Sch\u00fcbbe, K., Renner, K.-H., &amp; Felfe, J. (2024). Hybride F\u00fchrung meistern: Einblicke in die Onlineplattform f\u00fcr F\u00fchrungskr\u00e4fte DigiLAP. In D. M. Schulz, A. Fay, O. Niggemann, M. Wenzel, &amp; D. Schulz (Eds.), <em>dtec.bw-Beitr\u00e4ge der Helmut-Schmidt-Universit\u00e4t \/ Universit\u00e4t der Bundeswehr Hamburg &#8211; Forschungsaktivit\u00e4ten im Zentrum f\u00fcr Digitalisierungs- und Technologieforschung der Bundeswehr dtec.bw Band 2 2024<\/em> (pp. 280-285). Helmut-Schmidt-Universit\u00e4t\/ Universit\u00e4t der Bundeswehr.<\/li>\n\n\n\n<li>Krick, A.,&nbsp;Felfe, J., Fr\u00f6hlich, L. S., <strong>M\u00fcnstermann, L. F., <\/strong>&amp; Stempel, C. (2024). Digitales F\u00fchren: Erste Einblicke in die F\u00fchrungskr\u00e4fte-Onlineplattform DigiLAP. In J. Dettmers, A. Tisch, &amp; R. Trimpop, <em>Psychologie der Arbeitssicherheit und Gesundheit. Gesundheitsf\u00f6rderliche Arbeit = attraktive Arbeit? Arbeitsgestaltung in Zeiten des Fachkr\u00e4ftemangels. 23. Workshop 2024<\/em> (S. xx&#8211;xx), Asanger.<\/li>\n\n\n\n<li><strong>M\u00fcnstermann, L. F., <\/strong>Krick, A.,<strong> <\/strong>Fr\u00f6hlich, L. S., Wunderlich, I., &amp; Felfe, J. (in press). <em>Digitale F\u00fchrung: Erste Einblicke in die F\u00fchrungskr\u00e4fte-Onlineplattform DigiLAP. <\/em>In M. Schulz &amp; A. Neusius, Tagungsband des (Aus)Bildungskongresses der Bundeswehr, in der Schriftenreihe \u201e\u00d6ffentliche P\u00e4dagogik \u2013 Beitr\u00e4ge zur Bildung f\u00fcr Individuum und Gesellschaft\u201c. wbv-Verlag.<\/li>\n\n\n\n<li><strong>M\u00fcnstermann, L. F., <\/strong>Preu\u00df, A., Brieler, P., &amp; Schmidt, S. (2022). Bereitschaft zur Beteiligung an illegalen Stra\u00dfenrennen: Welchen Einfluss haben Geschlecht, Pers\u00f6nlichkeit und Fahrverhalten? <em>Blutalkohol, 59, <\/em>86-101.&nbsp;<\/li>\n<\/ul>\n\n\n\n<h2 class=\"wp-block-heading\">Vortr\u00e4ge, Workshops und Symposien<\/h2>\n\n\n\n<p><strong>Vortr\u00e4ge<\/strong><\/p>\n\n\n\n<ul class=\"wp-block-list\">\n<li><strong>M\u00fcnstermann, L. F., <\/strong>&amp; Frontzkowski, Y., Bruhn, K., Gubernator, P., &amp; Felfe, J. (2025). Virtuelle Realit\u00e4t in der Arbeitswelt: Einblicke in das dtec.bw-Projekt<br>\u201eDigital Leadership and Health\u201c. 20. (Aus)Bildungskongress der Bundeswehr, Deutschland, Hamburg, 02.09. &#8211;&nbsp; 04.09.2025.<\/li>\n\n\n\n<li><strong>M\u00fcnstermann, L. F., <\/strong>Krick, A., &amp; Felfe, J. (2025). Bad Vibes: Wie sch\u00e4dliche Verhaltenstendenzen bei Mitarbeitenden F\u00fchrung und Teamarbeit beeintr\u00e4chtigen. In: Klasmeier, K., &amp; Krick, A. (2025). Triple-Symposium: Teil 1: F\u00fchrung und Gesundheit I: Ein Blick auf unterschiedliche F\u00fchrungsans\u00e4tze und die Gesundheit von Mitarbeitenden und F\u00fchrungskr\u00e4ften. 14. Fachgruppentagung der Arbeits-, Organisations- und Wirtschaftspsychologie und Ingenieurspsychologie (AOWI), Deutschland, L\u00fcneburg, 09.09. &#8211; 12.09.2025.<\/li>\n\n\n\n<li><strong>M\u00fcnstermann, L. F., <\/strong>Krick, A., &amp; Felfe, J. (2025). Exploring and Measuring the Dark Side of Followers: A Qualitative Study and Scale Development. In: Krick, A., &amp; Efimov, I. (2025). Symposium 1: From Leadership to Team Characteristics: Navigating the Path to Workplace Health. 22th Conference European of the Association of Work and Organizational Psychology (EAWOP), Tschechische Republik, Prag, 21.05. &#8211; 24.05.2025.<\/li>\n\n\n\n<li><strong>M\u00fcnstermann, L. F.,<\/strong> Krick, A., &amp; Felfe, J. (2025). Lightening the Shadows: Measuring the Impact of Detrimental Behavior\u2019s on Leaders and Teams. 84rd Annual Meeting of the Academy of Management (AOM), Denmark, Kopenhagen, 25.07. &#8211; 29.07.2025.<\/li>\n\n\n\n<li><strong>M\u00fcnstermann, L. F., <\/strong>Fr\u00f6hlich, L., Krick, A., &amp; Felfe, J. (2024). Digital Leadership Assistance Platform: Einblicke in die F\u00fchrungskr\u00e4fte-Onlineplattform Plattform DigiLAP. In: Krick, A., &amp; Klasmeier, K. (2024). Symposium 3: Wie kann gesunde F\u00fchrung und Gesundheitsf\u00f6rderung am Arbeitsplatz gelingen? Aktuelle Forschung und digitale Tools (Part B). 53. Kongress der Deutschen Gesellschaft f\u00fcr Psychologie (DGPs), \u00d6sterreich, Wien, 16.09. &#8211; 19.09.2024.<\/li>\n\n\n\n<li><strong>M\u00fcnstermann, L. F., <\/strong>Krick, A., Fr\u00f6hlich, L., &amp; Felfe, J. (2024). Digitale F\u00fchrung: Aktuelle Entwicklungen der Online-Plattform f\u00fcr F\u00fchrungskr\u00e4fte \u201eDigital Leadership Assistance Platform (DigiLAP)\u201c. 19. (Aus)Bildungskongress der Bundeswehr, Deutschland, Hamburg, 04.09.2024.<\/li>\n\n\n\n<li><strong>M\u00fcnstermann, L. F.,<\/strong> Fr\u00f6hlich, L.S., Wunderlich, I., Krick, A., &amp; Felfe, J. (2023). dtec.bw-Forschungsprojekt: Digitales F\u00fchren: Erste Einblicke in die F\u00fchrungskr\u00e4fte-Onlineplattform DigiLAP. 18. (Aus)Bildungskongress der Bundeswehr, Deutschland, Hamburg, 12.09.2023.<\/li>\n<\/ul>\n\n\n\n<p><strong>Mitwirkung an Vortr\u00e4gen<\/strong><\/p>\n\n\n\n<ul class=\"wp-block-list\">\n<li>Bruhn, K., <strong>M\u00fcnstermann, L. F., <\/strong>Frontzkowski, Y., Gubernator, P., &amp; Felfe, J. (2025). Seeing Less, Saying More: The Paradoxical Effects of VR on Warning Signal Awareness and Disclosure. Wuertual \u2013 XR Meeting. 08.10. \u2013 10.10.2025, W\u00fcrzburg.<\/li>\n\n\n\n<li>Frontzkowski, Y., <strong>M\u00fcnstermann, L. F.,&nbsp;<\/strong> Gubernator, P., Bruhn, K., &amp; Felfe, J. (2025). Full dive into new meeting perspectives: An experimental approach to understand communication quality, cognitive demands and fatigue differences between face-to-face, video conferences &#8211; and virtual reality meetings. 14. Fachgruppentagung der Arbeits-, Organisations- und Wirtschaftspsychologie und Ingenieurspsychologie (AOWI), Deutschland, L\u00fcneburg, 09.09. &#8211; 12.09.2025.<\/li>\n\n\n\n<li>Fr\u00f6hlich, L., Krick, A., <strong>M\u00fcnstermann, L. F.,<\/strong> &amp; Felfe, J. (2025). Digital Leadership Assistance Platform: Empowering Leaders in the Digital and Hybrid Workplace. In: Tordera, N., &amp; Krick, A. (2025). Symposium 3: Remote &amp; Hybrid Work: Developing Evidence-Based Tools to Boost Digital &amp; Hybrid Leadership Skills. 22th Conference European of the Association of Work and Organizational Psychology (EAWOP), Tschechische Republik, Prag, 21.05. &#8211; 24.05.2025.<\/li>\n\n\n\n<li>Krick, A., Felfe, J., Fr\u00f6hlich, L., <strong>M\u00fcnstermann, L. F.,<\/strong> &amp; Stempel, C. (2024). Digitales F\u00fchren: Erste Einblicke in die F\u00fchrungskr\u00e4fte-Onlineplattform DigiLAP. 23. Workshop Psychologie der Sicherheit und Gesundheit (PASIG), Deutschland, Dortmund, 13.05. &#8211; 15.05.2024.<\/li>\n<\/ul>\n\n\n\n<p><strong>Poster<\/strong><\/p>\n\n\n\n<ul class=\"wp-block-list\">\n<li><strong>M\u00fcnstermann, L. F., <\/strong>&amp; Felfe, J. (2024). Dark characters in organizations: A leader&#8217;s perspective. EAWOP Small Group Meeting on Dark Personalities in Organisations, \u00d6sterreich, Seekirchen am Wallersee, 17.07. &#8211; 19.07.2024.\u00a0<\/li>\n<\/ul>\n\n\n\n<h2 class=\"wp-block-heading\">Lehrveranstaltungen<\/h2>\n\n\n\n<ul class=\"wp-block-list\">\n<li>Einf\u00fchrung in die Arbeits-, Organisations- und Wirtschaftspsychologie I<\/li>\n\n\n\n<li>Organisationsdiagnostik<\/li>\n\n\n\n<li>Gespr\u00e4chsf\u00fchrung<\/li>\n<\/ul>\n\n\n\n<h2 class=\"wp-block-heading\">Reviewert\u00e4tigkeit<\/h2>\n\n\n\n<ul class=\"wp-block-list\">\n<li>Zeitschrift f\u00fcr Arbeits- und Organisationspsychologie (ZAO)<\/li>\n\n\n\n<li>Journal of Managerial Psychology<\/li>\n<\/ul>\n","protected":false},"excerpt":{"rendered":"<p>Kurzvita Berufliche T\u00e4tigkeit Akademische Ausbildung Forschungsschwerpunkte Publikationen Vortr\u00e4ge, Workshops und Symposien Vortr\u00e4ge Mitwirkung an Vortr\u00e4gen Poster Lehrveranstaltungen Reviewert\u00e4tigkeit<\/p>\n","protected":false},"author":2430,"featured_media":0,"parent":106,"menu_order":0,"comment_status":"closed","ping_status":"closed","template":"","meta":{"footnotes":""},"categories":[8],"tags":[],"class_list":["post-3243","page","type-page","status-publish","hentry","category-team"],"_links":{"self":[{"href":"https:\/\/www.hsu-hh.de\/psyaow\/wp-json\/wp\/v2\/pages\/3243","targetHints":{"allow":["GET"]}}],"collection":[{"href":"https:\/\/www.hsu-hh.de\/psyaow\/wp-json\/wp\/v2\/pages"}],"about":[{"href":"https:\/\/www.hsu-hh.de\/psyaow\/wp-json\/wp\/v2\/types\/page"}],"author":[{"embeddable":true,"href":"https:\/\/www.hsu-hh.de\/psyaow\/wp-json\/wp\/v2\/users\/2430"}],"replies":[{"embeddable":true,"href":"https:\/\/www.hsu-hh.de\/psyaow\/wp-json\/wp\/v2\/comments?post=3243"}],"version-history":[{"count":31,"href":"https:\/\/www.hsu-hh.de\/psyaow\/wp-json\/wp\/v2\/pages\/3243\/revisions"}],"predecessor-version":[{"id":4152,"href":"https:\/\/www.hsu-hh.de\/psyaow\/wp-json\/wp\/v2\/pages\/3243\/revisions\/4152"}],"up":[{"embeddable":true,"href":"https:\/\/www.hsu-hh.de\/psyaow\/wp-json\/wp\/v2\/pages\/106"}],"wp:attachment":[{"href":"https:\/\/www.hsu-hh.de\/psyaow\/wp-json\/wp\/v2\/media?parent=3243"}],"wp:term":[{"taxonomy":"category","embeddable":true,"href":"https:\/\/www.hsu-hh.de\/psyaow\/wp-json\/wp\/v2\/categories?post=3243"},{"taxonomy":"post_tag","embeddable":true,"href":"https:\/\/www.hsu-hh.de\/psyaow\/wp-json\/wp\/v2\/tags?post=3243"}],"curies":[{"name":"wp","href":"https:\/\/api.w.org\/{rel}","templated":true}]}}