{"id":1635,"date":"2021-06-17T14:45:14","date_gmt":"2021-06-17T12:45:14","guid":{"rendered":"https:\/\/www.hsu-hh.de\/psyaow\/?page_id=1635"},"modified":"2024-08-19T11:11:57","modified_gmt":"2024-08-19T09:11:57","slug":"books","status":"publish","type":"page","link":"https:\/\/www.hsu-hh.de\/psyaow\/en\/publications\/books\/","title":{"rendered":"Books"},"content":{"rendered":"\n<ul class=\"wp-block-list\">\n<li>Krick, A., &amp;<strong>&nbsp;Felfe, J.&nbsp;<\/strong>(2024).&nbsp;<em>Gesundheitsorientierte F\u00fchrungskompetenz: Trainingsmanual.<\/em>&nbsp;Springer.<\/li>\n\n\n\n<li>Bergner, S., &amp; <strong>Felfe, J.<\/strong> (2024). STAR &#8211; Startup Check: Messung des Potenzials f\u00fcr Gr\u00fcndung und Selbstst\u00e4ndigkeit. Hogrefe. <\/li>\n\n\n\n<li><strong>Felfe, J.<\/strong>, &amp; Van Dick, R. (2023) (<abbr title=\"Herausgeber\">Hrsg.<\/abbr>).&nbsp;<em>Handbuch Mitarbeiterf\u00fchrung: Wirtschaftspsychologisches Praxiswissen f\u00fcr Fach- und F\u00fchrungskr\u00e4fte.<\/em> Springer.<\/li>\n\n\n\n<li><strong>Felfe, J.<\/strong>&nbsp;(2020).&nbsp;<em>Mitarbeiterbindung<\/em>&nbsp;(2. \u00fcberarbeitete und erweiterte Auflage). G\u00f6ttingen: Hogrefe.<\/li>\n\n\n\n<li>Resetka, H.-J., &amp;&nbsp;<strong>Felfe, J.<\/strong>&nbsp;(2021).&nbsp;<em>In F\u00fchrung gehen&nbsp;<\/em>(2. Auflage).&nbsp;Haufe.<\/li>\n\n\n\n<li>Krick, A.,&nbsp;<strong>Felfe, J.<\/strong>, &amp; Renner, K.H. (2018).&nbsp;<em>St\u00e4rken- und Ressourcentraining \u2013 Ein Gruppentraining zur Gesundheitspr\u00e4vention am Arbeitsplatz.<\/em>&nbsp;Hogrefe.<\/li>\n\n\n\n<li><strong>Felfe, J.<\/strong>, &amp; Van Dick, R. (2016) (<abbr title=\"Herausgeber\">Hrsg.<\/abbr>).&nbsp;<em>Handbuch Mitarbeiterf\u00fchrung: Wirtschaftspsychologisches Praxiswissen f\u00fcr Fach- und F\u00fchrungskr\u00e4fte.<\/em>&nbsp;Springer.<\/li>\n\n\n\n<li><strong>Felfe, J.<\/strong>&nbsp;(2015) (<abbr title=\"Herausgeber\">Hrsg.<\/abbr>).&nbsp;<em>Trends in der psychologischen F\u00fchrungsforschung.<\/em>&nbsp;G\u00f6ttingen: Hogrefe.<\/li>\n\n\n\n<li><strong>Felfe, J.<\/strong>, &amp; Franke, J. (2014).&nbsp;<em>F\u00fchrungskr\u00e4ftetrainings.<\/em>&nbsp;Hogrefe.<\/li>\n\n\n\n<li>Resetka, H.-J., &amp;&nbsp;<strong>Felfe, J.<\/strong>&nbsp;(2014).&nbsp;<em>In F\u00fchrung gehen.&nbsp;<\/em>Haufe.<\/li>\n\n\n\n<li><strong>Felfe, J.<\/strong>&nbsp;(2012).&nbsp;<em>Arbeits- &amp; Organisationspsychologie 1, Arbeitsgestaltung, Motivation und Gesundheit.&nbsp;<\/em>Kohlhammer.<\/li>\n\n\n\n<li><strong>Felfe, J.<\/strong>&nbsp;(2012).&nbsp;<em>Arbeits- &amp; Organisationspsychologie 2, F\u00fchrung und Personalentwicklung.<\/em> Kohlhammer.<\/li>\n\n\n\n<li><strong>Felfe, J.<\/strong>&nbsp;(2009).&nbsp;<em>Mitarbeiterf\u00fchrung.<\/em>&nbsp;Hogrefe.<\/li>\n\n\n\n<li><strong>Felfe, J.<\/strong>&nbsp;(2008).&nbsp;<em>Mitarbeiterbindung<\/em>. Hogrefe.<\/li>\n\n\n\n<li><strong>Felfe, J.<\/strong>, &amp; Liepmann, D. (2008).&nbsp;<em>Organisationsdiagnostik.<\/em>&nbsp;Hogrefe.<\/li>\n\n\n\n<li><strong>Felfe, J.<\/strong>&nbsp;(2005).&nbsp;C<em>harisma, transformationale F\u00fchrung und Commitment.&nbsp;<\/em>K\u00f6lner Studien Verlag.<\/li>\n\n\n\n<li><strong>Felfe, J.<\/strong>&nbsp;(Ed.) (2002).&nbsp;<em>Organizational Development and Leadership.&nbsp;<\/em>Verlag Peter Lang.<\/li>\n\n\n\n<li>Liepmann, D., de Costanzo, E., &amp;&nbsp;<strong>Felfe, J.<\/strong>&nbsp;(1994).&nbsp;<em>\u00d6kologischer und sozialer Wandel als Managementaufgabe.&nbsp;<\/em>Verlag Peter Lang.<\/li>\n\n\n\n<li>Liepmann, D.,&nbsp;<strong>Felfe, J.<\/strong>, &amp; Resetka, H.-J. (1996).<em>&nbsp;Bedarfsanalysen \u2013 Voraussetzung f\u00fcr Qualifizierung.&nbsp;<\/em>W. Bertelsmann.<\/li>\n\n\n\n<li><strong>Felfe, J.<\/strong>&nbsp;(1992).&nbsp;<em>TPK \u2013 Training p\u00e4dagogischer Kompetenzen zur Vermittlung fach\u00fcbergreifender Qualifikationen in der Berufsausbildung.<\/em>&nbsp; Verlag Peter Lang.<\/li>\n\n\n\n<li><strong>Felfe, J.<\/strong>, Marggraf, C., &amp; Liepmann, D. (1993).&nbsp;<em>Lernziel Selbst\u00e4ndig und Teamf\u00e4hig. Mit Lernaufgaben Handlungskompetenz in der Ausbildung entwickeln.&nbsp;<\/em>Klett WBS.<\/li>\n<\/ul>\n\n\n\n<p>__________________________________________________________________________________________________________________<\/p>\n\n\n\n<p>Here you see our books:<\/p>\n\n\n\n<div class=\"wp-block-columns is-layout-flex wp-container-core-columns-is-layout-9d6595d7 wp-block-columns-is-layout-flex\">\n<div class=\"wp-block-column is-layout-flow wp-block-column-is-layout-flow\">\n<div class=\"wp-block-columns is-layout-flex wp-container-core-columns-is-layout-9d6595d7 wp-block-columns-is-layout-flex\">\n<div class=\"wp-block-column is-layout-flow wp-block-column-is-layout-flow\" style=\"flex-basis:33.33%\">\n<figure class=\"wp-block-image size-large is-resized\"><img loading=\"lazy\" decoding=\"async\" width=\"717\" height=\"1024\" src=\"https:\/\/www.hsu-hh.de\/psyaow\/wp-content\/uploads\/sites\/834\/2024\/08\/978-3-662-68670-6-717x1024.webp\" data-credit=\" \" alt=\"\" class=\"wp-image-3686\" style=\"width:205px;height:auto\" srcset=\"https:\/\/www.hsu-hh.de\/psyaow\/wp-content\/uploads\/sites\/834\/2024\/08\/978-3-662-68670-6-717x1024.webp 717w, https:\/\/www.hsu-hh.de\/psyaow\/wp-content\/uploads\/sites\/834\/2024\/08\/978-3-662-68670-6-210x300.webp 210w, https:\/\/www.hsu-hh.de\/psyaow\/wp-content\/uploads\/sites\/834\/2024\/08\/978-3-662-68670-6-768x1097.webp 768w, https:\/\/www.hsu-hh.de\/psyaow\/wp-content\/uploads\/sites\/834\/2024\/08\/978-3-662-68670-6.webp 827w\" sizes=\"auto, (max-width: 717px) 100vw, 717px\" \/><\/figure>\n<\/div>\n\n\n\n<div class=\"wp-block-column is-layout-flow wp-block-column-is-layout-flow\" style=\"flex-basis:66.66%\">\n<p><strong>Gesundheitsorientierte F\u00fchrungskompetenz: Trainingsmanual<\/strong><\/p>\n\n\n\n<p>Annika Krick &amp; J\u00f6rg Felfe<\/p>\n\n\n\n<p>Berlin: Springer (2024)<\/p>\n<\/div>\n<\/div>\n<\/div>\n<\/div>\n\n\n\n<div class=\"wp-block-columns is-layout-flex wp-container-core-columns-is-layout-9d6595d7 wp-block-columns-is-layout-flex\">\n<div class=\"wp-block-column is-layout-flow wp-block-column-is-layout-flow\" style=\"flex-basis:33.33%\">\n<figure class=\"wp-block-image size-large is-resized\"><img loading=\"lazy\" decoding=\"async\" width=\"724\" height=\"1024\" src=\"https:\/\/www.hsu-hh.de\/psyaow\/wp-content\/uploads\/sites\/834\/2024\/08\/STAR_Cover-724x1024.jpg\" data-credit=\" \" alt=\"\" class=\"wp-image-3685\" style=\"width:201px;height:auto\" srcset=\"https:\/\/www.hsu-hh.de\/psyaow\/wp-content\/uploads\/sites\/834\/2024\/08\/STAR_Cover-724x1024.jpg 724w, https:\/\/www.hsu-hh.de\/psyaow\/wp-content\/uploads\/sites\/834\/2024\/08\/STAR_Cover-212x300.jpg 212w, https:\/\/www.hsu-hh.de\/psyaow\/wp-content\/uploads\/sites\/834\/2024\/08\/STAR_Cover-768x1086.jpg 768w, https:\/\/www.hsu-hh.de\/psyaow\/wp-content\/uploads\/sites\/834\/2024\/08\/STAR_Cover-1086x1536.jpg 1086w, https:\/\/www.hsu-hh.de\/psyaow\/wp-content\/uploads\/sites\/834\/2024\/08\/STAR_Cover-1448x2048.jpg 1448w, https:\/\/www.hsu-hh.de\/psyaow\/wp-content\/uploads\/sites\/834\/2024\/08\/STAR_Cover-1100x1555.jpg 1100w, https:\/\/www.hsu-hh.de\/psyaow\/wp-content\/uploads\/sites\/834\/2024\/08\/STAR_Cover-scaled.jpg 1811w\" sizes=\"auto, (max-width: 724px) 100vw, 724px\" \/><\/figure>\n<\/div>\n\n\n\n<div class=\"wp-block-column is-layout-flow wp-block-column-is-layout-flow\" style=\"flex-basis:66.66%\">\n<p><strong>STAR<\/strong> <strong>&#8211; Startup Check: Potenzialmessung f\u00fcr Gr\u00fcnder*innen<br>und Selbstst\u00e4ndige<\/strong><\/p>\n\n\n\n<p>Sabine Bergner &amp; J\u00f6rg Felfe<\/p>\n\n\n\n<p>G\u00f6ttingen: Hogrefe (2024)<\/p>\n<\/div>\n<\/div>\n\n\n\n<div class=\"wp-block-columns is-layout-flex wp-container-core-columns-is-layout-9d6595d7 wp-block-columns-is-layout-flex\">\n<div class=\"wp-block-column is-layout-flow wp-block-column-is-layout-flow\" style=\"flex-basis:33.33%\">\n<figure class=\"wp-block-image size-large is-resized\"><img loading=\"lazy\" decoding=\"async\" width=\"704\" height=\"1024\" src=\"https:\/\/www.hsu-hh.de\/psyaow\/wp-content\/uploads\/sites\/834\/2021\/06\/Mitarbeiterbindung-Cover-704x1024.jpg\" data-credit=\" \" alt=\"\" class=\"wp-image-1757\" style=\"width:197px;height:286px\" srcset=\"https:\/\/www.hsu-hh.de\/psyaow\/wp-content\/uploads\/sites\/834\/2021\/06\/Mitarbeiterbindung-Cover-704x1024.jpg 704w, https:\/\/www.hsu-hh.de\/psyaow\/wp-content\/uploads\/sites\/834\/2021\/06\/Mitarbeiterbindung-Cover-206x300.jpg 206w, https:\/\/www.hsu-hh.de\/psyaow\/wp-content\/uploads\/sites\/834\/2021\/06\/Mitarbeiterbindung-Cover-768x1117.jpg 768w, https:\/\/www.hsu-hh.de\/psyaow\/wp-content\/uploads\/sites\/834\/2021\/06\/Mitarbeiterbindung-Cover.jpg 800w\" sizes=\"auto, (max-width: 704px) 100vw, 704px\" \/><\/figure>\n<\/div>\n\n\n\n<div class=\"wp-block-column is-layout-flow wp-block-column-is-layout-flow\" style=\"flex-basis:66.66%\">\n<p><strong>Mitarbeiterbindung<\/strong><\/p>\n\n\n\n<p>J\u00f6rg Felfe<\/p>\n\n\n\n<p>2. \u00fcberarbeitete und erweiterte Auflage<\/p>\n\n\n\n<p>G\u00f6ttingen: Hogrefe (2020)<\/p>\n<\/div>\n<\/div>\n\n\n\n<div class=\"wp-block-columns is-layout-flex wp-container-core-columns-is-layout-9d6595d7 wp-block-columns-is-layout-flex\">\n<div class=\"wp-block-column is-layout-flow wp-block-column-is-layout-flow\"><\/div>\n<\/div>\n\n\n\n<div class=\"wp-block-columns is-layout-flex wp-container-core-columns-is-layout-9d6595d7 wp-block-columns-is-layout-flex\">\n<div class=\"wp-block-column is-layout-flow wp-block-column-is-layout-flow\" style=\"flex-basis:33.33%\">\n<figure class=\"wp-block-image size-large is-resized\"><img loading=\"lazy\" decoding=\"async\" width=\"339\" height=\"499\" src=\"https:\/\/www.hsu-hh.de\/psyaow\/wp-content\/uploads\/sites\/834\/2021\/06\/41yW3WJ0YGS._SX337_BO1204203200_.jpg\" data-credit=\" \" alt=\" \" class=\"wp-image-1763\" style=\"width:208px;height:306px\" srcset=\"https:\/\/www.hsu-hh.de\/psyaow\/wp-content\/uploads\/sites\/834\/2021\/06\/41yW3WJ0YGS._SX337_BO1204203200_.jpg 339w, https:\/\/www.hsu-hh.de\/psyaow\/wp-content\/uploads\/sites\/834\/2021\/06\/41yW3WJ0YGS._SX337_BO1204203200_-204x300.jpg 204w\" sizes=\"auto, (max-width: 339px) 100vw, 339px\" \/><\/figure>\n<\/div>\n\n\n\n<div class=\"wp-block-column is-layout-flow wp-block-column-is-layout-flow\" style=\"flex-basis:66.66%\">\n<p><strong>In F\u00fchrung gehen<\/strong><\/p>\n\n\n\n<p>Hans-J\u00fcrgen Resetka &amp; J\u00f6rg Felfe<\/p>\n\n\n\n<p>2. Auflage<\/p>\n\n\n\n<p>Freiburg: Haufe (2021)<\/p>\n<\/div>\n<\/div>\n\n\n\n<div class=\"wp-block-columns is-layout-flex wp-container-core-columns-is-layout-9d6595d7 wp-block-columns-is-layout-flex\">\n<div class=\"wp-block-column is-layout-flow wp-block-column-is-layout-flow\"><\/div>\n\n\n\n<div class=\"wp-block-column is-layout-flow wp-block-column-is-layout-flow\"><\/div>\n<\/div>\n\n\n\n<div class=\"wp-block-columns is-layout-flex wp-container-core-columns-is-layout-9d6595d7 wp-block-columns-is-layout-flex\">\n<div class=\"wp-block-column is-layout-flow wp-block-column-is-layout-flow\" style=\"flex-basis:33.33%\">\n<figure class=\"wp-block-image size-large\"><img loading=\"lazy\" decoding=\"async\" width=\"189\" height=\"266\" src=\"https:\/\/www.hsu-hh.de\/psyaow\/wp-content\/uploads\/sites\/834\/2019\/12\/Download.jpg\" data-credit=\" \" alt=\" \" class=\"wp-image-391\" \/><figcaption class=\"wp-element-caption\"> <\/figcaption><\/figure>\n<\/div>\n\n\n\n<div class=\"wp-block-column is-layout-flow wp-block-column-is-layout-flow\" style=\"flex-basis:66.66%\">\n<p><strong>St\u00e4rken- und Ressourcentraining<\/strong><\/p>\n\n\n\n<p>Annika Krick, J\u00f6rg Felfe, &amp; Karl-Heinz Renner<\/p>\n\n\n\n<p>G\u00f6ttingen: Hogrefe Verlag (2018)<\/p>\n<\/div>\n<\/div>\n\n\n\n<div class=\"wp-block-columns is-layout-flex wp-container-core-columns-is-layout-9d6595d7 wp-block-columns-is-layout-flex\">\n<div class=\"wp-block-column is-layout-flow wp-block-column-is-layout-flow\" style=\"flex-basis:33.33%\">\n<figure class=\"wp-block-image size-large is-resized\"><img loading=\"lazy\" decoding=\"async\" width=\"251\" height=\"359\" src=\"https:\/\/www.hsu-hh.de\/psyaow\/wp-content\/uploads\/sites\/834\/2019\/12\/mitarbeiterfuehrung-1.jpg\" data-credit=\" \" alt=\" \" class=\"wp-image-382\" style=\"width:196px;height:281px\" srcset=\"https:\/\/www.hsu-hh.de\/psyaow\/wp-content\/uploads\/sites\/834\/2019\/12\/mitarbeiterfuehrung-1.jpg 251w, https:\/\/www.hsu-hh.de\/psyaow\/wp-content\/uploads\/sites\/834\/2019\/12\/mitarbeiterfuehrung-1-210x300.jpg 210w\" sizes=\"auto, (max-width: 251px) 100vw, 251px\" \/><\/figure>\n<\/div>\n\n\n\n<div class=\"wp-block-column is-layout-flow wp-block-column-is-layout-flow\" style=\"flex-basis:66.66%\">\n<p><strong>Handbuch Mitarbeiterf\u00fchrung<\/strong><\/p>\n\n\n\n<p>J\u00f6rg Felfe &amp; Rolf van Dick<\/p>\n\n\n\n<p>Berlin: Springer (2015)<\/p>\n<\/div>\n<\/div>\n\n\n\n<div class=\"wp-block-columns is-layout-flex wp-container-core-columns-is-layout-9d6595d7 wp-block-columns-is-layout-flex\">\n<div class=\"wp-block-column is-layout-flow wp-block-column-is-layout-flow\" style=\"flex-basis:33.33%\">\n<figure class=\"wp-block-image size-large is-resized\"><img loading=\"lazy\" decoding=\"async\" width=\"305\" height=\"443\" src=\"https:\/\/www.hsu-hh.de\/psyaow\/wp-content\/uploads\/sites\/834\/2019\/12\/trends_der_psychologischen_fuehrungsforschung.jpg\" data-credit=\" \" alt=\" \" class=\"wp-image-384\" style=\"width:195px;height:283px\" srcset=\"https:\/\/www.hsu-hh.de\/psyaow\/wp-content\/uploads\/sites\/834\/2019\/12\/trends_der_psychologischen_fuehrungsforschung.jpg 305w, https:\/\/www.hsu-hh.de\/psyaow\/wp-content\/uploads\/sites\/834\/2019\/12\/trends_der_psychologischen_fuehrungsforschung-207x300.jpg 207w\" sizes=\"auto, (max-width: 305px) 100vw, 305px\" \/><\/figure>\n<\/div>\n\n\n\n<div class=\"wp-block-column is-layout-flow wp-block-column-is-layout-flow\" style=\"flex-basis:66.66%\">\n<p><strong>Trends der psychologischen F\u00fchrungsforschung<\/strong><\/p>\n\n\n\n<p>J\u00f6rg Felfe<\/p>\n\n\n\n<p>G\u00f6ttingen: Hogrefe (2015)<\/p>\n<\/div>\n<\/div>\n\n\n\n<div class=\"wp-block-columns is-layout-flex wp-container-core-columns-is-layout-9d6595d7 wp-block-columns-is-layout-flex\">\n<div class=\"wp-block-column is-layout-flow wp-block-column-is-layout-flow\" style=\"flex-basis:33.33%\">\n<figure class=\"wp-block-image size-large is-resized\"><img loading=\"lazy\" decoding=\"async\" width=\"259\" height=\"374\" src=\"https:\/\/www.hsu-hh.de\/psyaow\/wp-content\/uploads\/sites\/834\/2019\/12\/FK_Trainings.jpg\" data-credit=\" \" alt=\" \" class=\"wp-image-381\" style=\"width:193px;height:279px\" srcset=\"https:\/\/www.hsu-hh.de\/psyaow\/wp-content\/uploads\/sites\/834\/2019\/12\/FK_Trainings.jpg 259w, https:\/\/www.hsu-hh.de\/psyaow\/wp-content\/uploads\/sites\/834\/2019\/12\/FK_Trainings-208x300.jpg 208w\" sizes=\"auto, (max-width: 259px) 100vw, 259px\" \/><\/figure>\n<\/div>\n\n\n\n<div class=\"wp-block-column is-layout-flow wp-block-column-is-layout-flow\" style=\"flex-basis:66.66%\">\n<p><strong>F\u00fchrungskr\u00e4ftetrainings<\/strong><\/p>\n\n\n\n<p>J\u00f6rg Felfe &amp; Franziska Franke<\/p>\n\n\n\n<p>G\u00f6ttingen: Hogrefe (2014)<\/p>\n<\/div>\n<\/div>\n\n\n\n<div class=\"wp-block-columns is-layout-flex wp-container-core-columns-is-layout-9d6595d7 wp-block-columns-is-layout-flex\">\n<div class=\"wp-block-column is-layout-flow wp-block-column-is-layout-flow\" style=\"flex-basis:33.33%\">\n<figure class=\"wp-block-image size-large is-resized\"><img loading=\"lazy\" decoding=\"async\" width=\"528\" height=\"866\" src=\"https:\/\/www.hsu-hh.de\/psyaow\/wp-content\/uploads\/sites\/834\/2019\/12\/Bildschirmfoto-2018-06-15-um-10.27.34.png\" data-credit=\" \" alt=\" \" class=\"wp-image-376\" style=\"width:199px;height:326px\" srcset=\"https:\/\/www.hsu-hh.de\/psyaow\/wp-content\/uploads\/sites\/834\/2019\/12\/Bildschirmfoto-2018-06-15-um-10.27.34.png 528w, https:\/\/www.hsu-hh.de\/psyaow\/wp-content\/uploads\/sites\/834\/2019\/12\/Bildschirmfoto-2018-06-15-um-10.27.34-183x300.png 183w\" sizes=\"auto, (max-width: 528px) 100vw, 528px\" \/><\/figure>\n<\/div>\n\n\n\n<div class=\"wp-block-column is-layout-flow wp-block-column-is-layout-flow\" style=\"flex-basis:66.66%\">\n<p><strong>Arbeits- und Organisationspsychologie 1 &#8211; Arbeitsgestaltung, Motivation und Gesundheit<\/strong><\/p>\n\n\n\n<p>J\u00f6rg Felfe<\/p>\n\n\n\n<p>Stuttgart: Kohlhammer (2012)<\/p>\n<\/div>\n<\/div>\n\n\n\n<div class=\"wp-block-columns is-layout-flex wp-container-core-columns-is-layout-9d6595d7 wp-block-columns-is-layout-flex\">\n<div class=\"wp-block-column is-layout-flow wp-block-column-is-layout-flow\" style=\"flex-basis:33.33%\">\n<figure class=\"wp-block-image size-large is-resized\"><img loading=\"lazy\" decoding=\"async\" width=\"528\" height=\"869\" src=\"https:\/\/www.hsu-hh.de\/psyaow\/wp-content\/uploads\/sites\/834\/2019\/12\/Bildschirmfoto-2018-06-15-um-10.29.22.png\" data-credit=\" \" alt=\" \" class=\"wp-image-377\" style=\"width:203px;height:334px\" srcset=\"https:\/\/www.hsu-hh.de\/psyaow\/wp-content\/uploads\/sites\/834\/2019\/12\/Bildschirmfoto-2018-06-15-um-10.29.22.png 528w, https:\/\/www.hsu-hh.de\/psyaow\/wp-content\/uploads\/sites\/834\/2019\/12\/Bildschirmfoto-2018-06-15-um-10.29.22-182x300.png 182w\" sizes=\"auto, (max-width: 528px) 100vw, 528px\" \/><\/figure>\n<\/div>\n\n\n\n<div class=\"wp-block-column is-layout-flow wp-block-column-is-layout-flow\" style=\"flex-basis:66.66%\">\n<p><strong>Arbeits- und Organisationspsychologie 2 &#8211; F\u00fchrung und Personalentwicklung<\/strong><\/p>\n\n\n\n<p>J\u00f6rg Felfe<\/p>\n\n\n\n<p>Stuttgart: Kohlhammer (2012)<\/p>\n<\/div>\n<\/div>\n\n\n\n<div class=\"wp-block-columns is-layout-flex wp-container-core-columns-is-layout-9d6595d7 wp-block-columns-is-layout-flex\">\n<div class=\"wp-block-column is-layout-flow wp-block-column-is-layout-flow\" style=\"flex-basis:33.33%\">\n<figure class=\"wp-block-image size-large is-resized\"><img loading=\"lazy\" decoding=\"async\" width=\"344\" height=\"500\" src=\"https:\/\/www.hsu-hh.de\/psyaow\/wp-content\/uploads\/sites\/834\/2021\/06\/41JEyPLANtL.jpg\" data-credit=\" \" alt=\"\" class=\"wp-image-1397\" style=\"width:209px;height:304px\" srcset=\"https:\/\/www.hsu-hh.de\/psyaow\/wp-content\/uploads\/sites\/834\/2021\/06\/41JEyPLANtL.jpg 344w, https:\/\/www.hsu-hh.de\/psyaow\/wp-content\/uploads\/sites\/834\/2021\/06\/41JEyPLANtL-206x300.jpg 206w\" sizes=\"auto, (max-width: 344px) 100vw, 344px\" \/><\/figure>\n<\/div>\n\n\n\n<div class=\"wp-block-column is-layout-flow wp-block-column-is-layout-flow\" style=\"flex-basis:66.66%\">\n<p><strong>Mitarbeiterf\u00fchrung<\/strong><\/p>\n\n\n\n<p>J\u00f6rg Felfe<\/p>\n\n\n\n<p>G\u00f6ttingen: Hogrefe (2009)<\/p>\n<\/div>\n<\/div>\n\n\n\n<div class=\"wp-block-columns is-layout-flex wp-container-core-columns-is-layout-9d6595d7 wp-block-columns-is-layout-flex\">\n<div class=\"wp-block-column is-layout-flow wp-block-column-is-layout-flow\" style=\"flex-basis:33.33%\">\n<figure class=\"wp-block-image size-large is-resized\"><img loading=\"lazy\" decoding=\"async\" width=\"224\" height=\"340\" src=\"https:\/\/www.hsu-hh.de\/psyaow\/wp-content\/uploads\/sites\/834\/2019\/12\/MA_Bindung_Cover_2.jpg\" data-credit=\" \" alt=\" \" class=\"wp-image-390\" style=\"width:208px;height:316px\" srcset=\"https:\/\/www.hsu-hh.de\/psyaow\/wp-content\/uploads\/sites\/834\/2019\/12\/MA_Bindung_Cover_2.jpg 224w, https:\/\/www.hsu-hh.de\/psyaow\/wp-content\/uploads\/sites\/834\/2019\/12\/MA_Bindung_Cover_2-198x300.jpg 198w\" sizes=\"auto, (max-width: 224px) 100vw, 224px\" \/><\/figure>\n<\/div>\n\n\n\n<div class=\"wp-block-column is-layout-flow wp-block-column-is-layout-flow\" style=\"flex-basis:66.66%\">\n<p><strong>Mitarbeiterbindung<\/strong><\/p>\n\n\n\n<p>J\u00f6rg Felfe<\/p>\n\n\n\n<p>G\u00f6ttingen: Hogrefe (2008)<\/p>\n<\/div>\n<\/div>\n\n\n\n<div class=\"wp-block-columns is-layout-flex wp-container-core-columns-is-layout-9d6595d7 wp-block-columns-is-layout-flex\">\n<div class=\"wp-block-column is-layout-flow wp-block-column-is-layout-flow\" style=\"flex-basis:33.33%\">\n<figure class=\"wp-block-image size-large is-resized\"><img loading=\"lazy\" decoding=\"async\" width=\"352\" height=\"522\" src=\"https:\/\/www.hsu-hh.de\/psyaow\/wp-content\/uploads\/sites\/834\/2019\/12\/Bildschirmfoto-2019-11-27-um-08.09.48.png\" data-credit=\" \" alt=\" \" class=\"wp-image-380\" style=\"width:209px;height:310px\" srcset=\"https:\/\/www.hsu-hh.de\/psyaow\/wp-content\/uploads\/sites\/834\/2019\/12\/Bildschirmfoto-2019-11-27-um-08.09.48.png 352w, https:\/\/www.hsu-hh.de\/psyaow\/wp-content\/uploads\/sites\/834\/2019\/12\/Bildschirmfoto-2019-11-27-um-08.09.48-202x300.png 202w\" sizes=\"auto, (max-width: 352px) 100vw, 352px\" \/><\/figure>\n<\/div>\n\n\n\n<div class=\"wp-block-column is-layout-flow wp-block-column-is-layout-flow\" style=\"flex-basis:66.66%\">\n<p><strong>Organisationsdiagnostik<\/strong><\/p>\n\n\n\n<p>J\u00f6rg Felfe &amp; Detlev Liepmann<\/p>\n\n\n\n<p>G\u00f6ttingen: Hogrefe (2007)<\/p>\n<\/div>\n<\/div>\n\n\n\n<div class=\"wp-block-columns is-layout-flex wp-container-core-columns-is-layout-9d6595d7 wp-block-columns-is-layout-flex\">\n<div class=\"wp-block-column is-layout-flow wp-block-column-is-layout-flow\" style=\"flex-basis:33.33%\">\n<figure class=\"wp-block-image size-large is-resized\"><img loading=\"lazy\" decoding=\"async\" width=\"449\" height=\"661\" src=\"https:\/\/www.hsu-hh.de\/psyaow\/wp-content\/uploads\/sites\/834\/2019\/12\/Bildschirmfoto-2018-06-15-um-10.35.44.png\" data-credit=\" \" alt=\" \" class=\"wp-image-378\" style=\"width:208px;height:306px\" srcset=\"https:\/\/www.hsu-hh.de\/psyaow\/wp-content\/uploads\/sites\/834\/2019\/12\/Bildschirmfoto-2018-06-15-um-10.35.44.png 449w, https:\/\/www.hsu-hh.de\/psyaow\/wp-content\/uploads\/sites\/834\/2019\/12\/Bildschirmfoto-2018-06-15-um-10.35.44-204x300.png 204w\" sizes=\"auto, (max-width: 449px) 100vw, 449px\" \/><\/figure>\n<\/div>\n\n\n\n<div class=\"wp-block-column is-layout-flow wp-block-column-is-layout-flow\" style=\"flex-basis:66.66%\">\n<div class=\"wp-block-columns is-layout-flex wp-container-core-columns-is-layout-9d6595d7 wp-block-columns-is-layout-flex\">\n<div class=\"wp-block-column is-layout-flow wp-block-column-is-layout-flow\" style=\"flex-basis:66.66%\">\n<p><strong>Charisma, transformationale F\u00fchrung und Commitment<\/strong><\/p>\n\n\n\n<p>J\u00f6rg Felfe<\/p>\n\n\n\n<p>K\u00f6lner Studien Verlag (2005)<\/p>\n<\/div>\n<\/div>\n<\/div>\n<\/div>\n\n\n\n<div class=\"wp-block-columns is-layout-flex wp-container-core-columns-is-layout-9d6595d7 wp-block-columns-is-layout-flex\">\n<div class=\"wp-block-column is-layout-flow wp-block-column-is-layout-flow\" style=\"flex-basis:33.33%\">\n<figure class=\"wp-block-image size-large\"><img loading=\"lazy\" decoding=\"async\" width=\"572\" height=\"662\" src=\"https:\/\/www.hsu-hh.de\/psyaow\/wp-content\/uploads\/sites\/834\/2019\/12\/Bildschirmfoto-2018-06-15-um-10.36.53.png\" data-credit=\" \" alt=\" \" class=\"wp-image-379\" srcset=\"https:\/\/www.hsu-hh.de\/psyaow\/wp-content\/uploads\/sites\/834\/2019\/12\/Bildschirmfoto-2018-06-15-um-10.36.53.png 572w, https:\/\/www.hsu-hh.de\/psyaow\/wp-content\/uploads\/sites\/834\/2019\/12\/Bildschirmfoto-2018-06-15-um-10.36.53-259x300.png 259w\" sizes=\"auto, (max-width: 572px) 100vw, 572px\" \/><figcaption class=\"wp-element-caption\"> <\/figcaption><\/figure>\n<\/div>\n\n\n\n<div class=\"wp-block-column is-layout-flow wp-block-column-is-layout-flow\" style=\"flex-basis:66.66%\">\n<p><strong>Lernziel selbstst\u00e4ndig und teamf\u00e4hig<br>Mit Lernaufgaben Handlungskompetenz in der Ausbildung entwickeln<\/strong><\/p>\n\n\n\n<p>J\u00f6rg Felfe, Claudia Marggraf &amp; Detlev Liepmann<\/p>\n\n\n\n<p>Stuttgart: Klett WBS (1993)<\/p>\n<\/div>\n<\/div>\n\n\n\n<p><\/p>\n","protected":false},"excerpt":{"rendered":"<p>__________________________________________________________________________________________________________________ Here you see our books: Gesundheitsorientierte F\u00fchrungskompetenz: Trainingsmanual Annika Krick &amp; J\u00f6rg Felfe Berlin: Springer (2024) STAR &#8211; Startup Check: Potenzialmessung f\u00fcr Gr\u00fcnder*innenund Selbstst\u00e4ndige Sabine Bergner &amp; J\u00f6rg Felfe [&hellip;]<\/p>\n","protected":false},"author":2430,"featured_media":0,"parent":788,"menu_order":0,"comment_status":"closed","ping_status":"closed","template":"","meta":{"footnotes":""},"categories":[7],"tags":[],"class_list":["post-1635","page","type-page","status-publish","hentry","category-research"],"_links":{"self":[{"href":"https:\/\/www.hsu-hh.de\/psyaow\/wp-json\/wp\/v2\/pages\/1635","targetHints":{"allow":["GET"]}}],"collection":[{"href":"https:\/\/www.hsu-hh.de\/psyaow\/wp-json\/wp\/v2\/pages"}],"about":[{"href":"https:\/\/www.hsu-hh.de\/psyaow\/wp-json\/wp\/v2\/types\/page"}],"author":[{"embeddable":true,"href":"https:\/\/www.hsu-hh.de\/psyaow\/wp-json\/wp\/v2\/users\/2430"}],"replies":[{"embeddable":true,"href":"https:\/\/www.hsu-hh.de\/psyaow\/wp-json\/wp\/v2\/comments?post=1635"}],"version-history":[{"count":11,"href":"https:\/\/www.hsu-hh.de\/psyaow\/wp-json\/wp\/v2\/pages\/1635\/revisions"}],"predecessor-version":[{"id":3690,"href":"https:\/\/www.hsu-hh.de\/psyaow\/wp-json\/wp\/v2\/pages\/1635\/revisions\/3690"}],"up":[{"embeddable":true,"href":"https:\/\/www.hsu-hh.de\/psyaow\/wp-json\/wp\/v2\/pages\/788"}],"wp:attachment":[{"href":"https:\/\/www.hsu-hh.de\/psyaow\/wp-json\/wp\/v2\/media?parent=1635"}],"wp:term":[{"taxonomy":"category","embeddable":true,"href":"https:\/\/www.hsu-hh.de\/psyaow\/wp-json\/wp\/v2\/categories?post=1635"},{"taxonomy":"post_tag","embeddable":true,"href":"https:\/\/www.hsu-hh.de\/psyaow\/wp-json\/wp\/v2\/tags?post=1635"}],"curies":[{"name":"wp","href":"https:\/\/api.w.org\/{rel}","templated":true}]}}