{"id":73,"date":"2020-05-29T13:03:08","date_gmt":"2020-05-29T11:03:08","guid":{"rendered":"https:\/\/www.hsu-hh.de\/vorlage\/?page_id=73"},"modified":"2025-01-24T09:27:28","modified_gmt":"2025-01-24T08:27:28","slug":"startseite","status":"publish","type":"page","link":"https:\/\/www.hsu-hh.de\/praktika\/","title":{"rendered":"Praktikumsamt"},"content":{"rendered":"<div id=\"content-core\">\n<div id=\"parent-fieldname-text-7fcde7f1-b846-4c68-92ef-77930b25ea8b\" class=\"\">\n<p>An den vier Fakult\u00e4ten der <abbr title=\"Helmut Schmidt Universit\u00e4t\">HSU<\/abbr>\/<abbr title=\"Universit\u00e4t der Bundeswehr Hamburg\">UniBwH<\/abbr> werden in zw\u00f6lf Fachrichtungen insgesamt <a href=\"https:\/\/www.hsu-hh.de\/studium\/startseite\/studiengaenge\/\">15 Bachelor- und 20 Master-Studieng\u00e4nge<\/a> angeboten.<\/p>\n<p>Praktika sind hierbei auf unterschiedliche Weise in das Studium integriert. Sie bieten die M\u00f6glichkeit, das im Studium erworbene Wissen in der Praxis zu erproben, Berufserfahrungen zu sammeln und eigene Kompetenzen zu erweitern.<\/p>\n<p>Die Praktikums\u00e4mter unterst\u00fctzen die Studierenden bei der Vorbereitung, Durchf\u00fchrung und Nachbereitung der Praktika. Auch unseren Praktikumsgebern stehen wir bei Fragen immer gerne zu Verf\u00fcgung.<\/p>\n<\/div>\n<\/div>\n<div id=\"content-core\">\n<div id=\"parent-fieldname-text-7fcde7f1-b846-4c68-92ef-77930b25ea8b\" class=\"\">\n<hr \/>\n<\/div>\n<div id=\"parent-fieldname-text-7fcde7f1-b846-4c68-92ef-77930b25ea8b\" class=\"\">\n<p style=\"text-align: left\" align=\"center\"><strong><a href=\"https:\/\/www.hsu-hh.de\/praktika\/soziales\/\"><img loading=\"lazy\" decoding=\"async\" class=\"alignright wp-image-405 size-medium\" src=\"https:\/\/www.hsu-hh.de\/praktika\/wp-content\/uploads\/sites\/816\/2020\/06\/csm_2018_Handreichung-Titel_fbe78d2593-300x169.jpg\" alt=\"Leitfaden\" width=\"300\" height=\"169\" data-credit=\"https:\/\/www.mentor-hamburg.de\/nc\/aktuelles\/newsdetails\/neu-eine-handreichung-fuer-ehrenamtliche-lesepaten-und-patinnen\/\" srcset=\"https:\/\/www.hsu-hh.de\/praktika\/wp-content\/uploads\/sites\/816\/2020\/06\/csm_2018_Handreichung-Titel_fbe78d2593-300x169.jpg 300w, https:\/\/www.hsu-hh.de\/praktika\/wp-content\/uploads\/sites\/816\/2020\/06\/csm_2018_Handreichung-Titel_fbe78d2593.jpg 500w\" sizes=\"auto, (max-width: 300px) 100vw, 300px\" \/><\/a>Praktika in Kooperationen<\/strong><\/p>\n<p>\u00a0\u201eTu\u2018 was f\u00fcr andere und lern\u2018 was dabei!\u201c \u2013 diesem Motto folgend hat die <abbr title=\"Helmut Schmidt Universit\u00e4t\">HSU<\/abbr>\/<abbr title=\"Universit\u00e4t der Bundeswehr Hamburg\">UniBwH<\/abbr> feste Kooperationen mit verschiedenen Schulen und sozialen Einrichtungen im Stadtteil geschlossen. Hier unterst\u00fctzen unsere Studierenden regelm\u00e4\u00dfig, auch im Rahmen ihrer Praktika, \u00fcbernehmen Verantwortung f\u00fcr ihr soziales Umfeld und haben dabei die M\u00f6glichkeit, ihr theoretisches Wissen in konkreten Projekten zu erproben. <a href=\"https:\/\/www.hsu-hh.de\/praktika\/soziales\/\">Schwerpunkt der Universit\u00e4t ist die Lesef\u00f6rderung. Dar\u00fcber hinaus sind wir auch in vielen anderen Bereichen aktiv.<\/a><\/p>\n<\/div>\n<p align=\"center\">\n<\/div>\n","protected":false},"excerpt":{"rendered":"<p>An den vier Fakult\u00e4ten der HSU\/UniBwH werden in zw\u00f6lf Fachrichtungen insgesamt 15 Bachelor- und 20 Master-Studieng\u00e4nge angeboten. Praktika sind hierbei auf unterschiedliche Weise in das Studium integriert. Sie bieten die [&hellip;]<\/p>\n","protected":false},"author":1941,"featured_media":0,"parent":0,"menu_order":0,"comment_status":"closed","ping_status":"closed","template":"","meta":{"footnotes":""},"categories":[35],"tags":[],"class_list":["post-73","page","type-page","status-publish","hentry","category-startseite"],"_links":{"self":[{"href":"https:\/\/www.hsu-hh.de\/praktika\/wp-json\/wp\/v2\/pages\/73","targetHints":{"allow":["GET"]}}],"collection":[{"href":"https:\/\/www.hsu-hh.de\/praktika\/wp-json\/wp\/v2\/pages"}],"about":[{"href":"https:\/\/www.hsu-hh.de\/praktika\/wp-json\/wp\/v2\/types\/page"}],"author":[{"embeddable":true,"href":"https:\/\/www.hsu-hh.de\/praktika\/wp-json\/wp\/v2\/users\/1941"}],"replies":[{"embeddable":true,"href":"https:\/\/www.hsu-hh.de\/praktika\/wp-json\/wp\/v2\/comments?post=73"}],"version-history":[{"count":54,"href":"https:\/\/www.hsu-hh.de\/praktika\/wp-json\/wp\/v2\/pages\/73\/revisions"}],"predecessor-version":[{"id":657,"href":"https:\/\/www.hsu-hh.de\/praktika\/wp-json\/wp\/v2\/pages\/73\/revisions\/657"}],"wp:attachment":[{"href":"https:\/\/www.hsu-hh.de\/praktika\/wp-json\/wp\/v2\/media?parent=73"}],"wp:term":[{"taxonomy":"category","embeddable":true,"href":"https:\/\/www.hsu-hh.de\/praktika\/wp-json\/wp\/v2\/categories?post=73"},{"taxonomy":"post_tag","embeddable":true,"href":"https:\/\/www.hsu-hh.de\/praktika\/wp-json\/wp\/v2\/tags?post=73"}],"curies":[{"name":"wp","href":"https:\/\/api.w.org\/{rel}","templated":true}]}}