{"id":430,"date":"2020-06-16T17:21:25","date_gmt":"2020-06-16T15:21:25","guid":{"rendered":"https:\/\/www.hsu-hh.de\/praktika\/?page_id=430"},"modified":"2025-01-24T09:30:49","modified_gmt":"2025-01-24T08:30:49","slug":"soziales","status":"publish","type":"page","link":"https:\/\/www.hsu-hh.de\/praktika\/soziales\/","title":{"rendered":"Soziales Engagement an der HSU\/UniBwH"},"content":{"rendered":"<div class=\"wp-block-image\">\n<figure class=\"aligncenter\"><img loading=\"lazy\" decoding=\"async\" width=\"1800\" height=\"450\" src=\"https:\/\/www.hsu-hh.de\/praktika\/wp-content\/uploads\/sites\/816\/2020\/05\/httpspixabay.comphotossupport-letters-scrabble-help-2355701-1800x450.jpg\" data-credit=\"Pixabay\" alt=\"Unterst\u00fctzung\" class=\"wp-image-227\" \/><\/figure>\n<\/div>\n\n\n<p>Studierende dieser Universit\u00e4t engagieren sich in zahlreichen sozialen Projekten. Neben vielen kleinen Einzelinitiativen pflegt die Universit\u00e4t auch langfristig angelegte Kooperationen mit Partnern im Stadtteil. Hier arbeiten Studierende regelm\u00e4\u00dfig ehrenamtlich mit oder unterst\u00fctzen im Rahmen ihrer Praktika. Auch werden immer wieder Seminare in Form von Service-Learning-Projekten angeboten, in denen die Studierenden ihr theoretisches Wissen direkt in sozialen Projekten erproben k\u00f6nnen.<\/p>\n\n\n<h3>Kooperationen im Stadtteil<\/h3>\n<p>Mit der Hamburger Tafel e.V., dem Spielhaus Horner Rennbahn e.V., dem Quartiersmanagement Elfsaal (f\u00f6rdern &amp; wohnen) und dem Christlichen Kinder- und Jugendwerk \u201eDie Arche e.V.\u201c in Jenfeld und Billstedt unterh\u00e4lt die <abbr title=\"Helmut Schmidt Universit\u00e4t\">HSU<\/abbr>\/<abbr title=\"Universit\u00e4t der Bundeswehr Hamburg\">UniBwH<\/abbr> feste Kooperationen. Egel ob das Spielhaus f\u00fcr die Renntage ausger\u00e4umt werden muss, f\u00fcr die Vorbereitung des Sommerfestes in der Arche helfende H\u00e4nde gesucht werden oder ein Kochabend mit gefl\u00fcchteten Frauen auf die Beine gestellt werden soll \u2013 <abbr title=\"Helmut Schmidt Universit\u00e4t\">HSU<\/abbr>-Studierende unterst\u00fctzen gerne und lernen Hamburg dabei aus einer ganz anderen Perspektive kennen. <a href=\"https:\/\/ilias.hsu-hh.de\/goto_unibw_grp_228976.html\" rel='nofollow'>Organisiert werden die Kooperationen im Studierendenfachbereich C.<\/a> (Login erforderlich) Die bei unseren Kooperationspartnern ausgeschriebenen Praktikumsstellen finden Sie in unserer <a href=\"https:\/\/web.hsu-hh.de\/intra\/fak\/geiso\/prak\/stellenangebote\" rel='nofollow'>Stellenb\u00f6rse<\/a>. (Login erfoderlich)<\/p>\n<h3>Lesef\u00f6rderung<\/h3>\n<p>Internationale Vergleichsstudien zeigen es immer wieder \u2013 knapp ein F\u00fcnftel der Kinder und Jugendlichen in Deutschland kann nicht altersangemessen lesen und l\u00e4uft damit Gefahr, zu funktionalen Analphabeten zu werden. Diese Kinder unterst\u00fctzen unsere Studierenden ganz konkret in verschiedenen Projekten:<\/p>\n<p>Seit 2010 \u00fcbernehmen jedes Jahr rund 30 Studierende eine <strong>Lesepatenschaft<\/strong> f\u00fcr ein Grundschulkind in den Schulen Bonhoefferstra\u00dfe oder Sterntalerstra\u00dfe. Sie treffen sich mindestens einmal pro Woche mit dem Kind, um gemeinsam das Lesen zu \u00fcben. Das Patenschaftsprogramm ist als Seminar in den <a href=\"https:\/\/www.hsu-hh.de\/isa\/\">Interdisziplin\u00e4ren Studienanteilen (ISA)<\/a> organisiert und wird in Kooperation mit dem <a href=\"https:\/\/www.leseleo.de\/\" rel='nofollow'>Verein Leseleo e.V.<\/a> durchgef\u00fchrt.<\/p>\n<p>Mit Freu(n)den lesen \u2013 so lautet das Motto des 2017 gemeinsam mit der Schule Bonhoefferstra\u00dfe gegr\u00fcndeten <strong>Leseclubs<\/strong>, der von der <a href=\"https:\/\/www.leseclubs.de\/\" rel='nofollow'>Stiftung Lesen<\/a> aus Mitteln von \u201eKultur macht stark. B\u00fcndnisse f\u00fcr Bildung\u201c gef\u00f6rdert wird. <a href=\"https:\/\/schulebonhoefferstrasse.schulhomepages.hamburg.de\/leseclub\/\" rel='nofollow'>Hier bieten <abbr title=\"Helmut Schmidt Universit\u00e4t\">HSU<\/abbr>-Studierende im Rahmen ihrer Praktika kontinuierliche Programme zur Lesef\u00f6rderung an.<\/a><\/p>\n<p>In Hamburg engagieren sich \u00fcber 2000 Menschen \u2013 meist Senioren \u2013 in ehrenamtlich in der au\u00dferschulischen Lesef\u00f6rderung. F\u00fcr sie haben Studierende der <abbr title=\"Helmut Schmidt Universit\u00e4t\">HSU<\/abbr>\/<abbr title=\"Universit\u00e4t der Bundeswehr Hamburg\">UniBwH<\/abbr> im Rahmen eines Lehrforschungsprojekts 2011 einen <strong>Weiterbildungstag f\u00fcr Lesepaten<\/strong> entwickelt und durchgef\u00fchrt. Das Konzept wurde vom <a href=\"https:\/\/www.mentor-ring.org\/\" rel='nofollow'>Mentor.Ring Hamburg e.V.<\/a> \u00fcbernommen und wird seitdem regelm\u00e4\u00dfig am Landesinstitut f\u00fcr Lehrerbildung durchgef\u00fchrt. Gemeinsam mit dem Mentor.Ring wurde mit <a href=\"https:\/\/www.mentor-ring.org\/praxishilfen-und-literatur\" rel='nofollow'>\u201eLesen f\u00f6rdern \u2013 Welten \u00f6ffnen\u201c<\/a> auch ein <strong>Leitfaden f\u00fcr Lesepaten<\/strong> erstellt.<\/p>\n<h3>Solidarit\u00e4tslauf<\/h3>\n<p><img loading=\"lazy\" decoding=\"async\" class=\"alignleft wp-image-476 size-medium\" src=\"https:\/\/www.hsu-hh.de\/praktika\/wp-content\/uploads\/sites\/816\/2020\/07\/DSC_3528-01-300x169.jpg\" alt=\"Solilauf\" data-credit=\"Solilauf\" width=\"300\" height=\"169\" srcset=\"https:\/\/www.hsu-hh.de\/praktika\/wp-content\/uploads\/sites\/816\/2020\/07\/DSC_3528-01-300x169.jpg 300w, https:\/\/www.hsu-hh.de\/praktika\/wp-content\/uploads\/sites\/816\/2020\/07\/DSC_3528-01-1024x577.jpg 1024w, https:\/\/www.hsu-hh.de\/praktika\/wp-content\/uploads\/sites\/816\/2020\/07\/DSC_3528-01-768x432.jpg 768w, https:\/\/www.hsu-hh.de\/praktika\/wp-content\/uploads\/sites\/816\/2020\/07\/DSC_3528-01-1536x865.jpg 1536w, https:\/\/www.hsu-hh.de\/praktika\/wp-content\/uploads\/sites\/816\/2020\/07\/DSC_3528-01-2048x1153.jpg 2048w, https:\/\/www.hsu-hh.de\/praktika\/wp-content\/uploads\/sites\/816\/2020\/07\/DSC_3528-01-1100x619.jpg 1100w\" sizes=\"auto, (max-width: 300px) 100vw, 300px\" \/>\u201eLauft mit &#8211; Helft mit!\u201c Auf der inzwischen drittgr\u00f6\u00dften Laufveranstaltung Hamburgs, dem Solidarit\u00e4tslauf, sammeln Tausende L\u00e4uferinnen und L\u00e4ufer jedes Jahr Spenden f\u00fcr im Einsatz verwundete Einsatzkr\u00e4fte und ihre Familien. Das Event wird ehrenamtlich von Studierenden der Helmut-Schmidt-Universit\u00e4t\/Universit\u00e4t der Bundeswehr organisiert. Der Erl\u00f6s von j\u00e4hrlich mehreren 10.000 Euro kommt der Soldaten und Veteranen Stiftung (SVS), der Oberst-Sch\u00f6ttler-Versehrten-Stiftung und der Stiftung der Deutschen Polizeigewerkschaft zugute.<\/p>\n<p><a href=\"https:\/\/www.solidaritaetslauf-hsu.de\/\" rel='nofollow'>Weitere Informationen finden Sie hier.<\/a><\/p>\n","protected":false},"excerpt":{"rendered":"<p>Studierende dieser Universit\u00e4t engagieren sich in zahlreichen sozialen Projekten. Neben vielen kleinen Einzelinitiativen pflegt die Universit\u00e4t auch langfristig angelegte Kooperationen mit Partnern im Stadtteil. Hier arbeiten Studierende regelm\u00e4\u00dfig ehrenamtlich mit [&hellip;]<\/p>\n","protected":false},"author":1941,"featured_media":0,"parent":0,"menu_order":0,"comment_status":"closed","ping_status":"closed","template":"","meta":{"footnotes":""},"categories":[4],"tags":[],"class_list":["post-430","page","type-page","status-publish","hentry","category-forschung"],"_links":{"self":[{"href":"https:\/\/www.hsu-hh.de\/praktika\/wp-json\/wp\/v2\/pages\/430","targetHints":{"allow":["GET"]}}],"collection":[{"href":"https:\/\/www.hsu-hh.de\/praktika\/wp-json\/wp\/v2\/pages"}],"about":[{"href":"https:\/\/www.hsu-hh.de\/praktika\/wp-json\/wp\/v2\/types\/page"}],"author":[{"embeddable":true,"href":"https:\/\/www.hsu-hh.de\/praktika\/wp-json\/wp\/v2\/users\/1941"}],"replies":[{"embeddable":true,"href":"https:\/\/www.hsu-hh.de\/praktika\/wp-json\/wp\/v2\/comments?post=430"}],"version-history":[{"count":25,"href":"https:\/\/www.hsu-hh.de\/praktika\/wp-json\/wp\/v2\/pages\/430\/revisions"}],"predecessor-version":[{"id":658,"href":"https:\/\/www.hsu-hh.de\/praktika\/wp-json\/wp\/v2\/pages\/430\/revisions\/658"}],"wp:attachment":[{"href":"https:\/\/www.hsu-hh.de\/praktika\/wp-json\/wp\/v2\/media?parent=430"}],"wp:term":[{"taxonomy":"category","embeddable":true,"href":"https:\/\/www.hsu-hh.de\/praktika\/wp-json\/wp\/v2\/categories?post=430"},{"taxonomy":"post_tag","embeddable":true,"href":"https:\/\/www.hsu-hh.de\/praktika\/wp-json\/wp\/v2\/tags?post=430"}],"curies":[{"name":"wp","href":"https:\/\/api.w.org\/{rel}","templated":true}]}}