{"id":116,"date":"2020-05-29T13:03:04","date_gmt":"2020-05-29T11:03:04","guid":{"rendered":"https:\/\/www.hsu-hh.de\/vorlage\/?page_id=116"},"modified":"2024-11-22T08:29:00","modified_gmt":"2024-11-22T07:29:00","slug":"studierende","status":"publish","type":"page","link":"https:\/\/www.hsu-hh.de\/praktika\/studierende\/","title":{"rendered":"Studierende"},"content":{"rendered":"<div>\n<div>\n<div>\n<div>\n<div>\n<div>\n<p><img loading=\"lazy\" decoding=\"async\" class=\"aligncenter wp-image-197 size-full-image\" src=\"https:\/\/www.hsu-hh.de\/praktika\/wp-content\/uploads\/sites\/816\/2020\/05\/internship-3157269_1920-1100x398.jpg\" alt=\"Praktikum\" width=\"1100\" height=\"398\" data-credit=\"https:\/\/pixabay.com\/photos\/internship-company-business-work-3157269\/\" srcset=\"https:\/\/www.hsu-hh.de\/praktika\/wp-content\/uploads\/sites\/816\/2020\/05\/internship-3157269_1920-1100x398.jpg 1100w, https:\/\/www.hsu-hh.de\/praktika\/wp-content\/uploads\/sites\/816\/2020\/05\/internship-3157269_1920-300x108.jpg 300w, https:\/\/www.hsu-hh.de\/praktika\/wp-content\/uploads\/sites\/816\/2020\/05\/internship-3157269_1920-1024x370.jpg 1024w, https:\/\/www.hsu-hh.de\/praktika\/wp-content\/uploads\/sites\/816\/2020\/05\/internship-3157269_1920-768x278.jpg 768w, https:\/\/www.hsu-hh.de\/praktika\/wp-content\/uploads\/sites\/816\/2020\/05\/internship-3157269_1920-1536x555.jpg 1536w, https:\/\/www.hsu-hh.de\/praktika\/wp-content\/uploads\/sites\/816\/2020\/05\/internship-3157269_1920.jpg 1920w\" sizes=\"auto, (max-width: 1100px) 100vw, 1100px\" \/><\/p>\n<p>Praktika sind auf unterschiedliche Weise an den Fakult\u00e4ten der <abbr title=\"Helmut Schmidt Universit\u00e4t\">HSU<\/abbr>\/<abbr title=\"Universit\u00e4t der Bundeswehr Hamburg\">UniBwH<\/abbr> und in die jeweiligen Studieng\u00e4nge eingebunden und bieten die M\u00f6glichkeit, das im Studium erworbene Wissen in der Praxis zu erproben und Berufserfahrungen auch au\u00dferhalb der Bundeswehr zu sammeln.<\/p>\n<p>Die Praktikums\u00e4mter unterst\u00fctzen die Studierenden bei der Vorbereitung, Durchf\u00fchrung und Nachbereitung der Praktika.<\/p>\n<p>Praktika sind im Rahmen von:<\/p>\n<p>1. Pflichtmodulen,<br \/>\n2. Wahlpflichtmodulen sowie<br \/>\n3. zur Anfertigung einer Studien-, Bachelor- oder Masterarbeit m\u00f6glich.<\/p>\n<p>Auch Freiwillige Praktika k\u00f6nnen unabh\u00e4ngig vom Studiengang und Schwerpunkten absolviert werden.<\/p>\n<p>Die Details sind den <a href=\"https:\/\/www.hsu-hh.de\/asv\/ordnungen\/\">Ordnungen f\u00fcr die jeweiligen Studieng\u00e4nge<\/a> im Internet zu entnehmen.<\/p>\n<p style=\"text-align: center\"><strong>Intranet-Bereiche f\u00fcr Universit\u00e4tsangeh\u00f6rige <\/strong><\/p>\n<p style=\"text-align: center\"><strong>(Login erforderlich)<\/strong><\/p>\n<div class=\"content-block3\">\n<div class=\"background-grey\">\n<p style=\"text-align: center\"><a href=\"https:\/\/ilias.hsu-hh.de\/goto_unibw_cat_80875.html\" rel='nofollow'><img loading=\"lazy\" decoding=\"async\" class=\"aligncenter wp-image-353 size-medium\" src=\"https:\/\/www.hsu-hh.de\/praktika\/wp-content\/uploads\/sites\/816\/2020\/06\/dyslexia-3014152_1920-300x200.jpg\" alt=\"GeiSo\" width=\"300\" height=\"200\" data-credit=\"https:\/\/pixabay.com\/illustrations\/dyslexia-learning-disorder-puzzle-3014152\/\" srcset=\"https:\/\/www.hsu-hh.de\/praktika\/wp-content\/uploads\/sites\/816\/2020\/06\/dyslexia-3014152_1920-300x200.jpg 300w, https:\/\/www.hsu-hh.de\/praktika\/wp-content\/uploads\/sites\/816\/2020\/06\/dyslexia-3014152_1920-1024x683.jpg 1024w, https:\/\/www.hsu-hh.de\/praktika\/wp-content\/uploads\/sites\/816\/2020\/06\/dyslexia-3014152_1920-768x512.jpg 768w, https:\/\/www.hsu-hh.de\/praktika\/wp-content\/uploads\/sites\/816\/2020\/06\/dyslexia-3014152_1920-1536x1024.jpg 1536w, https:\/\/www.hsu-hh.de\/praktika\/wp-content\/uploads\/sites\/816\/2020\/06\/dyslexia-3014152_1920-1100x733.jpg 1100w, https:\/\/www.hsu-hh.de\/praktika\/wp-content\/uploads\/sites\/816\/2020\/06\/dyslexia-3014152_1920.jpg 1920w\" sizes=\"auto, (max-width: 300px) 100vw, 300px\" \/><\/a><a href=\"https:\/\/ilias.hsu-hh.de\/goto_unibw_cat_80875.html\" rel='nofollow'>Studierende <abbr title=\"Geistes- und Sozialwissenschaften\">GeiSo<\/abbr><\/a><\/p>\n<\/div>\n<\/div>\n<div class=\"content-block3\">\n<div class=\"background-grey\">\n<p style=\"text-align: center\"><a href=\"https:\/\/ilias.hsu-hh.de\/goto_unibw_cat_289369.html\" rel='nofollow'><img loading=\"lazy\" decoding=\"async\" class=\"aligncenter wp-image-351 size-medium\" src=\"https:\/\/www.hsu-hh.de\/praktika\/wp-content\/uploads\/sites\/816\/2020\/06\/dollar-exchange-rate-544949_1920-300x212.jpg\" alt=\"WiSo\" width=\"300\" height=\"212\" data-credit=\"https:\/\/pixabay.com\/illustrations\/dollar-exchange-rate-world-economy-544949\/\" srcset=\"https:\/\/www.hsu-hh.de\/praktika\/wp-content\/uploads\/sites\/816\/2020\/06\/dollar-exchange-rate-544949_1920-300x212.jpg 300w, https:\/\/www.hsu-hh.de\/praktika\/wp-content\/uploads\/sites\/816\/2020\/06\/dollar-exchange-rate-544949_1920-1024x724.jpg 1024w, https:\/\/www.hsu-hh.de\/praktika\/wp-content\/uploads\/sites\/816\/2020\/06\/dollar-exchange-rate-544949_1920-768x543.jpg 768w, https:\/\/www.hsu-hh.de\/praktika\/wp-content\/uploads\/sites\/816\/2020\/06\/dollar-exchange-rate-544949_1920-1536x1086.jpg 1536w, https:\/\/www.hsu-hh.de\/praktika\/wp-content\/uploads\/sites\/816\/2020\/06\/dollar-exchange-rate-544949_1920-1100x777.jpg 1100w, https:\/\/www.hsu-hh.de\/praktika\/wp-content\/uploads\/sites\/816\/2020\/06\/dollar-exchange-rate-544949_1920.jpg 1920w\" sizes=\"auto, (max-width: 300px) 100vw, 300px\" \/><\/a><a href=\"https:\/\/ilias.hsu-hh.de\/goto_unibw_cat_289369.html\" rel='nofollow'>Studierende <abbr title=\"Wirtschafts- und Sozialwissenschaften\">WiSo<\/abbr><\/a><\/p>\n<\/div>\n<\/div>\n<div class=\"content-block3\">\n<div class=\"background-grey\">\n<p style=\"text-align: center\"><a href=\"https:\/\/www.hsu-hh.de\/pamting\/\"><img loading=\"lazy\" decoding=\"async\" class=\"aligncenter wp-image-350 size-medium\" src=\"https:\/\/www.hsu-hh.de\/praktika\/wp-content\/uploads\/sites\/816\/2020\/06\/board-1607174_1920-300x200.jpg\" alt=\"MB\/ET\" width=\"300\" height=\"200\" data-credit=\"https:\/\/pixabay.com\/illustrations\/board-circuit-control-center-binary-1607174\/\" srcset=\"https:\/\/www.hsu-hh.de\/praktika\/wp-content\/uploads\/sites\/816\/2020\/06\/board-1607174_1920-300x200.jpg 300w, https:\/\/www.hsu-hh.de\/praktika\/wp-content\/uploads\/sites\/816\/2020\/06\/board-1607174_1920-1024x683.jpg 1024w, https:\/\/www.hsu-hh.de\/praktika\/wp-content\/uploads\/sites\/816\/2020\/06\/board-1607174_1920-768x512.jpg 768w, https:\/\/www.hsu-hh.de\/praktika\/wp-content\/uploads\/sites\/816\/2020\/06\/board-1607174_1920-1536x1024.jpg 1536w, https:\/\/www.hsu-hh.de\/praktika\/wp-content\/uploads\/sites\/816\/2020\/06\/board-1607174_1920-1100x733.jpg 1100w, https:\/\/www.hsu-hh.de\/praktika\/wp-content\/uploads\/sites\/816\/2020\/06\/board-1607174_1920.jpg 1920w\" sizes=\"auto, (max-width: 300px) 100vw, 300px\" \/><\/a><a href=\"https:\/\/www.hsu-hh.de\/pamting\/\">Studierende ING<\/a><abbr><\/p>\n<\/div>\n<\/div>\n<\/div>\n<\/div>\n<\/div>\n<\/div>\n<\/div>\n<\/div>\n","protected":false},"excerpt":{"rendered":"<p>Praktika sind auf unterschiedliche Weise an den Fakult\u00e4ten der HSU\/UniBwH und in die jeweiligen Studieng\u00e4nge eingebunden und bieten die M\u00f6glichkeit, das im Studium erworbene Wissen in der Praxis zu erproben [&hellip;]<\/p>\n","protected":false},"author":26,"featured_media":0,"parent":0,"menu_order":0,"comment_status":"closed","ping_status":"closed","template":"","meta":{"footnotes":""},"categories":[6],"tags":[],"class_list":["post-116","page","type-page","status-publish","hentry","category-lehre"],"_links":{"self":[{"href":"https:\/\/www.hsu-hh.de\/praktika\/wp-json\/wp\/v2\/pages\/116","targetHints":{"allow":["GET"]}}],"collection":[{"href":"https:\/\/www.hsu-hh.de\/praktika\/wp-json\/wp\/v2\/pages"}],"about":[{"href":"https:\/\/www.hsu-hh.de\/praktika\/wp-json\/wp\/v2\/types\/page"}],"author":[{"embeddable":true,"href":"https:\/\/www.hsu-hh.de\/praktika\/wp-json\/wp\/v2\/users\/26"}],"replies":[{"embeddable":true,"href":"https:\/\/www.hsu-hh.de\/praktika\/wp-json\/wp\/v2\/comments?post=116"}],"version-history":[{"count":77,"href":"https:\/\/www.hsu-hh.de\/praktika\/wp-json\/wp\/v2\/pages\/116\/revisions"}],"predecessor-version":[{"id":645,"href":"https:\/\/www.hsu-hh.de\/praktika\/wp-json\/wp\/v2\/pages\/116\/revisions\/645"}],"wp:attachment":[{"href":"https:\/\/www.hsu-hh.de\/praktika\/wp-json\/wp\/v2\/media?parent=116"}],"wp:term":[{"taxonomy":"category","embeddable":true,"href":"https:\/\/www.hsu-hh.de\/praktika\/wp-json\/wp\/v2\/categories?post=116"},{"taxonomy":"post_tag","embeddable":true,"href":"https:\/\/www.hsu-hh.de\/praktika\/wp-json\/wp\/v2\/tags?post=116"}],"curies":[{"name":"wp","href":"https:\/\/api.w.org\/{rel}","templated":true}]}}