{"id":106,"date":"2020-05-29T12:27:25","date_gmt":"2020-05-29T10:27:25","guid":{"rendered":"https:\/\/www.hsu-hh.de\/vorlage\/?page_id=106"},"modified":"2024-11-22T09:34:15","modified_gmt":"2024-11-22T08:34:15","slug":"praktikumsgeber","status":"publish","type":"page","link":"https:\/\/www.hsu-hh.de\/praktika\/praktikumsgeber\/","title":{"rendered":"Praktikumsgeber"},"content":{"rendered":"<div class=\"wp-block-image\">\n<figure class=\"aligncenter\"><img loading=\"lazy\" decoding=\"async\" width=\"1100\" height=\"588\" src=\"https:\/\/www.hsu-hh.de\/praktika\/wp-content\/uploads\/sites\/816\/2020\/06\/handshake-2009195_1920-1100x588.png\" data-credit=\"Pixabay\" alt=\"handshake\" class=\"wp-image-335\" srcset=\"https:\/\/www.hsu-hh.de\/praktika\/wp-content\/uploads\/sites\/816\/2020\/06\/handshake-2009195_1920-1100x588.png 1100w, https:\/\/www.hsu-hh.de\/praktika\/wp-content\/uploads\/sites\/816\/2020\/06\/handshake-2009195_1920-300x160.png 300w, https:\/\/www.hsu-hh.de\/praktika\/wp-content\/uploads\/sites\/816\/2020\/06\/handshake-2009195_1920-1024x547.png 1024w, https:\/\/www.hsu-hh.de\/praktika\/wp-content\/uploads\/sites\/816\/2020\/06\/handshake-2009195_1920-768x410.png 768w, https:\/\/www.hsu-hh.de\/praktika\/wp-content\/uploads\/sites\/816\/2020\/06\/handshake-2009195_1920-1536x821.png 1536w, https:\/\/www.hsu-hh.de\/praktika\/wp-content\/uploads\/sites\/816\/2020\/06\/handshake-2009195_1920.png 1920w\" sizes=\"auto, (max-width: 1100px) 100vw, 1100px\" \/><\/figure>\n<\/div>\n\n\n<p>Unternehmen und Institutionen erhalten durch unsere Studierenden tatkr\u00e4ftige Unterst\u00fctzung im Tagesgesch\u00e4ft und bei Projekten. Viele Praktikanten bleiben &#8222;ihrer&#8220; Praktikumsinstitution zudem \u00fcber einen l\u00e4ngeren Zeitraum verbunden: Sie begleiten ihr Praktikumsprojekt auch nach Ende des Praktikums weiter, absolvieren ein Folgepraktikum oder bearbeiten im Rahmen ihrer Abschlussarbeit eine komplexe Fragestellung f\u00fcr ihren Praktikumsgeber.<\/p>\n\n\n\n<p>Die Praktikums\u00e4mter bilden die Schnittstelle zwischen Universit\u00e4t und Praxis: Sie unterst\u00fctzen die Studierenden bei der Vorbereitung, Durchf\u00fchrung und Nachbereitung ihrer Praktika und stehen den Praktikumsgebern gerne bei Fragen, W\u00fcnschen und Anregungen zur Verf\u00fcgung.<\/p>\n\n\n\n<p>Sie haben Fragen zum Praktikum oder m\u00f6chten eine Stellenanzeige ver\u00f6ffentlichen? <a href=\"https:\/\/www.hsu-hh.de\/praktika\/kontakt\/\">Dann sprechen Sie uns gerne an<\/a>!<\/p>\n\n\n<h3>Warum HSU-Studierende?<\/h3>\n<p>Das Studium an der <abbr title=\"Helmut Schmidt Universit\u00e4t\">HSU<\/abbr>\/<abbr title=\"Universit\u00e4t der Bundeswehr Hamburg\">UniBwH<\/abbr> entspricht inhaltlich dem an anderen Universit\u00e4ten. Es gibt jedoch einige Besonderheiten, die die Universit\u00e4t von \u00f6ffentlichen Hochschulen unterscheiden.<\/p>\n<p><strong>Trimester<\/strong><br \/>\nDas Studienjahr ist an der <abbr title=\"Helmut Schmidt Universit\u00e4t\">HSU<\/abbr>\/<abbr title=\"Universit\u00e4t der Bundeswehr Hamburg\">UniBwH<\/abbr> in jeweils dreimonatige Trimester gegliedert. Das curriculare Programm eines Trimesters entspricht dem eines Semesters an Landesuniversit\u00e4ten.<\/p>\n<p><strong>Akkreditierte Intensivstudieng\u00e4nge<\/strong><br \/>\nAlle Studieng\u00e4nge wurden im Jahr 2007 durch ACQUIN akkreditiert. Angesichts der g\u00fcnstigen Studienbedingungen an der Universit\u00e4t handelt es sich um Intensivstudieng\u00e4nge, bei denen pro Jahr bis zu 75 Leistungspunkte erworben werden k\u00f6nnen. Der Abschluss eines Bachelor-Studiengangs ist bereits nach sieben Trimestern m\u00f6glich, der des anschlie\u00dfenden Master-Studiengangs nach weiteren f\u00fcnf Trimestern. Die Regelstudienzeit f\u00fcr ein konsekutives Bachelor-Master-Studium betr\u00e4gt somit lediglich vier Jahre.<\/p>\n<p><strong>Kleingruppenkonzept<\/strong><br \/>\nDie meisten Lehrveranstaltungen finden in Gruppen mit nicht mehr als 25 Teilnehmern statt. Dies erm\u00f6glicht intensives Lernen und pers\u00f6nlichen Austausch.<\/p>\n<p><strong>Auswahlverfahren<\/strong><br \/>\nDie Studierenden werden in einem mehrt\u00e4gigen Assessment Center ausgew\u00e4hlt. Hier werden sowohl die Eignung zum Offizier als auch die Studierf\u00e4higkeit der Bewerberinnen und Bewerber gepr\u00fcft.<\/p>\n<p><strong>Interdisziplinarit\u00e4t<\/strong><br \/>\nAlle Studierenden der <abbr title=\"Helmut Schmidt Universit\u00e4t\">HSU<\/abbr>\/<abbr title=\"Universit\u00e4t der Bundeswehr Hamburg\">UniBwH<\/abbr> belegen im Rahmen der Interdisziplin\u00e4ren Studienanteile (ISA) Pflichtseminare aus anderen Fachbereichen: An der Universit\u00e4t ist es selbstverst\u00e4ndlich, dass ein Historiker wirtschaftswissenschaftliches Grundwissen oder ein Maschinenbauer Kenntnisse im Bereich der Berufsp\u00e4dagogik erwirbt!<\/p>\n<p><strong>Fremdsprachenausbildung<\/strong><br \/>\nAlle Studierenden der <abbr title=\"Helmut Schmidt Universit\u00e4t\">HSU<\/abbr>\/<abbr title=\"Universit\u00e4t der Bundeswehr Hamburg\">UniBwH<\/abbr> belegen Fremdsprachenkurse als Pflichtmodule im Studium. Die Pr\u00fcfungen werden nach den Regeln des Bundessprachenamtes abgelegt.<\/p>\n<h3>Organisatorisches<\/h3>\n<p>Aufgrund der besonderen Studiensituation an der <abbr title=\"Helmut Schmidt Universit\u00e4t\">HSU<\/abbr>\/<abbr title=\"Universit\u00e4t der Bundeswehr Hamburg\">UniBwH<\/abbr> gibt es folgende Besonderheiten bei der Organisation der Praktika:<\/p>\n<p><strong>Einsatzzeitraum<\/strong><br \/>\nJuli, August, September oder vorlesungsbegleitend<\/p>\n<p><strong>Praktikumsdauer<\/strong><br \/>\nmindestens 4 bis 10 Wochen. Die maximale Praktikumszeit betr\u00e4gt aufgrund der Trimestereinteilung 10-12 Wochen.<\/p>\n<p><strong>Verg\u00fctung<\/strong><br \/>\nAls Offizieranw\u00e4rter und Offizier erhalten die Studierenden der <abbr title=\"Helmut Schmidt Universit\u00e4t\">HSU<\/abbr>\/<abbr title=\"Universit\u00e4t der Bundeswehr Hamburg\">UniBwH<\/abbr> von der Bundeswehr auch w\u00e4hrend des Studiums ein regul\u00e4res Gehalt \u2013 das Praktikum wird daher nicht verg\u00fctet.<\/p>\n<p><strong>Praktikantenvertrag<\/strong><br \/>\nDer Praktikantenvertrag wird von der Bundeswehr zur Verf\u00fcgung gestellt.&nbsp; <a href=\"https:\/\/www.hsu-hh.de\/praktika\/kontakt\/\">Bei Fragen und W\u00fcnschen zum Vertrag sprechen Sie uns bitte jederzeit gerne an!<\/a><\/p>\n<p><strong>Unterkunft<\/strong><br \/>\nDie Studierenden werden f\u00fcr die Zeit ihres Praktikums an einen Bundeswehrstandort in der N\u00e4he ihrer Praktikumsstelle kommandiert. Hier erhalten sie auch \u2013 wenn m\u00f6glich \u2013 eine Unterkunft.<\/p>\n<h3>Studieng\u00e4nge mit Praxisanteilen<\/h3>\n<p>An der<strong> Fakult\u00e4t f\u00fcr Geistes- und Sozialwissenschaften <\/strong>sind Praktika fest in das Studium integriert.<\/p>\n<p><strong>Bildungs- und Erziehungswissenschaft<\/strong><\/p>\n<p>Studierende der Bildungs- und Erziehungswissenschaft absolvieren ein mindestens 320st\u00fcndiges Pflichtpraktikum im Bachelor- und ein weiteres mindestens 240st\u00fcndiges Pflichtpraktikum im Masterstudiengang.<\/p>\n<p><strong>Geschichtswissenschaft<\/strong><\/p>\n<p>Studierende der Geschichtswissenschaft machen ein mindestens 210st\u00fcndiges Pflichtpraktikum im Bachelorstudiengang. Dieses k\u00f6nnen sie durch einen Sprachkurs ersetzen.<\/p>\n<p><strong>Psychologie<\/strong><\/p>\n<p>Studierende der Psychologie absolvieren ein mindestens 390 Arbeitsstunden umfassendes Pflichtpraktikum im Bachelor- und im Masterstudium. Die Praktikumsordnung der Psychologiestudieng\u00e4nge sieht vor, dass Studierende der Psychologie im Praktikum durch einen studierten Psychologen (<abbr title=\"Diplom\">Dipl.<\/abbr>-Psy.\/<abbr title=\"Master of Science\">M.Sc.<\/abbr>) betreut werden.<br \/>\nWenn eine Anerkennung des Praktikums nach PsychThApprO angestrebt wird, finden die Bachelor-Praktika in interdisziplin\u00e4ren Einrichtungen der Gesundheitsversorgung oder in anderen Einrichtungen statt, in denen Beratung, Pr\u00e4vention oder Rehabilitation zur Erhaltung, F\u00f6rderung und Wiederherstellung psychischer Gesundheit durchgef\u00fchrt werden und in denen Psychotherapeutinnen  und  Psychotherapeuten,  Psychologische Psychotherapeutinnen  und  Psychologische  Psychotherapeuten  oder  Kinder-  und Jugendlichenpsychotherapeutinnen  und  Kinder-  und Jugendlichenpsychotherapeuten t\u00e4tig sind.  <\/p>\n<hr>\n<p>An <strong>Fakult\u00e4t f\u00fcr Wirtschafts- und Sozialwissenschaften <\/strong>sind Praktika auf unterschiedliche Weise in die Studieng\u00e4nge eingebunden.<\/p>\n<p><strong>Betriebswirtschaftslehre<\/strong><\/p>\n<p>Master-Studierende mit den Studienschwerpunkten \u201eInternationales Management\u201c, \u201eInnovations- und Netzwerkmanagement\u201c oder \u201eRisikomanagement\u201c haben die M\u00f6glichkeit, ein mindestens sechsw\u00f6chiges Auslandspraktikum im Rahmen eines Wahlpflichtmoduls zu absolvieren.<\/p>\n<p><strong>Politikwissenschaft<\/strong><\/p>\n<p>F\u00fcr Bachelor-Studierende der Politikwissenschaft besteht die M\u00f6glichkeit im Rahmen eines Wahlpflichtmoduls ein mindestens f\u00fcnfw\u00f6chiges Praktikum zu absolvieren. Im Master-Studium &#8222;Internationale Beziehungen&#8220; und &#8222;Vergleichende Demokratieforschung&#8220; k\u00f6nnen die Studierenden dar\u00fcber hinaus ein mindestens vierw\u00f6chiges Praktikum durchzuf\u00fchren.<\/p>\n<p><strong>Rechtswissenschaft f\u00fcr die \u00f6ffentliche Verwaltung<\/strong><br \/>\nDie Studierenden dieses Studienganges absolvieren insgesamt vier &#8211; ein dreimonatiges und drei vierw\u00f6chige &#8211; Praktika. Diese sind ausschlie\u00dflich in Dienststellen der Bundeswehrverwaltung durchzuf\u00fchren.<\/p>\n<hr>\n<p>F\u00fcr Studierende der <strong>ingenieurwissenschaftlichen Studieng\u00e4nge<\/strong> gelten folgende Regelungen:<\/p>\n<p>Die Bachelor-Studierenden <strong>Elektrotechnik <\/strong>und <strong>Maschinenbau<\/strong> weisen insgesamt 22 Praktikumswochen nach, und zwar durch ein Grundpraktikum (6 Wochen) und zwei Fachpraktika (je 8 Wochen). Da das Grundpraktikum und das erste Fachpraktikum Bedingung f\u00fcr die Zulassung zum Studium sind, absolvieren die Studierenden im Studium das zweite Fachpraktikum.<\/p>\n<p>Die Studierenden im Bachelor-Studiengang <strong>Wirtschaftsingenieurwesen<\/strong> absolvieren Praktika im Umfang von insgesamt 12 Wochen, davon entfallen 7 Wochen auf den technischen und 5 Wochen auf den kaufm\u00e4nnischen Bereich.<\/p>\n<h3>Abschlussarbeiten<\/h3>\n<p>Das Studium an der <abbr title=\"Helmut Schmidt Universit\u00e4t\">HSU<\/abbr>\/<abbr title=\"Universit\u00e4t der Bundeswehr Hamburg\">UniBwH<\/abbr> ist praxisnah und berufsorientierend angelegt. Folglich sind Abschlussarbeiten in Kooperation mit Unternehmen oder Institutionen gerne gesehen und beliebt. Haben Sie Themen, die dringend systematisch und fundiert bearbeitet werden m\u00fcssten, f\u00fcr die im Alltagsgesch\u00e4ft aber einfach die Zeit fehlt?<a href=\"https:\/\/www.hsu-hh.de\/praktika\/kontakt\/\"> Dann setzen Sie sich mit uns in Verbindung!<\/a> Unsere Studierenden unterst\u00fctzen Sie gerne und bringen dabei frische Ideen in Ihre Organisation ein.<\/p>\n<p>Die Bearbeitungszeitr\u00e4ume variieren je nach Studiengang (siehe auch <a href=\"https:\/\/www.hsu-hh.de\/asv\/studiengaenge\/\">FSPOs der Studieng\u00e4nge<\/a>) &#8211; zur Orientierung gilt:<\/p>\n<p><strong>Bachelorarbeiten<\/strong><\/p>\n<ul>\n<li>Bearbeitungszeit: 3 Monate<\/li>\n<li>\u00dcbernahme: sp\u00e4testens zum Beginn des 7. Trimesters (Stichtag: 01. Oktober)<\/li>\n<\/ul>\n<p><strong>Masterarbeiten<\/strong><\/p>\n<ul>\n<li>Bearbeitungszeit: 4 Monate<\/li>\n<li>\u00dcbernahme: sp\u00e4testens zum Beginn des 5. Trimesters (Stichtag: 01. April)<\/li>\n<\/ul>\n","protected":false},"excerpt":{"rendered":"<p>Unternehmen und Institutionen erhalten durch unsere Studierenden tatkr\u00e4ftige Unterst\u00fctzung im Tagesgesch\u00e4ft und bei Projekten. Viele Praktikanten bleiben &#8222;ihrer&#8220; Praktikumsinstitution zudem \u00fcber einen l\u00e4ngeren Zeitraum verbunden: Sie begleiten ihr Praktikumsprojekt auch [&hellip;]<\/p>\n","protected":false},"author":26,"featured_media":0,"parent":0,"menu_order":0,"comment_status":"closed","ping_status":"closed","template":"","meta":{"footnotes":""},"categories":[8],"tags":[],"class_list":["post-106","page","type-page","status-publish","hentry","category-team"],"_links":{"self":[{"href":"https:\/\/www.hsu-hh.de\/praktika\/wp-json\/wp\/v2\/pages\/106","targetHints":{"allow":["GET"]}}],"collection":[{"href":"https:\/\/www.hsu-hh.de\/praktika\/wp-json\/wp\/v2\/pages"}],"about":[{"href":"https:\/\/www.hsu-hh.de\/praktika\/wp-json\/wp\/v2\/types\/page"}],"author":[{"embeddable":true,"href":"https:\/\/www.hsu-hh.de\/praktika\/wp-json\/wp\/v2\/users\/26"}],"replies":[{"embeddable":true,"href":"https:\/\/www.hsu-hh.de\/praktika\/wp-json\/wp\/v2\/comments?post=106"}],"version-history":[{"count":83,"href":"https:\/\/www.hsu-hh.de\/praktika\/wp-json\/wp\/v2\/pages\/106\/revisions"}],"predecessor-version":[{"id":651,"href":"https:\/\/www.hsu-hh.de\/praktika\/wp-json\/wp\/v2\/pages\/106\/revisions\/651"}],"wp:attachment":[{"href":"https:\/\/www.hsu-hh.de\/praktika\/wp-json\/wp\/v2\/media?parent=106"}],"wp:term":[{"taxonomy":"category","embeddable":true,"href":"https:\/\/www.hsu-hh.de\/praktika\/wp-json\/wp\/v2\/categories?post=106"},{"taxonomy":"post_tag","embeddable":true,"href":"https:\/\/www.hsu-hh.de\/praktika\/wp-json\/wp\/v2\/tags?post=106"}],"curies":[{"name":"wp","href":"https:\/\/api.w.org\/{rel}","templated":true}]}}