{"id":919,"date":"2018-10-16T14:36:25","date_gmt":"2018-10-16T12:36:25","guid":{"rendered":"https:\/\/www.hsu-hh.de\/politiktheorie\/?page_id=919"},"modified":"2024-12-02T09:28:58","modified_gmt":"2024-12-02T08:28:58","slug":"anne-hoss-m-a","status":"publish","type":"page","link":"https:\/\/www.hsu-hh.de\/politiktheorie\/team\/anne-hoss-m-a","title":{"rendered":"Anne Hoss, M.A."},"content":{"rendered":"\n<h2 class=\"wp-block-heading\">Wissenschaftliche Mitarbeiterin am Lehrstuhl f\u00fcr Politikwissenschaft, insbesondere Politische Theorie<\/h2>\n\n\n\n<hr class=\"wp-block-separator has-css-opacity is-style-wide\" \/>\n\n\n\n<div class=\"wp-block-media-text alignwide has-media-on-the-right is-stacked-on-mobile\" style=\"grid-template-columns:auto 23%\"><div class=\"wp-block-media-text__content\">\n<p>Helmut-Schmidt-Universit\u00e4t<br>Geb\u00e4ude H1, Raum 1366<br>Holstenhofweg 85<br>22043 Hamburg<\/p>\n\n\n\n<p>E-Mail: <a href=\"mailto:anne.hoss@hsu-hh.de\" rel='nofollow'>anne.hoss@hsu-hh.de<\/a><br>Telefon: +49-40-6541-3688<br>Fax: +49-40-6541-3370<\/p>\n<\/div><figure class=\"wp-block-media-text__media\"><img loading=\"lazy\" decoding=\"async\" width=\"1024\" height=\"1024\" src=\"https:\/\/www.hsu-hh.de\/politiktheorie\/wp-content\/uploads\/sites\/726\/2018\/11\/Bild-1-e1543581638123-1024x1024.png\" data-credit=\"Hoss\" alt=\"ah\" class=\"wp-image-980 size-full\" srcset=\"https:\/\/www.hsu-hh.de\/politiktheorie\/wp-content\/uploads\/sites\/726\/2018\/11\/Bild-1-e1543581638123-1024x1024.png 1024w, https:\/\/www.hsu-hh.de\/politiktheorie\/wp-content\/uploads\/sites\/726\/2018\/11\/Bild-1-e1543581638123-150x150.png 150w, https:\/\/www.hsu-hh.de\/politiktheorie\/wp-content\/uploads\/sites\/726\/2018\/11\/Bild-1-e1543581638123-300x300.png 300w, https:\/\/www.hsu-hh.de\/politiktheorie\/wp-content\/uploads\/sites\/726\/2018\/11\/Bild-1-e1543581638123-768x768.png 768w, https:\/\/www.hsu-hh.de\/politiktheorie\/wp-content\/uploads\/sites\/726\/2018\/11\/Bild-1-e1543581638123-100x100.png 100w, https:\/\/www.hsu-hh.de\/politiktheorie\/wp-content\/uploads\/sites\/726\/2018\/11\/Bild-1-e1543581638123.png 1501w\" sizes=\"auto, (max-width: 1024px) 100vw, 1024px\" \/><\/figure><\/div>\n\n\n\n<hr class=\"wp-block-separator has-css-opacity is-style-wide\" \/>\n\n\n\n<h2 class=\"wp-block-heading\">Lebenslauf<\/h2>\n\n\n\n<hr class=\"wp-block-separator has-css-opacity is-style-wide\" \/>\n\n\n\n<p><strong>seit Oktober 2018<\/strong><\/p>\n\n\n\n<p>Wissenschaftliche Mitarbeiterin am Lehrstuhl f\u00fcr Politikwissenschaft, insbesondere Politische Theorie an der Helmut Schmidt Universit\u00e4t\/Universit\u00e4t der Bundeswehr Hamburg<\/p>\n\n\n\n<p><strong>2011 \u2013 2015<\/strong><\/p>\n\n\n\n<p>M.A. Politikwissenschaft, Universit\u00e4t Hamburg<br>Abschlussarbeit: \u201ePublic Consultation in Botswana. The Concept and Practice Considered from a Perspective of Deliberative Theory\u201c<\/p>\n\n\n\n<p><strong>September bis November 2014<\/strong><\/p>\n\n\n\n<p>Forschungsaufenthalt in Botswana<\/p>\n\n\n\n<p><strong>2012 \u20132016<\/strong><\/p>\n\n\n\n<p>Wissenschaftliche Hilfskraft, GIGA Hamburg, Projekt \u201cThe Land Matrix\u201d<\/p>\n\n\n\n<p><strong>2009 \u2013 2012<\/strong><\/p>\n\n\n\n<p>Diverse T\u00e4tigkeiten als studentische Hilfskraft (<abbr title=\"unter anderem\">u.a.<\/abbr>&nbsp;Universit\u00e4t Bielefeld, Abteilung Geschichtswissenschaft: Projekt zur vorkolonialen Geschichte Ostafrikas; Universit\u00e4t Bielefeld, Fakult\u00e4t f\u00fcr Soziologie: Arbeitsbereich \u201eTransnationalisierung und Entwicklung\u201c)<\/p>\n\n\n\n<p><strong>2008 &#8211; 2011<\/strong><\/p>\n\n\n\n<p>B.A. Politikwissenschaft\/Geschichtswissenschaft, Universit\u00e4t Bielefeld Abschlussarbeit: \u201eDemokratieentwicklung in Westafrika. Ein Vergleich der politischen Transformationen Togos und Ghanas\u201c<\/p>\n\n\n\n<hr class=\"wp-block-separator has-css-opacity is-style-wide\" \/>\n\n\n\n<h2 class=\"wp-block-heading\">Forschungsinteressen<\/h2>\n\n\n\n<hr class=\"wp-block-separator has-css-opacity is-style-wide\" \/>\n\n\n\n<p>Demokratietheorie<\/p>\n\n\n\n<p>Vergleichende Politische Theorie<\/p>\n\n\n\n<p>Postkoloniale Theorie<\/p>\n\n\n\n<p>Politische Kulturen<\/p>\n\n\n\n<p>Qualitative Methoden<\/p>\n\n\n\n<hr class=\"wp-block-separator has-css-opacity is-style-wide\" \/>\n\n\n\n<h2 class=\"wp-block-heading\">Publikationen und Vortr\u00e4ge<\/h2>\n\n\n\n<hr class=\"wp-block-separator has-css-opacity is-style-wide\" \/>\n\n\n\n<p>Hoss, A. (2024). Rethinking autonomy in the digital age: Between human exceptionalism, hybridity, and conviviality. Human-Machine Communication, 9, 51\u201362.\u00a0<a href=\"https:\/\/doi.org\/10.30658\/hmc.9.4\" rel='nofollow'>https:\/\/doi.org\/10.30658\/hmc.9.4<\/a><\/p>\n\n\n\n<p>Hoss, Anne 2016: Therisanyo: Das Verst\u00e4ndnis und die Praxis von deliberativer Demokratie in Botswana, in: Schubert, Sophia\/Wei\u00df, Alexander (<abbr title=\"Herausgeber\">Hrsg.<\/abbr>): \u201eDemokratie\u201c jenseits des Westens. Theorien, Diskurse, Einstellungen, Baden-Baden: Nomos, 245-267.<\/p>\n\n\n\n<p>Hoss, Anne: \u201cPostcolonial Concepts of Technology Governance in Times of Digital Transformation\u201d \u2013 Pr\u00e4sentation. Conference \u201cGovernance &amp; Complex Networks in Times of Turbulence and Digital Transformation\u201d. Center for Digital Transformation (CEDIT), University of Agder, Kristiansand, Norway, 8 September 2020.<\/p>\n\n\n\n<p>Hoss, Anne: \u201cLimiting technologisation for human autonomy? Reconsidering Illich\u2019s \u2018conviviality\u2019 in the digital age\u201d \u2013 Pr\u00e4sentation.<\/p>\n\n\n\n<p>Conference \u201cAutonomy in the Digital Age: Rethinking Relationships between Humans, Technology and Society\u201d. Research Group \u201cAutonomy and autonomous Systems\u201d of the Universities Bonn &amp; RWTH Aachen, University of Bonn, Germany, 20-22 November 2022. &nbsp;&nbsp;<\/p>\n\n\n\n<p>Hoss, Anne, Heikurrinen, Pasi und Ruuska, Toni: \u201cGreen knowledge between ecosystemic relationality and human claims: The \u201cPacha Mama\u201d cosmovision and rights of nature in environmental discourse\u201d \u2013 Pr\u00e4sentation. Konferenz \u201cInteresting Worlds to come. Science &amp; Technology Studies facing more-than-human challenges\u201d. The Italian Society of Science and Technology Studies, Universit\u00e4t Bologna, 28.-30. Juni 2023.<\/p>\n\n\n\n<p>Hoss, Anne: &#8222;Postkoloniale Perspektiven auf Technologie, Macht und Emanzipation als Ressource politiktheoretischer Digitalisierungsdiskurse&#8220; &#8211; Pr\u00e4sentation. Konferenz &#8222;Politische Theorie nach dem Eurozentrismus.&#8220; Fr\u00fchjahrstagung der Sektion \u201ePolitische Theorie und Ideengeschichte\u201c, Universit\u00e4t Rostock, 13.-15. M\u00e4rz 2024.<\/p>\n","protected":false},"excerpt":{"rendered":"<p>Wissenschaftliche Mitarbeiterin am Lehrstuhl f\u00fcr Politikwissenschaft, insbesondere Politische Theorie Helmut-Schmidt-Universit\u00e4tGeb\u00e4ude H1, Raum 1366Holstenhofweg 8522043 Hamburg E-Mail: anne.hoss@hsu-hh.deTelefon: +49-40-6541-3688Fax: +49-40-6541-3370 Lebenslauf seit Oktober 2018 Wissenschaftliche Mitarbeiterin am Lehrstuhl f\u00fcr Politikwissenschaft, insbesondere [&hellip;]<\/p>\n","protected":false},"author":181,"featured_media":0,"parent":124,"menu_order":0,"comment_status":"closed","ping_status":"closed","template":"","meta":{"footnotes":""},"categories":[8],"tags":[],"class_list":["post-919","page","type-page","status-publish","hentry","category-team"],"_links":{"self":[{"href":"https:\/\/www.hsu-hh.de\/politiktheorie\/wp-json\/wp\/v2\/pages\/919","targetHints":{"allow":["GET"]}}],"collection":[{"href":"https:\/\/www.hsu-hh.de\/politiktheorie\/wp-json\/wp\/v2\/pages"}],"about":[{"href":"https:\/\/www.hsu-hh.de\/politiktheorie\/wp-json\/wp\/v2\/types\/page"}],"author":[{"embeddable":true,"href":"https:\/\/www.hsu-hh.de\/politiktheorie\/wp-json\/wp\/v2\/users\/181"}],"replies":[{"embeddable":true,"href":"https:\/\/www.hsu-hh.de\/politiktheorie\/wp-json\/wp\/v2\/comments?post=919"}],"version-history":[{"count":8,"href":"https:\/\/www.hsu-hh.de\/politiktheorie\/wp-json\/wp\/v2\/pages\/919\/revisions"}],"predecessor-version":[{"id":3227,"href":"https:\/\/www.hsu-hh.de\/politiktheorie\/wp-json\/wp\/v2\/pages\/919\/revisions\/3227"}],"up":[{"embeddable":true,"href":"https:\/\/www.hsu-hh.de\/politiktheorie\/wp-json\/wp\/v2\/pages\/124"}],"wp:attachment":[{"href":"https:\/\/www.hsu-hh.de\/politiktheorie\/wp-json\/wp\/v2\/media?parent=919"}],"wp:term":[{"taxonomy":"category","embeddable":true,"href":"https:\/\/www.hsu-hh.de\/politiktheorie\/wp-json\/wp\/v2\/categories?post=919"},{"taxonomy":"post_tag","embeddable":true,"href":"https:\/\/www.hsu-hh.de\/politiktheorie\/wp-json\/wp\/v2\/tags?post=919"}],"curies":[{"name":"wp","href":"https:\/\/api.w.org\/{rel}","templated":true}]}}