{"id":3257,"date":"2025-01-07T11:56:10","date_gmt":"2025-01-07T10:56:10","guid":{"rendered":"https:\/\/www.hsu-hh.de\/politiktheorie\/?page_id=3257"},"modified":"2025-04-24T20:37:09","modified_gmt":"2025-04-24T18:37:09","slug":"niklas-masuhr","status":"publish","type":"page","link":"https:\/\/www.hsu-hh.de\/politiktheorie\/niklas-masuhr","title":{"rendered":"Niklas Masuhr, M.A."},"content":{"rendered":"\n<h2 class=\"wp-block-heading\"><strong>Wissenschaftlicher Mitarbeiter am Lehrstuhl f\u00fcr Politikwissenschaft, insbesondere Politische Theorie<\/strong><\/h2>\n\n\n\n<hr class=\"wp-block-separator has-alpha-channel-opacity\" \/>\n\n\n\n<div class=\"wp-block-media-text has-media-on-the-right is-stacked-on-mobile\" style=\"grid-template-columns:auto 36%\"><div class=\"wp-block-media-text__content\">\n<p>Helmut-Schmidt-Universit\u00e4t<br>Geb\u00e4ude H1, Raum: 2506<br>Holstenhofweg 85<br>22043 Hamburg<\/p>\n\n\n\n<p>E-Mail: masuhrn [at] hsu-hh.de<br><\/p>\n<\/div><figure class=\"wp-block-media-text__media\"><img loading=\"lazy\" decoding=\"async\" width=\"1024\" height=\"683\" src=\"https:\/\/www.hsu-hh.de\/politiktheorie\/wp-content\/uploads\/sites\/726\/2025\/01\/Photo_NM_HSU_0622-1024x683.jpg\" data-credit=\"Niklas Masuhr\" alt=\"\" class=\"wp-image-3326 size-full\" srcset=\"https:\/\/www.hsu-hh.de\/politiktheorie\/wp-content\/uploads\/sites\/726\/2025\/01\/Photo_NM_HSU_0622-1024x683.jpg 1024w, https:\/\/www.hsu-hh.de\/politiktheorie\/wp-content\/uploads\/sites\/726\/2025\/01\/Photo_NM_HSU_0622-300x200.jpg 300w, https:\/\/www.hsu-hh.de\/politiktheorie\/wp-content\/uploads\/sites\/726\/2025\/01\/Photo_NM_HSU_0622-768x512.jpg 768w, https:\/\/www.hsu-hh.de\/politiktheorie\/wp-content\/uploads\/sites\/726\/2025\/01\/Photo_NM_HSU_0622-1536x1024.jpg 1536w, https:\/\/www.hsu-hh.de\/politiktheorie\/wp-content\/uploads\/sites\/726\/2025\/01\/Photo_NM_HSU_0622-2048x1366.jpg 2048w, https:\/\/www.hsu-hh.de\/politiktheorie\/wp-content\/uploads\/sites\/726\/2025\/01\/Photo_NM_HSU_0622-1100x733.jpg 1100w\" sizes=\"auto, (max-width: 1024px) 100vw, 1024px\" \/><\/figure><\/div>\n\n\n\n<hr class=\"wp-block-separator has-alpha-channel-opacity\" \/>\n\n\n\n<h2 class=\"wp-block-heading\">CV<\/h2>\n\n\n\n<hr class=\"wp-block-separator has-alpha-channel-opacity\" \/>\n\n\n\n<p>Niklas Masuhr ist wissenschaftlicher Mitarbeiter am Defence AI Observatory (DAIO). Zuvor war er in verschiedenen Funktionen am Center for Security Studies, ETH Z\u00fcrich (CSS), sowie am Institut f\u00fcr Sicherheitspolitik an der Universit\u00e4t Kiel (ISPK) t\u00e4tig. Zuletzt fokussierte er sich auf Streitkr\u00e4fteentwicklung und Doktrin in der NATO, die Analyse laufender Konflikte, insbesondere des Kriegs in der Ukraine und Forschung im Bereich milit\u00e4rischer Technologien. Er hat Politikwissenschaft und Strategische Studien an den Universit\u00e4ten in Mannheim, Tartu und Reading studiert und promoviert zurzeit an der Helmut-Schmidt-Universit\u00e4t.<\/p>\n\n\n\n<hr class=\"wp-block-separator has-alpha-channel-opacity\" \/>\n\n\n\n<h2 class=\"wp-block-heading\">Forschungsschwerpunkte<\/h2>\n\n\n\n<hr class=\"wp-block-separator has-alpha-channel-opacity\" \/>\n\n\n\n<ul class=\"wp-block-list\">\n<li>Streitkr\u00e4fteentwicklung und Doktrin&nbsp;<\/li>\n\n\n\n<li>Milit\u00e4rische Dimension intensivierter M\u00e4chtekonkurrenz&nbsp;<\/li>\n\n\n\n<li>Milit\u00e4rische Technologien und zuk\u00fcnftige Kriegsf\u00fchrung&nbsp;<\/li>\n\n\n\n<li>Strategische Studien&nbsp;<\/li>\n<\/ul>\n\n\n\n<hr class=\"wp-block-separator has-alpha-channel-opacity\" \/>\n\n\n\n<h2 class=\"wp-block-heading\">Publikationen (Auswahl)<\/h2>\n\n\n\n<hr class=\"wp-block-separator has-alpha-channel-opacity\" \/>\n\n\n\n<p><a>Masuhr, Niklas (2024): \u201e<\/a><a href=\"https:\/\/gids-hamburg.de\/wp-content\/uploads\/2024\/11\/GIDSresearch2024_04_Masuhr241112.pdf\" rel='nofollow'>Milit\u00e4rische Evakuierungsoperationen unter den Vorzeichen versch\u00e4rfter M\u00e4chtekonkurrenz<\/a>\u201c,&nbsp;<em>#GIDSresearch<\/em>&nbsp;4\/2024.&nbsp;<\/p>\n\n\n\n<p>Gilli, Mauro \/ Masuhr, Niklas (2024): \u201e<a href=\"https:\/\/bindinghook.com\/articles-hooked-on-trends\/drones-enhance-defences-in-the-ukraine-war\/\" rel='nofollow'>Drones Enhance Defences in the Ukraine War<\/a>\u201d,&nbsp;<em>Binding Hook<\/em>.<\/p>\n\n\n\n<p><a>Masuhr, Niklas (2023): \u201e<\/a><a href=\"https:\/\/www.research-collection.ethz.ch\/bitstream\/handle\/20.500.11850\/662429\/Bulletin_2023_NM.pdf?sequence=1&amp;isAllowed=y\" rel='nofollow'>Waffensysteme langer Reichweite: Technologisches Potenzial und konzeptuelle Herausforderungen<\/a>\u201c, in: Wenger, Andreas, (<abbr title=\"Herausgeber\">Hrsg.<\/abbr>):&nbsp;<em>Bulletin 2023 zur Schweizerischen Sicherheitspolitik<\/em>, Center for Security Studies (CSS), ETH Z\u00fcrich.<\/p>\n\n\n\n<p>Masuhr, Niklas (2023): \u201c<a href=\"https:\/\/css.ethz.ch\/content\/dam\/ethz\/special-interest\/gess\/cis\/center-for-securities-studies\/pdfs\/RAD303.pdf\" rel='nofollow'>Russia\u2019s Post-Prigozhin Footprint in Africa: Expected Continuities and Change<\/a>\u201c,&nbsp;<em>Russian Analytical Digest<\/em>&nbsp;303, S. 7 \u2013 11.<\/p>\n\n\n\n<p>Feltes, Alexander \/ Masuhr, Niklas (2023): \u201e<a href=\"https:\/\/ethz.ch\/content\/dam\/ethz\/special-interest\/gess\/cis\/center-for-securities-studies\/pdfs\/CSSAnalyse329-DE.pdf\" rel='nofollow'>Zielkonflikte der Bundeswehrplanung<\/a>\u201d,&nbsp;<em>CSS Analysen zur Sicherheitspolitik<\/em>239.&nbsp;<\/p>\n\n\n\n<p>Masuhr, Niklas (2023): \u201e<a href=\"https:\/\/www.vtg.admin.ch\/de\/gruppe-verteidigung\/organisation\/kdo-ausb.detail.news.html\/vtg-internet\/verwaltung\/2023\/23-07\/230707_stratos_1-23.html\" rel='nofollow'>KI und \u2018Big Data\u2019 als milit\u00e4rische Bef\u00e4higungstechnologie \u2013 erste Lehren aus dem Ukrainekrieg<\/a>?\u201d,&nbsp;<em>stratos \u2013 Milit\u00e4rwissenschaftliche Zeitschrift der Schweizer Armee&nbsp;<\/em>1 \u2013 23, S. 87 \u2013 93.&nbsp;&nbsp;&nbsp;<\/p>\n\n\n\n<p>Niklas Masuhr (2023): \u201e<a href=\"https:\/\/www.ssoar.info\/ssoar\/bitstream\/handle\/document\/85393\/ssoar-russlanda-2023-432-masuhr-Die_Invasion_der_Ukraine_nach.pdf?sequence=1\" rel='nofollow'>Die Invasion der Ukraine nach einem Jahr \u2013 Ein milit\u00e4rischer R\u00fcck- und Ausblick<\/a>\u201c,&nbsp;<em>Russland-Analysen<\/em>&nbsp;432.&nbsp;<\/p>\n\n\n\n<p>Duursma, Allard \/ Masuhr, Niklas (2022): \u201e<a href=\"https:\/\/www.tandfonline.com\/doi\/full\/10.1080\/10220461.2022.2136236\" rel='nofollow'>Russia\u2019s Return to Africa in a Historical and Global Context. Anti-Imperialism, Patronage, and Opportunism<\/a>\u201d,&nbsp;<em>South African Journal of International Affairs&nbsp;<\/em>4 (29), pp. 407\u2013423.<\/p>\n\n\n\n<p>Despont, Constant \/ Kunertova, Dominika \/ Masuhr, Niklas (2022): \u201e<a href=\"https:\/\/www.research-collection.ethz.ch\/handle\/20.500.11850\/585229\" rel='nofollow'>Milit\u00e4rische Drohnennutzung: Erfahrungen, Technologie und Schweizer Optionen<\/a>\u201d, in: Wenger, Andreas (<abbr title=\"Herausgeber\">Hrsg.<\/abbr>.):&nbsp;<em>Bulletin 2022 zur Schweizerischen Sicherheitspolitik<\/em>, Center for Security Studies (CSS), ETH Z\u00fcrich.&nbsp;<\/p>\n\n\n\n<p>Masuhr, Niklas \/ Schepers, N\u00e9vine (2022): \u201e<a href=\"https:\/\/www.research-collection.ethz.ch\/bitstream\/handle\/20.500.11850\/533847\/CSSAnalyse300-DE.pdf?sequence=2&amp;isAllowed=y\" rel='nofollow'>AUKUS: Unter der Oberfl\u00e4che<\/a>\u201d,&nbsp;<em>CSS Analysen zur Sicherheitspolitik<\/em>&nbsp;300.&nbsp;<\/p>\n\n\n\n<p>Dossi, Amos \/ Masuhr, Niklas (2021): \u201e<a href=\"https:\/\/css.ethz.ch\/content\/dam\/ethz\/special-interest\/gess\/cis\/center-for-securities-studies\/pdfs\/CSSAnalyse291-DE.pdf\" rel='nofollow'>Europ\u00e4ische Kampflugzeug-Programme<\/a>\u201d,&nbsp;<em>CSS Analysen zur Sicherheitspolitik<\/em>219.<\/p>\n\n\n\n<p>Friedrich, Julia \/ Masuhr, Niklas (2020): \u201e<a href=\"https:\/\/css.ethz.ch\/content\/dam\/ethz\/special-interest\/gess\/cis\/center-for-securities-studies\/pdfs\/CSSAnalyse274-DE.pdf\" rel='nofollow'>S\u00f6ldner im Dienst autorit\u00e4rer Staaten<\/a>\u201d,&nbsp;<em>CSS Analysen zur Sicherheitspolitik<\/em>274.<\/p>\n\n\n\n<p>Masuhr, Niklas \/&nbsp;&nbsp;Haas, Michael (2020): \u201c<a href=\"https:\/\/css.ethz.ch\/content\/dam\/ethz\/special-interest\/gess\/cis\/center-for-securities-studies\/pdfs\/ST2020.pdf\" rel='nofollow'>US-\u200bChina Relations and the Specter of Great Power War<\/a>\u201d, in: Haas, Michael \/ Thr\u00e4nert, Oliver (eds.):&nbsp;<em>Strategic Trends 2020<\/em>, Center for Security Studies (CSS), ETH Z\u00fcrich.<\/p>\n\n\n\n<p>Masuhr, Niklas (2020):&nbsp;<a href=\"https:\/\/css.ethz.ch\/content\/dam\/ethz\/special-interest\/gess\/cis\/center-for-securities-studies\/pdfs\/Doktrinstudie_2020_Masuhr.pdf\" rel='nofollow'><em>2014 als Z\u00e4sur? Streitkr\u00e4fteentwicklung in der NATO<\/em><\/a>, CSS Studie.<\/p>\n\n\n\n<p>Masuhr, Niklas (2020): \u201e<a href=\"https:\/\/www.degruyter.com\/document\/doi\/10.1515\/sirius-2020-2005\/html?lang=de\" rel='nofollow'>Operative Anpassung von NATO-\u200b\u200bStreitkr\u00e4ften seit der Krim: Muster und Divergenzen<\/a>\u201c,&nbsp;<em>Sirius<\/em>&nbsp;4 (2).<\/p>\n\n\n\n<p>Masuhr, Niklas (2020): \u201e<a href=\"https:\/\/css.ethz.ch\/content\/dam\/ethz\/special-interest\/gess\/cis\/center-for-securities-studies\/pdfs\/CSSAnalyse257-DE.pdf\" rel='nofollow'>Dynamiken urbaner Milit\u00e4roperationen<\/a>\u201d,&nbsp;<em>CSS Analysen zur Sicherheitspolitik<\/em>&nbsp;257.<\/p>\n\n\n\n<p>Masuhr, Niklas (2019): \u201e<a href=\"https:\/\/www.research-collection.ethz.ch\/bitstream\/handle\/20.500.11850\/367662\/CSSAnalyse251-DE.pdf?sequence=2&amp;isAllowed=y\" rel='nofollow'>KI als milit\u00e4rische Bef\u00e4higungstechnologie<\/a>\u201d,&nbsp;<em>CSS Analysen zur Sicherheitspolitik<\/em>&nbsp;251.<\/p>\n\n\n\n<p>Masuhr, Niklas (2019): \u201e<a href=\"https:\/\/css.ethz.ch\/content\/dam\/ethz\/special-interest\/gess\/cis\/center-for-securities-studies\/pdfs\/CSSAnalyse242-DE.pdf\" rel='nofollow'>Der Ukrainekrieg und westliche Milit\u00e4rstrategie<\/a>\u201d,&nbsp;<em>CSS Analysen zur Sicherheitspolitik<\/em>&nbsp;242.<\/p>\n","protected":false},"excerpt":{"rendered":"<p>Wissenschaftlicher Mitarbeiter am Lehrstuhl f\u00fcr Politikwissenschaft, insbesondere Politische Theorie Helmut-Schmidt-Universit\u00e4tGeb\u00e4ude H1, Raum: 2506Holstenhofweg 8522043 Hamburg E-Mail: masuhrn [at] hsu-hh.de CV Niklas Masuhr ist wissenschaftlicher Mitarbeiter am Defence AI Observatory (DAIO). [&hellip;]<\/p>\n","protected":false},"author":3912,"featured_media":0,"parent":0,"menu_order":0,"comment_status":"closed","ping_status":"closed","template":"","meta":{"footnotes":""},"categories":[4],"tags":[],"class_list":["post-3257","page","type-page","status-publish","hentry","category-forschung"],"_links":{"self":[{"href":"https:\/\/www.hsu-hh.de\/politiktheorie\/wp-json\/wp\/v2\/pages\/3257","targetHints":{"allow":["GET"]}}],"collection":[{"href":"https:\/\/www.hsu-hh.de\/politiktheorie\/wp-json\/wp\/v2\/pages"}],"about":[{"href":"https:\/\/www.hsu-hh.de\/politiktheorie\/wp-json\/wp\/v2\/types\/page"}],"author":[{"embeddable":true,"href":"https:\/\/www.hsu-hh.de\/politiktheorie\/wp-json\/wp\/v2\/users\/3912"}],"replies":[{"embeddable":true,"href":"https:\/\/www.hsu-hh.de\/politiktheorie\/wp-json\/wp\/v2\/comments?post=3257"}],"version-history":[{"count":14,"href":"https:\/\/www.hsu-hh.de\/politiktheorie\/wp-json\/wp\/v2\/pages\/3257\/revisions"}],"predecessor-version":[{"id":3416,"href":"https:\/\/www.hsu-hh.de\/politiktheorie\/wp-json\/wp\/v2\/pages\/3257\/revisions\/3416"}],"wp:attachment":[{"href":"https:\/\/www.hsu-hh.de\/politiktheorie\/wp-json\/wp\/v2\/media?parent=3257"}],"wp:term":[{"taxonomy":"category","embeddable":true,"href":"https:\/\/www.hsu-hh.de\/politiktheorie\/wp-json\/wp\/v2\/categories?post=3257"},{"taxonomy":"post_tag","embeddable":true,"href":"https:\/\/www.hsu-hh.de\/politiktheorie\/wp-json\/wp\/v2\/tags?post=3257"}],"curies":[{"name":"wp","href":"https:\/\/api.w.org\/{rel}","templated":true}]}}