{"id":2455,"date":"2023-05-27T11:03:18","date_gmt":"2023-05-27T09:03:18","guid":{"rendered":"https:\/\/www.hsu-hh.de\/politiktheorie\/?page_id=2455"},"modified":"2025-12-10T11:47:24","modified_gmt":"2025-12-10T10:47:24","slug":"dr-dagmar-schulze-heuling","status":"publish","type":"page","link":"https:\/\/www.hsu-hh.de\/politiktheorie\/team\/dr-dagmar-schulze-heuling","title":{"rendered":"PD Dr. Dagmar Schulze Heuling"},"content":{"rendered":"\n<h2 class=\"wp-block-heading\">Wissenschaftliche Mitarbeiterin am Lehrstuhl f\u00fcr Politikwissenschaft, insbesondere Politische Theorie<\/h2>\n\n\n\n<hr class=\"wp-block-separator has-alpha-channel-opacity is-style-wide\" \/>\n\n\n\n<div class=\"wp-block-media-text alignwide has-media-on-the-right is-stacked-on-mobile\" style=\"grid-template-columns:auto 15%\"><div class=\"wp-block-media-text__content\">\n<p>Helmut-Schmidt-Universit\u00e4t<br>Geb\u00e4ude H1, Raum 1366<br>Holstenhofweg 85<br>22043 Hamburg<\/p>\n\n\n\n<p>Mail: d [punkt] heuling [at] hsu-hh.de<\/p>\n<\/div><figure class=\"wp-block-media-text__media\"><img loading=\"lazy\" decoding=\"async\" width=\"473\" height=\"1024\" src=\"https:\/\/www.hsu-hh.de\/politiktheorie\/wp-content\/uploads\/sites\/726\/2023\/07\/Dagmar-Schulze-Heuling-1-scaled-e1696704131978-473x1024.jpg\" data-credit=\"Dagmar Heuling\" alt=\"\" class=\"wp-image-2559 size-full\" srcset=\"https:\/\/www.hsu-hh.de\/politiktheorie\/wp-content\/uploads\/sites\/726\/2023\/07\/Dagmar-Schulze-Heuling-1-scaled-e1696704131978-473x1024.jpg 473w, https:\/\/www.hsu-hh.de\/politiktheorie\/wp-content\/uploads\/sites\/726\/2023\/07\/Dagmar-Schulze-Heuling-1-scaled-e1696704131978-139x300.jpg 139w, https:\/\/www.hsu-hh.de\/politiktheorie\/wp-content\/uploads\/sites\/726\/2023\/07\/Dagmar-Schulze-Heuling-1-scaled-e1696704131978-768x1661.jpg 768w, https:\/\/www.hsu-hh.de\/politiktheorie\/wp-content\/uploads\/sites\/726\/2023\/07\/Dagmar-Schulze-Heuling-1-scaled-e1696704131978-710x1536.jpg 710w, https:\/\/www.hsu-hh.de\/politiktheorie\/wp-content\/uploads\/sites\/726\/2023\/07\/Dagmar-Schulze-Heuling-1-scaled-e1696704131978.jpg 833w\" sizes=\"auto, (max-width: 473px) 100vw, 473px\" \/><\/figure><\/div>\n\n\n\n<hr class=\"wp-block-separator has-alpha-channel-opacity is-style-wide\" \/>\n\n\n\n<h2 class=\"wp-block-heading\">Lebenslauf<\/h2>\n\n\n\n<hr class=\"wp-block-separator has-alpha-channel-opacity is-style-wide\" \/>\n\n\n\n<p><strong>2025<\/strong><br>Venia Legendi, Politikwissenschaft, Helmut-Schmidt-Universit\u00e4t\/Universit\u00e4t der Bundeswehr Hamburg<\/p>\n\n\n\n<p><strong>2024<\/strong><br>Habilitation, Staatswissenschaftliche Fakult\u00e4t der Universit\u00e4t Erfurt<\/p>\n\n\n\n<p><strong>2023&nbsp;&nbsp;&nbsp;&nbsp;&nbsp;&nbsp;&nbsp;&nbsp;&nbsp;&nbsp;&nbsp;&nbsp;&nbsp;&nbsp;&nbsp;&nbsp;&nbsp;&nbsp;&nbsp;&nbsp;&nbsp;&nbsp;&nbsp;&nbsp;&nbsp;&nbsp; <\/strong><br>Gastprofessur, Johannes-Kepler-Universit\u00e4t Linz<\/p>\n\n\n\n<p><strong>2021&nbsp;&nbsp;&nbsp;&nbsp;&nbsp;&nbsp;&nbsp;&nbsp;&nbsp;&nbsp;&nbsp;&nbsp;&nbsp;&nbsp;&nbsp;&nbsp;&nbsp;&nbsp;&nbsp;&nbsp;&nbsp;&nbsp;&nbsp;&nbsp;&nbsp;&nbsp;<\/strong><br>LL.B., Hochschule f\u00fcr Wirtschaft und Recht Berlin<\/p>\n\n\n\n<p><strong>2019 \u2013 2020\u00a0\u00a0\u00a0\u00a0\u00a0\u00a0\u00a0\u00a0\u00a0\u00a0\u00a0\u00a0 <br><\/strong>Visiting Researcher, Georgetown University, Washington, DC<\/p>\n\n\n\n<p><strong>2014\u00a0\u00a0\u00a0\u00a0\u00a0\u00a0\u00a0\u00a0\u00a0\u00a0\u00a0\u00a0\u00a0\u00a0\u00a0\u00a0\u00a0\u00a0\u00a0\u00a0\u00a0\u00a0\u00a0\u00a0\u00a0\u00a0<\/strong><br>Promotion, Freie Universit\u00e4t Berlin<\/p>\n\n\n\n<p><strong>2006\u00a0\u00a0\u00a0\u00a0\u00a0\u00a0\u00a0\u00a0\u00a0\u00a0\u00a0\u00a0\u00a0\u00a0\u00a0\u00a0\u00a0\u00a0\u00a0\u00a0\u00a0\u00a0\u00a0\u00a0\u00a0\u00a0 <\/strong><br>Diplom (Politikwissenschaft), Freie Universit\u00e4t Berlin<\/p>\n\n\n\n<hr class=\"wp-block-separator has-alpha-channel-opacity is-style-wide\" \/>\n\n\n\n<h2 class=\"wp-block-heading\">Mitgliedschaften<\/h2>\n\n\n\n<hr class=\"wp-block-separator has-alpha-channel-opacity is-style-wide\" \/>\n\n\n\n<p>Deutsche Gesellschaft f\u00fcr Politikwissenschaft e. V. (DGfP)<\/p>\n\n\n\n<p>Deutsche Vereinigung f\u00fcr Politikwissenschaft (DVPW)<\/p>\n\n\n\n<p>Philosophy, Politics and Economics Society (PPE)<\/p>\n\n\n\n<hr class=\"wp-block-separator has-alpha-channel-opacity is-style-wide\" \/>\n\n\n\n<h2 class=\"wp-block-heading\">Publikationen (Auswahl)<\/h2>\n\n\n\n<hr class=\"wp-block-separator has-alpha-channel-opacity is-style-wide\" \/>\n\n\n\n<p><strong>Herausgeberschaften und Monographien<\/strong><\/p>\n\n\n\n<p>Der Lockdown. Politische, philosophische, rechtliche und ethische Aspekte, 442 S., Baden-Baden 2023, <abbr title=\"International Standard Book Number\">ISBN<\/abbr> 978-3-7560-1327-2.<\/p>\n\n\n\n<p>\u00dcber Bonn hinaus. Die ehemalige Bundeshauptstadt und ihre Rolle in der deutschen Geschichte, 339&nbsp;S., Baden-Baden 2017 (herausgegeben gemeinsam mit Tilman Mayer).<\/p>\n\n\n\n<p>Was Gerechtigkeit nicht ist. Politisch-philosophische \u00dcberlegungen zu Grundgedanken der Gerechtigkeit, 178&nbsp;S., Baden-Baden 2015.<\/p>\n\n\n\n<p>Lob der Ungleichheit, 108&nbsp;S., Norderstedt 2015.<\/p>\n\n\n\n<p>Sp\u00e4ter Sieg der Diktaturen? Zeitgeschichtliche Kenntnisse und Urteile von Jugendlichen, 607&nbsp;S., Frankfurt am Main 2012 (mit Klaus Schroeder\/Monika Deutz-Schroeder\/Rita Quasten).<\/p>\n\n\n\n<p><strong>Artikel<\/strong><\/p>\n\n\n\n<p>Generative KI und (politik)wissenschaftliches Schreiben: Herausforderungen f\u00fcr die Lehre und dar\u00fcber hinaus. Politische Vierteljahresschrift&nbsp;(2025) (mit Gary S. Schaal, Anja P. Jakobi und Michael Gerlich)<br><a href=\"https:\/\/doi.org\/10.1007\/s11615-025-00631-9\" rel='nofollow'>https:\/\/doi.org\/10.1007\/s11615-025-00631-9<\/a><\/p>\n\n\n\n<p>Schulschlie\u00dfungen als ethische Herausforderung (mit Christoph Helm), Zeitschrift f\u00fcr Bildungsforschung, online first, <a href=\"https:\/\/doi.org\/10.1007\/s35834-022-00364-4\" rel='nofollow'>https:\/\/doi.org\/10.1007\/s35834-022-00364-4<\/a>.<\/p>\n\n\n\n<p>Kinder und Infektionen: Eine \u00fcbersehene Dimension des Gesundheitsschutzes, COVuR 4\/2022, S. 198-202.<\/p>\n\n\n\n<p>Negative und positive Pflichten. \u00dcber eine wichtige Unterscheidung f\u00fcr eine ethische Politik gegen Pandemien, Rechtsphilosophie. Zeitschrift f\u00fcr die Grundlagen des Rechts (RphZ), 4\/2021, S. 357-370.<\/p>\n\n\n\n<p>Steuerung und Freiheit. Eine Antwort auf Frank Nullmeier, Zeitschrift f\u00fcr Politische Theorie, 2\/2020, S. 291-306.<\/p>\n\n\n\n<p>Ethik und Corona. Normative Grenzen politischer Ma\u00dfnahmen zur Eind\u00e4mmung der Covid-19-Pandemie, Zeitschrift f\u00fcr Politikwissenschaft 3\/2021, S. 417-439, <a href=\"https:\/\/doi.org\/10.1007\/s41358-020-00240-5\" rel='nofollow'>https:\/\/doi.org\/10.1007\/s41358-020-00240-5<\/a>.<\/p>\n\n\n\n<p>Challenging the Roads to Anarchy, New Perspectives on Political Economy, Vol. 15, No. 1-2, 2019, S.&nbsp;36-57.<\/p>\n\n\n\n<p>Die Schulpflicht \u2013 Gedanken \u00fcber ein Auslaufmodell, SchulRecht, 1\/2017, S. 4-7.<\/p>\n\n\n\n<p>Wissenschaftliches Schreiben will gelehrt sein, Zeitschrift f\u00fcr Politikwissenschaft 3\/2016, S.&nbsp;365-374.<\/p>\n\n\n\n<p><strong>Buchbeitr\u00e4ge<\/strong><\/p>\n\n\n\n<p>Ethische Betrachtungen zum Sterben und zum Recht auf Leben, in: Martin Dabrowski und Detlef Aufderheide (<abbr title=\"Herausgeber\">Hrsg.<\/abbr>): Pandemien und ihre Bek\u00e4mpfung. Wirtschaftsethische und moral\u00f6konomische Perspektiven, S. 73-80, im Erscheinen.<\/p>\n\n\n\n<p>Naturwissenschaftliche Bildung (mit Lydia Schulze Heuling), Buchkapitel in: Stein, Roland\/M\u00fcller, Thomas\/Hascher, Philipp (<abbr title=\"Herausgeber\">Hrsg.<\/abbr>): Bildung als Herausforderung, Bad Heilbrunn 2023, S. 125-134.<\/p>\n\n\n\n<p>Verfassungsrecht, Ethik und Infektionsschutz (mit Heike S. Kr\u00fcger), in: J\u00fcrgen Stember (<abbr title=\"Herausgeber\">Hrsg.<\/abbr>): Neue Herausforderungen im Verwaltungs- und \u00f6ffentlichen Sicherheitsmanagement, Baden-Baden 2023, S. 119-136.<\/p>\n\n\n\n<p>Ausgerechnet? Schreiben als Methode der Integration von Nicht-Muttersprachlerinnen, in: Schulze Heuling, Lydia (<abbr title=\"Herausgeber\">Hrsg.<\/abbr>): Embracing the Other. How the Inclusive Classroom Brings Fresh Ideas to Science and Education, Flensburg 2018, S. 101-111.<\/p>\n\n\n\n<p>Ordnung durch Freiheit oder Freiheit durch Ordnung? Die Staatsverst\u00e4ndnisse von Robert Nozick und Walter Eucken im Vergleich, in: Knoll, Bodo (<abbr title=\"Herausgeber\">Hrsg.<\/abbr>): Der Minimalstaat. Zum Staatsverst\u00e4ndnis von Robert Nozick, Baden-Baden 2018, S. 175-199.<\/p>\n\n\n\n<p>Die Soziale Marktwirtschaft \u2013 ein Bonner Produkt? In: Mayer, Tilman\/Schulze Heuling, Dagmar: \u00dcber Bonn hinaus. Die ehemalige Bundeshauptstadt und ihre Rolle in der deutschen Geschichte, Baden-Baden 2017, S. 137-150.<\/p>\n\n\n\n<p>Gespr\u00e4ch mit <abbr title=\"Professor\">Prof.<\/abbr> <abbr title=\"Doktor\">Dr.<\/abbr> Dr. h.c. L\u00fcbbe, in: Mayer, Tilman\/Schulze Heuling, Dagmar: \u00dcber Bonn hinaus. Die ehemalige Bundeshauptstadt und ihre Rolle in der deutschen Geschichte, Baden-Baden 2017, S. 289-303.<\/p>\n\n\n\n<p>Alles gleich, alles gut? In: Gull, Marcus\/Mahrer, Harald (<abbr title=\"Herausgeber\">Hrsg.<\/abbr>): Neue Aufkl\u00e4rung. Wir sind daf\u00fcr, Wien 2016, S. 69-77.<\/p>\n\n\n\n<p>Eric Hobsbawm \u201eGlobalisierung, Demokratie und Terrorismus\u201c in: Horn, Karen (<abbr title=\"Herausgeber\">Hrsg.<\/abbr>): Verlockungen zur Unfreiheit, Z\u00fcrich 2015, S. 167-170.<\/p>\n\n\n\n<p>John Rawls \u201eEine Theorie der Gerechtigkeit\u201c, in: Horn, Karen (<abbr title=\"Herausgeber\">Hrsg.<\/abbr>): Verlockungen zur Unfreiheit, Z\u00fcrich 2015, S. 307-310.<\/p>\n\n\n\n<p>Michael Walzer \u201eSph\u00e4ren der Gerechtigkeit\u201c, in: Horn, Karen (<abbr title=\"Herausgeber\">Hrsg.<\/abbr>): Verlockungen zur Unfreiheit, Z\u00fcrich 2015, S. 387-390.<\/p>\n\n\n\n<p>Die Bildungspflicht \u2013 ein Kompromiss zwischen Schulpflicht und Bildungsfreiheit? in: Altmiks, Peter\/Klotchkov, Kathleen (<abbr title=\"Herausgeber\">Hrsg.<\/abbr>): Bildung f\u00fcr alle, Frankfurt am Main 2014, S. 39-56.<\/p>\n\n\n\n<p>Friedrich A. von Hayeks \u201ePolitics and History\u201c, in: Prollius, Michael von (<abbr title=\"Herausgeber\">Hrsg.<\/abbr>): The Standards. Klassisch liberale Aufs\u00e4tze neu interpretiert, S. 70-77, Norderstedt 2014.<\/p>\n\n\n\n<p>Kapitel zu Staatsschutz, Kriminalpolizei, Bewaffnung, Justizvollzug, Polizeischule Spandau, F\u00fchrung und Verwaltung der Polizei, Polizeipr\u00e4sident und Pr\u00e4sidialabteilung, Verwaltungspolizei, in: Schroeder, Klaus\/Staadt, Jochen (<abbr title=\"Herausgeber\">Hrsg.<\/abbr>): Feindw\u00e4rts der Mauer \u2013 Das Ministerium f\u00fcr Staatssicherheit und die West-Berliner Polizei, S. 208-243, Frankfurt am Main 2014.<\/p>\n\n\n\n<p><strong>Beitr\u00e4ge in Zeitungen und Zeitschriften<\/strong><\/p>\n\n\n\n<p>Gleichheit \u2013 ein Missverst\u00e4ndnis, in: Aus Politik und Zeitgeschichte 37-38\/2022, S. 11-16, https:\/\/www.bpb.de\/shop\/zeitschriften\/apuz\/ungleichheit-2022\/512775\/gleichheit-ein-missverstaendnis\/<\/p>\n\n\n\n<p>(Un)Gerechte Bewegungen?, in: Schweizer Monat, 1051\/ November 2017.<\/p>\n\n\n\n<p>Anarchie ist auch keine L\u00f6sung, in: Schweizer Monat, 1032\/ Dezember 2015.<\/p>\n\n\n\n<p>Was ist soziale Gerechtigkeit?, in: Frankfurter Allgemeine Sonntagszeitung, 6. September 2015.<\/p>\n\n\n\n<p>Die Sozialarbeiter der Marktwirtschaft, Cicero online, 2014.<\/p>\n\n\n\n<p>Ungleiche Schwestern? Demokratie und Diktatur im Urteil von Jugendlichen, Aus Politik und Zeitgeschichte 32-34\/2012, S. 19-27, Bonn 2012 (mit Klaus Schroeder\/Monika Deutz-Schroeder\/Rita Quasten).<\/p>\n\n\n\n<p>Ein Land rechnet sich arm, Cicero online, 2012.<\/p>\n\n\n\n<p>Reichtum tut gut, in: Die Welt, 18. Oktober 2012.<\/p>\n\n\n\n<hr class=\"wp-block-separator has-alpha-channel-opacity is-style-wide\" \/>\n\n\n\n<h2 class=\"wp-block-heading\"><strong>Lehre<\/strong><\/h2>\n\n\n\n<hr class=\"wp-block-separator has-alpha-channel-opacity is-style-wide\" \/>\n\n\n\n<p>2023    Einf\u00fchrung in die Ethik, Johannes-Kepler-Universit\u00e4t Linz<\/p>\n\n\n\n<p>2023    Ethik und Politik, Universit\u00e4t Erfurt<\/p>\n\n\n\n<p>2022    Liberalismus. Eine Ideengeschichte, Universit\u00e4t Erfurt<\/p>\n\n\n\n<p>2021&nbsp;&nbsp; Philosophy of science and research skills, Mitglied im Lehrteam, Western Norway University of Applied Sciences<\/p>\n\n\n\n<p>2021&nbsp;&nbsp; Ethik und Corona, Universit\u00e4t Erfurt<\/p>\n\n\n\n<p>2017&nbsp;&nbsp; Die politische Philosophie John Lockes, Universit\u00e4t Erfurt<\/p>\n\n\n\n<p>2017&nbsp;&nbsp; Machtverst\u00e4ndnisse in der Wirtschaftswissenschaft, Erasmus-Gastdozentur, Universit\u00e4t Luzern<\/p>\n\n\n\n<p>2016&nbsp;&nbsp; Germany 101, mit Theresa Fabian und Kristof Niese, Universit\u00e4t Bonn<\/p>\n\n\n\n<p>2016&nbsp;&nbsp; Germany 101, Universit\u00e4t Bonn<\/p>\n\n\n\n<p>2015&nbsp;&nbsp; Anarchismus, Universit\u00e4t Bonn<\/p>\n\n\n\n<p>2013&nbsp;&nbsp; Wissenschaftliches Schreiben, Freie Universit\u00e4t Berlin<\/p>\n\n\n\n<p>2012&nbsp;&nbsp; Der deutsche Wohlfahrtsstaat \u2013 Geschichte und Strukturen, mit Klaus Schroeder, Freie Universit\u00e4t Berlin<\/p>\n\n\n\n<p>2012&nbsp;&nbsp; Understanding&nbsp;Economics, Freie Universit\u00e4t Berlin<\/p>\n","protected":false},"excerpt":{"rendered":"<p>Wissenschaftliche Mitarbeiterin am Lehrstuhl f\u00fcr Politikwissenschaft, insbesondere Politische Theorie Helmut-Schmidt-Universit\u00e4tGeb\u00e4ude H1, Raum 1366Holstenhofweg 8522043 Hamburg Mail: d [punkt] heuling [at] hsu-hh.de Lebenslauf 2025Venia Legendi, Politikwissenschaft, Helmut-Schmidt-Universit\u00e4t\/Universit\u00e4t der Bundeswehr Hamburg 2024Habilitation, [&hellip;]<\/p>\n","protected":false},"author":2953,"featured_media":0,"parent":124,"menu_order":0,"comment_status":"closed","ping_status":"closed","template":"","meta":{"footnotes":""},"categories":[8],"tags":[],"class_list":["post-2455","page","type-page","status-publish","hentry","category-team"],"_links":{"self":[{"href":"https:\/\/www.hsu-hh.de\/politiktheorie\/wp-json\/wp\/v2\/pages\/2455","targetHints":{"allow":["GET"]}}],"collection":[{"href":"https:\/\/www.hsu-hh.de\/politiktheorie\/wp-json\/wp\/v2\/pages"}],"about":[{"href":"https:\/\/www.hsu-hh.de\/politiktheorie\/wp-json\/wp\/v2\/types\/page"}],"author":[{"embeddable":true,"href":"https:\/\/www.hsu-hh.de\/politiktheorie\/wp-json\/wp\/v2\/users\/2953"}],"replies":[{"embeddable":true,"href":"https:\/\/www.hsu-hh.de\/politiktheorie\/wp-json\/wp\/v2\/comments?post=2455"}],"version-history":[{"count":14,"href":"https:\/\/www.hsu-hh.de\/politiktheorie\/wp-json\/wp\/v2\/pages\/2455\/revisions"}],"predecessor-version":[{"id":3611,"href":"https:\/\/www.hsu-hh.de\/politiktheorie\/wp-json\/wp\/v2\/pages\/2455\/revisions\/3611"}],"up":[{"embeddable":true,"href":"https:\/\/www.hsu-hh.de\/politiktheorie\/wp-json\/wp\/v2\/pages\/124"}],"wp:attachment":[{"href":"https:\/\/www.hsu-hh.de\/politiktheorie\/wp-json\/wp\/v2\/media?parent=2455"}],"wp:term":[{"taxonomy":"category","embeddable":true,"href":"https:\/\/www.hsu-hh.de\/politiktheorie\/wp-json\/wp\/v2\/categories?post=2455"},{"taxonomy":"post_tag","embeddable":true,"href":"https:\/\/www.hsu-hh.de\/politiktheorie\/wp-json\/wp\/v2\/tags?post=2455"}],"curies":[{"name":"wp","href":"https:\/\/api.w.org\/{rel}","templated":true}]}}