{"id":1879,"date":"2022-02-17T16:13:36","date_gmt":"2022-02-17T15:13:36","guid":{"rendered":"https:\/\/www.hsu-hh.de\/politiktheorie\/?page_id=1879"},"modified":"2025-11-20T12:45:29","modified_gmt":"2025-11-20T11:45:29","slug":"llbenslauf-schaal-deutsch","status":"publish","type":"page","link":"https:\/\/www.hsu-hh.de\/politiktheorie\/llbenslauf-schaal-deutsch","title":{"rendered":"Lebenslauf"},"content":{"rendered":"\n<p>1971<br>Geboren in Berlin<\/p>\n\n\n\n<p>1990-1994<br>Studium der Politikwissenschaft, Germanistik und Philosophie an der Freien Universit\u00e4t Berlin<\/p>\n\n\n\n<p>Titel der Diplomarbeit: \u201cRationales Nicht-W\u00e4hlen?\u201d<\/p>\n\n\n\n<p>1997<br>Promotion (<abbr title=\"Doktor\">Dr.<\/abbr> phil.) an der Freien Universit\u00e4t Berlin<\/p>\n\n\n\n<p>Titel der Arbeit: \u201cIntegration durch Verfassung und Verfassungsgerichtsbarkeit?\u201d<\/p>\n\n\n\n<p>2003<br>Habilitation im Fach Politikwissenschaft an der Universit\u00e4t Stuttgart<\/p>\n\n\n\n<p>Titel der Arbeit: \u201cVertrauen, Verfassung und Demokratie<\/p>\n\n\n\n<p>1990-1997<br>Stipendiat der Studienstiftung des deutschen Volkes<\/p>\n\n\n\n<p>1997-2001<br>Wissenschaftlicher Mitarbeiter im Teilprojekt I \u201cVerfassung als institutionelle Ordnung des Politischen\u201d des SFB 537 \u201cInstitutionalit\u00e4t und Historizit\u00e4t\u201d an der <abbr title=\"Technische Universit\u00e4t\">TU<\/abbr> Dresden<\/p>\n\n\n\n<p>2001-2006<br>Wissenschaftlicher Mitarbeiter und Oberassistent am Institut f\u00fcr Sozialwissenschaften der Universit\u00e4t Stuttgart<\/p>\n\n\n\n<p>2006-2007<br>Heisenberg-Stipendiat der Deutschen Forschungsgemeinschaft<\/p>\n\n\n\n<p>2007-2008<br>Vertretung der W3-Professur f\u00fcr Politikwissenschaft, insbesondere Politische Theorie, an der Helmut-Schmidt-Universit\u00e4t\/Universit\u00e4t der Bundeswehr, Hamburg<\/p>\n\n\n\n<p>2009<br>Ernennung zum W3-Professor f\u00fcr Politikwissenschaft, insbesondere Politische Theorie, an der Helmut-Schmidt-Universit\u00e4t\/Universit\u00e4t der Bundeswehr, Hamburg<\/p>\n\n\n\n<p>Mitgliedschaften<br>DVPW, APSA, EpsNet<\/p>\n\n\n\n<p>Aufgelistete Positionen<br>C4-Professur f\u00fcr Politische Theorie, Universit\u00e4t Augsburg;<br>Professur f\u00fcr Empirische Demokratieforschung, Krems;<br>W3-Professur f\u00fcr Zeitgen\u00f6ssische Politische Theorie, Universit\u00e4t Essen<\/p>\n","protected":false},"excerpt":{"rendered":"<p>1971Geboren in Berlin 1990-1994Studium der Politikwissenschaft, Germanistik und Philosophie an der Freien Universit\u00e4t Berlin Titel der Diplomarbeit: \u201cRationales Nicht-W\u00e4hlen?\u201d 1997Promotion (Dr. phil.) an der Freien Universit\u00e4t Berlin Titel der Arbeit: [&hellip;]<\/p>\n","protected":false},"author":2953,"featured_media":0,"parent":0,"menu_order":0,"comment_status":"closed","ping_status":"closed","template":"","meta":{"footnotes":""},"categories":[4,38],"tags":[],"class_list":["post-1879","page","type-page","status-publish","hentry","category-forschung","category-schaal"],"_links":{"self":[{"href":"https:\/\/www.hsu-hh.de\/politiktheorie\/wp-json\/wp\/v2\/pages\/1879","targetHints":{"allow":["GET"]}}],"collection":[{"href":"https:\/\/www.hsu-hh.de\/politiktheorie\/wp-json\/wp\/v2\/pages"}],"about":[{"href":"https:\/\/www.hsu-hh.de\/politiktheorie\/wp-json\/wp\/v2\/types\/page"}],"author":[{"embeddable":true,"href":"https:\/\/www.hsu-hh.de\/politiktheorie\/wp-json\/wp\/v2\/users\/2953"}],"replies":[{"embeddable":true,"href":"https:\/\/www.hsu-hh.de\/politiktheorie\/wp-json\/wp\/v2\/comments?post=1879"}],"version-history":[{"count":4,"href":"https:\/\/www.hsu-hh.de\/politiktheorie\/wp-json\/wp\/v2\/pages\/1879\/revisions"}],"predecessor-version":[{"id":3590,"href":"https:\/\/www.hsu-hh.de\/politiktheorie\/wp-json\/wp\/v2\/pages\/1879\/revisions\/3590"}],"wp:attachment":[{"href":"https:\/\/www.hsu-hh.de\/politiktheorie\/wp-json\/wp\/v2\/media?parent=1879"}],"wp:term":[{"taxonomy":"category","embeddable":true,"href":"https:\/\/www.hsu-hh.de\/politiktheorie\/wp-json\/wp\/v2\/categories?post=1879"},{"taxonomy":"post_tag","embeddable":true,"href":"https:\/\/www.hsu-hh.de\/politiktheorie\/wp-json\/wp\/v2\/tags?post=1879"}],"curies":[{"name":"wp","href":"https:\/\/api.w.org\/{rel}","templated":true}]}}