{"id":1704,"date":"2021-10-28T12:03:57","date_gmt":"2021-10-28T10:03:57","guid":{"rendered":"https:\/\/www.hsu-hh.de\/politiktheorie\/?page_id=1704"},"modified":"2021-10-28T12:03:58","modified_gmt":"2021-10-28T10:03:58","slug":"baltic-sea-security-initiave-bssi-expert-assessment-for-germany-funded-by-jamestown-foundation-u-s-und-baltic-security-foundation","status":"publish","type":"page","link":"https:\/\/www.hsu-hh.de\/politiktheorie\/baltic-sea-security-initiave-bssi-expert-assessment-for-germany-funded-by-jamestown-foundation-u-s-und-baltic-security-foundation","title":{"rendered":"Baltic Sea Security Initiave (BSSI), Expert Assessment for Germany, funded by \u00a0Jamestown Foundation (U.S.) und Baltic Security Foundation"},"content":{"rendered":"\n<hr class=\"wp-block-separator is-style-wide\" \/>\n\n\n\n<h2 class=\"wp-block-heading\">Inhaltliche Beschreibung des Projektes<\/h2>\n\n\n\n<p>Die Baltic Sea Security Initiative wurde gegr\u00fcndet, um die bestehenden Herausforderungen in der Zusammenarbeit zwischen diesen L\u00e4ndern zu identifizieren und zu bewerten und im zweiten Schritt Ideen zur L\u00f6sung dieser Probleme zu entwickeln. Im Ergebnis sollen damit die Ostseel\u00e4nder bef\u00e4higt werden, auf ihre gemeinsamen Sicherheitsherausforderungen im Baltikum besser reagieren zu k\u00f6nnen. In Deutschland wird die Initiative durch das\u00a0<a href=\"https:\/\/www.bmvg.de\/de\/aktuelles\/gids-ist-denkfabrik-der-zukunft-25818\" rel='nofollow'>German Institute for Defence and Strategic Studies (GIDS)<\/a>\u00a0unterst\u00fctzt.<\/p>\n\n\n\n<p>F\u00fcr weiterf\u00fchrende Informationen, siehe: <\/p>\n\n\n\n<ol class=\"wp-block-list\"><li><a rel=\"noreferrer noopener\" href=\"http:\/\/web.baltic-sea-forum.org\/\" target=\"_blank\">http:\/\/web.baltic-sea-forum.org\/<\/a><\/li><li><a href=\"https:\/\/www.bwconsulting.de\/baltic-sea-security-initiative\/\" rel='nofollow'>Baltic Sea Security Initiative: Experten-Workshop bei der BwConsulting &#8211; BwConsulting<\/a><\/li><li>F\u00fcr eine aktuelle Studie: <a href=\"https:\/\/jamestown.org\/wp-content\/uploads\/2021\/05\/Baltic-Sea-Security_-Regional-and-Sectoral-Perspectives-web.pdf?x11483\" rel='nofollow'>Baltic-Sea-Security_-Regional-and-Sectoral-Perspectives-web.pdf (jamestown.org)<\/a><\/li><\/ol>\n\n\n\n<p><\/p>\n","protected":false},"excerpt":{"rendered":"<p>Inhaltliche Beschreibung des Projektes Die Baltic Sea Security Initiative wurde gegr\u00fcndet, um die bestehenden Herausforderungen in der Zusammenarbeit zwischen diesen L\u00e4ndern zu identifizieren und zu bewerten und im zweiten Schritt [&hellip;]<\/p>\n","protected":false},"author":2953,"featured_media":0,"parent":0,"menu_order":0,"comment_status":"closed","ping_status":"closed","template":"","meta":{"footnotes":""},"categories":[4],"tags":[],"class_list":["post-1704","page","type-page","status-publish","hentry","category-forschung"],"_links":{"self":[{"href":"https:\/\/www.hsu-hh.de\/politiktheorie\/wp-json\/wp\/v2\/pages\/1704","targetHints":{"allow":["GET"]}}],"collection":[{"href":"https:\/\/www.hsu-hh.de\/politiktheorie\/wp-json\/wp\/v2\/pages"}],"about":[{"href":"https:\/\/www.hsu-hh.de\/politiktheorie\/wp-json\/wp\/v2\/types\/page"}],"author":[{"embeddable":true,"href":"https:\/\/www.hsu-hh.de\/politiktheorie\/wp-json\/wp\/v2\/users\/2953"}],"replies":[{"embeddable":true,"href":"https:\/\/www.hsu-hh.de\/politiktheorie\/wp-json\/wp\/v2\/comments?post=1704"}],"version-history":[{"count":1,"href":"https:\/\/www.hsu-hh.de\/politiktheorie\/wp-json\/wp\/v2\/pages\/1704\/revisions"}],"predecessor-version":[{"id":1705,"href":"https:\/\/www.hsu-hh.de\/politiktheorie\/wp-json\/wp\/v2\/pages\/1704\/revisions\/1705"}],"wp:attachment":[{"href":"https:\/\/www.hsu-hh.de\/politiktheorie\/wp-json\/wp\/v2\/media?parent=1704"}],"wp:term":[{"taxonomy":"category","embeddable":true,"href":"https:\/\/www.hsu-hh.de\/politiktheorie\/wp-json\/wp\/v2\/categories?post=1704"},{"taxonomy":"post_tag","embeddable":true,"href":"https:\/\/www.hsu-hh.de\/politiktheorie\/wp-json\/wp\/v2\/tags?post=1704"}],"curies":[{"name":"wp","href":"https:\/\/api.w.org\/{rel}","templated":true}]}}