{"id":105,"date":"2017-11-09T14:34:14","date_gmt":"2017-11-09T13:34:14","guid":{"rendered":"https:\/\/www.hsu-hh.de\/politiktheorie\/?page_id=105"},"modified":"2026-04-07T16:27:45","modified_gmt":"2026-04-07T14:27:45","slug":"dr-sebastian-dumm","status":"publish","type":"page","link":"https:\/\/www.hsu-hh.de\/politiktheorie\/team\/dr-sebastian-dumm","title":{"rendered":"Dr. Sebastian Dumm"},"content":{"rendered":"\n<h2 class=\"wp-block-heading\">Wissenschaftlicher Mitarbeiter am Lehrstuhl f\u00fcr Politikwissenschaft, insbesondere Politische Theorie<\/h2>\n\n\n\n<hr class=\"wp-block-separator has-css-opacity is-style-wide\" \/>\n\n\n\n<div class=\"wp-block-media-text alignwide has-media-on-the-right is-stacked-on-mobile\" style=\"grid-template-columns:auto 19%\"><div class=\"wp-block-media-text__content\">\n<p>Helmut-Schmidt-Universit\u00e4t<br>Holstenhofweg 85<br>22043 Hamburg<\/p>\n\n\n\n<p>Geb\u00e4ude H1, Raum: 1365<\/p>\n\n\n\n<p>Telefon: +49406541-3379<br>Fax: +49-40-6541-3370<br>Email: sebastian.dumm [a] hsu-hh.de<\/p>\n\n\n\n<p>Sprechstunde (nur nach Vereinbarung):<\/p>\n\n\n\n<p>Montag: 11:00-12:00<\/p>\n<\/div><figure class=\"wp-block-media-text__media\"><img loading=\"lazy\" decoding=\"async\" width=\"567\" height=\"864\" src=\"https:\/\/www.hsu-hh.de\/politiktheorie\/wp-content\/uploads\/sites\/726\/2024\/09\/SD-sw.jpg\" data-credit=\"Sebastian Dumm\" alt=\"\" class=\"wp-image-3168 size-full\" srcset=\"https:\/\/www.hsu-hh.de\/politiktheorie\/wp-content\/uploads\/sites\/726\/2024\/09\/SD-sw.jpg 567w, https:\/\/www.hsu-hh.de\/politiktheorie\/wp-content\/uploads\/sites\/726\/2024\/09\/SD-sw-197x300.jpg 197w\" sizes=\"auto, (max-width: 567px) 100vw, 567px\" \/><\/figure><\/div>\n\n\n\n<hr class=\"wp-block-separator has-css-opacity is-style-wide\" \/>\n\n\n\n<div class=\"wp-block-columns is-layout-flex wp-container-core-columns-is-layout-9d6595d7 wp-block-columns-is-layout-flex\">\n<div class=\"wp-block-column is-layout-flow wp-block-column-is-layout-flow\" style=\"flex-basis:100%\">\n<h2 class=\"wp-block-heading\">Lebenslauf<\/h2>\n\n\n\n<hr class=\"wp-block-separator has-css-opacity is-style-wide\" \/>\n\n\n\n<p><strong>seit Dezember 2025<\/strong><\/p>\n\n\n\n<p>Koordinaton der Methodenausbildung und Lehre der quantitativen Methoden f\u00fcr den Fachbereich Politikwissenschaft<\/p>\n\n\n\n<p><strong>seit September 2021<\/strong><\/p>\n\n\n\n<p>Wissenschaftlicher Mitarbeiter im dtec.bw Projekt: &#8222;Smarte Systeme: Erh\u00f6hung der Nutzungsqualit\u00e4t von E-Government&#8220; und weiterhin assoziiert mit dem &#8222;iFMS &#8211; interdisziplin\u00e4rer Forschungsschwerpunkt Maritime Sicherheit&#8220;<\/p>\n\n\n\n<p><strong>Oktober 2017<\/strong> &#8211; <strong>September 2022<\/strong><\/p>\n\n\n\n<p>Wissenschaftlicher Koordinator des: &#8222;iFMS &#8211; interdisziplin\u00e4rer Forschungsschwerpunkt Maritime Sicherheit&#8220;<\/p>\n\n\n\n<p><strong>Juni 2020 bis Februar 2021<\/strong><\/p>\n\n\n\n<p>Elternzeit<\/p>\n\n\n\n<p><strong>Oktober 2017<\/strong><\/p>\n\n\n\n<p>Promotion zum <abbr title=\"Doktor\">Dr.<\/abbr> <abbr title=\"rerum\">rer.<\/abbr> <abbr title=\"politicarum\">pol.<\/abbr> mit einer kumulativen Dissertation zum Thema &#8222;Computergest\u00fctzte Methoden der qualitativen und quantitativen Inhaltsanalyse in den Sozialwissenschaften&#8220;. Erstpr\u00fcfer: <abbr title=\"Professor\">Prof.<\/abbr>&nbsp;<abbr title=\"Doktor\">Dr.<\/abbr>&nbsp;Gary S. Schaal (<abbr title=\"Helmut Schmidt Universit\u00e4t\">HSU<\/abbr>) und&nbsp;Zweitpr\u00fcfer: <abbr title=\"Professor\">Prof.<\/abbr>&nbsp;<abbr title=\"Doktor\">Dr.<\/abbr>&nbsp;Andreas Bl\u00e4tte (UDE)<\/p>\n\n\n\n<p><strong>September 2016 &#8211; September 2018<\/strong><\/p>\n\n\n\n<p>Wissenschaftlicher Mitarbeiter im Projekt &#8222;Der Wandel liberaler Demokratie im Zeitalter der Digitalit\u00e4t&#8220;<\/p>\n\n\n\n<p><strong>April 2016 bis September 2016<\/strong><\/p>\n\n\n\n<p>Wissenschaftlicher Mitarbeiter und Koordinator im Projekt: &#8222;New Visual Hermeneutics&#8220;<\/p>\n\n\n\n<p><strong>August 2015 bis Oktober 2015<\/strong><\/p>\n\n\n\n<p>Koordination im Rahmen des Studiendekanats Politikwissenschaften<\/p>\n\n\n\n<p><strong>seit 2015<\/strong><\/p>\n\n\n\n<p>Wissenschaftlicher Mitarbeiter am Lehrstuhl f\u00fcr Politkwissenschaft, insbesondere Politische Theorie an der Helmut Schmidt Universit\u00e4t \/ Universit\u00e4t der Bundeswehr Hamburg<\/p>\n\n\n\n<p><strong>Mai 2012 bis Juli 2015<\/strong><\/p>\n\n\n\n<p>Wissenschaftlicher Mitarbeiter an der Helmut Schmidt Universit\u00e4t \/ Universit\u00e4t der Bundeswehr Hamburg im Projekt: &#8222;ePol &#8211; Postdemokratie und Neoliberalismus&#8220; &#8211; gef\u00f6rdert durch das Bundesministerium f\u00fcr Bildung und Forschung<\/p>\n\n\n\n<p><strong>Oktober<\/strong> <strong>2010 bis April 2012<\/strong><\/p>\n\n\n\n<p>Lehrbeauftragter des Instituts f\u00fcr Politikwissenschaft der Universit\u00e4t Duisburg-Essen und Wissenschaftliche Hilfskraft am Lehrstuhl f\u00fcr Politische Theorie der Universit\u00e4t Duisburg-Essen<\/p>\n\n\n\n<p><strong>bis 2010<\/strong><\/p>\n\n\n\n<p>Studium der Sozialwissenschaften \/ Politikwissenschaften an der Universit\u00e4t Duisburg-Essen, Abschluss: <abbr title=\"Diplom\">Dipl.<\/abbr> Soz.-Wiss.<\/p>\n<\/div>\n<\/div>\n\n\n\n<hr class=\"wp-block-separator has-css-opacity is-style-wide\" \/>\n\n\n\n<h2 class=\"wp-block-heading\">Forschungsinteressen<\/h2>\n\n\n\n<hr class=\"wp-block-separator has-css-opacity is-style-wide\" \/>\n\n\n\n<p>System- und Gesellschaftstheorie (Politische Soziologie)<\/p>\n\n\n\n<p>Computergest\u00fctzte Inhaltsanalyse (Text Mining)<\/p>\n\n\n\n<p>Qualitative und quantitative Methoden <\/p>\n\n\n\n<p>Digitalisierung und Digitalit\u00e4t<\/p>\n\n\n\n<p>Maritime Sicherheit<\/p>\n\n\n\n<hr class=\"wp-block-separator has-css-opacity is-style-wide\" \/>\n\n\n\n<h2 class=\"wp-block-heading\">Publikationen<\/h2>\n\n\n\n<hr class=\"wp-block-separator has-css-opacity is-style-wide\" \/>\n\n\n\n<p>Schaal, Gary S.; Kuder, Thomas Schaefer, Christina; Dumm, Sebastian; Hoss, Anne; Manteuffel, Bastian; Serfas, Gero (i.E.): \u201eDigitalisierung kommunaler Verwaltungen \u2013 ein drei S\u00e4ulen Modell\u201c, dtec.bw-Beitr\u00e4ge der Helmut-Schmidt-Universit\u00e4t \/ Universit\u00e4t der Bundeswehr Hamburg: Forschungsaktivit\u00e4ten im Zentrum f\u00fcr Digitalisierungs- und Technologieforschung der Bundeswehr dtec.bw \u2013 Band 2 \u00b7 2024, S. 297-307.<\/p>\n\n\n\n<p>Kuder, Thomas; Manteuffel, Bastian; Schaal, Gary S.; Schaefer, Christina; Dumm, Sebastian; Perry, Thomas; Serfas, Gero (2022): \u201eSpannungsfelder und Erfolgsfaktoren kommunaler Digitalisierung: Erste Ergebnisse der Einf\u00fchrung des digitalen Bauantragsverfahrens in Ludwigsburg\u201c, dtec.bw-Beitr\u00e4ge der Helmut-Schmidt-Universit\u00e4t \/ Universit\u00e4t der Bundeswehr Hamburg: Forschungsaktivit\u00e4ten im Zentrum f\u00fcr Digitalisierungs- und Technologieforschung der Bundeswehr dtec.bw \u2013 Band 1 \u00b7 2022, S.368-377.<\/p>\n\n\n\n<p>Schaal Gary S.; Dumm, Sebastian; Fleu\u00df, Dannica (2019): \u201eDie vielen Wahrheiten algorithmenbasierter Interpretation: \u201eDie Wahrheit \u00fcber Postfaktizit\u00e4t!\u201c dekonstruiert.\u201d in: Zeitschrift f\u00fcr Politik (ZPol): \u201eWas gibt es da zu deuten? Politikforschung als interpretative Praxis\u201c, Vol. 29, Issue 2, S.263-285.<\/p>\n\n\n\n<p>Dumm, Sebastian (2018): \u201eForschungsinfrastruktur und Forschungsdesign. Text Mining gest\u00fctzte Inhaltsanalyse qualitativer Daten im Forschungsprojekt Postdemokratie und Neoliberalismus\u201c, in: Bl\u00e4tte, Andreas; Behnke, Joachim; Schnapp, Kai-Uwe; Wagemann, Claudius (<abbr title=\"Herausgeber\">Hrsg.<\/abbr>): \u201eComputational Social Sciencs: Die Analyse von Big Data\u201c, Baden-Baden, Nomos Verlag, S.191-210.<\/p>\n\n\n\n<p>Schaal, Gary S.; Lancaster, Kelly; Dumm, Sebastian (2018): \u201ePolitikwissenschaft und Big Data. Eine epistemologische Reflexion \u00fcber Herausforderungen, Chancen und Risiken\u201c, in: Bl\u00e4tte, Andreas; Behnke, Joachim; Schnapp, Kai-Uwe; Wagemann, Claudius (<abbr title=\"Herausgeber\">Hrsg.<\/abbr>): \u201eComputational Social Sciencs: Die Analyse von Big Data\u201c, Baden-Baden, Nomos Verlag, S.53-80.<\/p>\n\n\n\n<p>Schaal, Gary S.; Fleu\u00df, Dannica; Dumm, Sebastian (2017): \u201eDie Wahrheit \u00fcber Postfaktizit\u00e4t\u201c; in: Aus Politik und Zeitgeschichte, Beilage zu Wochenzeitung \u201eDas Parlament\u201c, 44-45\/2017, S.31-38.<\/p>\n\n\n\n<p>Schaal, Gary S.; Kath, Roxanna; Dumm, Sebastian (2016): \u201eNew Visual Hermeneutics\u201c; in: Cybernetics and Human Knowing, 23(2), S.51-75.<\/p>\n\n\n\n<p>Dumm, Sebastian; Lemke, Matthias; Niekler, Andreas; Wiedemann, Gregor; Heyer, Gerhard; Schaal, Gary S. Schaal (2016): \u201e(Semi)-automatische Klassifikation f\u00fcr die Analyse neo-liberaler Begr\u00fcndungen und Argumentationen in gro\u00dfen Nachrichtenkorpora\u201c; in: \u201eDHd 2016 Modellierung \u2013 Vernetzung \u2013 Visualisierung. Die Digital Humanities als f\u00e4cher\u00fcbergreifendes Forschungsparadigma\u201c, nisaba verlag.<\/p>\n\n\n\n<p>Dumm, Sebastian; Niekler, Andreas (2015): \u201eMethoden, Qualit\u00e4tssicherung und Forschungsdesign. Diskurs- und Inhaltsanalyse zwischen Sozialwissenschaften und automatischer Sprachverarbeitung\u201c; in: Lemke, Matthias; Wiedemann, Gregor (<abbr title=\"Herausgeber\">Hrsg.<\/abbr>): \u201eText Mining in den Sozialwissenschaften. Grundlagen und Anwendungen zwischen qualitativer und quantitativer Diskursanalyse\u201c, Wiesbaden, Springer VS, S.89-116.<\/p>\n\n\n\n<p>Schaal, Gary S.; Kath, Roxana; Dumm, Sebastian (2015): \u201eNew Visual Hermeneutics\u201c; in: Zeitschrift f\u00fcr germanistische Linguistik, 43(1), S.27-51.<\/p>\n\n\n\n<p>Dumm, Sebastian; Ritzi, Claudia (2014): \u201eDie Analyse von \u00d6konomisierungsprozessen. Ein \u00dcberblick am Gegenstand der empirischen Politikfeldforschung\u201c; in Lemke, Matthias; Ritzi, Claudia; Schaal, Gary S. (<abbr title=\"Herausgeber\">Hrsg.<\/abbr>): \u201eDie \u00d6konomisierung der Politik in Deutschland. Eine vergleichende Politikfeldanalyse\u201c, Wiesbaden, Springer VS, S.21-41.<\/p>\n\n\n\n<p><strong>Working Paper und Studien<\/strong><\/p>\n\n\n\n<p>Heyken, Merle; Ellerhorst, Dorothee; Wallasch, Anna-Kathrin; Kruse, Dennis; Vo\u00df, Julika; Brandt, Miriam; Hots, Karoline, Bils, Franziska; Diederichs, Anskar., Stamme, Franziska; Vogt, Victoria; Graetschel, Johannes; Schaal, Gary S.; Dumm, Sebastian (2025): \u201eAngewandte Forschungsfragen zum Ausbau von Windenergie auf See\u201c, Umweltbundesamt, Climate Change, 22\/2025. <a href=\"https:\/\/doi.org\/10.60810\/openumwelt-7660\" rel='nofollow'>https:\/\/doi.org\/10.60810\/openumwelt-7660<\/a><\/p>\n\n\n\n<p>Schaal, Gary S.; Dumm, Sebastian; Friede, Alexandra M. (2019): \u201eCyberkompetenz und Maritime F\u00fchrungsausbildung\u201c (Studie im Auftrag des BMVg).<\/p>\n\n\n\n<p>Schaal, Gary S.; Stulpe, Alexander; Dumm, Sebastian; Friede, Alexandra M. (2018): \u201eMaritime Security in Age of Hybrid Threads,\u201d in: Schaal, Gary S.; Dumm, Sebastian (<abbr title=\"Herausgeber\">Hrsg.<\/abbr>): \u201eFacing Vulnerabilities and Resilience in the Maritime Domain. North and Baltic Sea.\u201d, iFMS Hamburg &amp; Hybrid CoE.<\/p>\n\n\n\n<p>Schaal, Gary S.; Dumm, Sebastian (<abbr title=\"Herausgeber\">Hrsg.<\/abbr>) (2018): \u201eFacing Vulnerabilities and Resilience in the Maritime Domain. North and Baltic Sea.\u201d, iFMS Hamburg &amp; Hybrid CoE.<\/p>\n\n\n\n<p>Schaal, Gary S.; Stulpe, Alexander; Fleu\u00df, Dannica; Dumm, Sebastian; Lancaster, Kelly (2017): \u201eCyber und Maritime Sicherheit\u201c (Studie im Auftrag des BMVg).<\/p>\n\n\n\n<p>Schaal, Gary S.; Dumm, Sebastian; Stuple, Alexander (2017): \u201eBen\u00f6tigt die Bundeswehr eine Strategische Leitlinie Maritime Sicherheit?\u201c (Studie im Auftrag des BMVg).<\/p>\n\n\n\n<p>Schaal, Gary S.; Heyer, Gerhard; Wiedemann, Gregor; Niekler, Andreas; Dumm, Sebastian (2016): \u201ePostdemokratie und Neoliberalismus: Zur Nutzung neoliberaler Argumentationen in der bundesdeutschen Politik 1949-2011\u201c, Sach-und Schlussbericht f\u00fcr das Verbundprojekt, Berichtszeitraum: Mai 2012-August 2015.<\/p>\n\n\n\n<p>Dumm, Sebastian (2014): Topic Modelle, Hamburg\/Leipzig (=ePol Text Mining, Serie \u201eAtomenergiediskurs\u201c, Modul 3\/5, ISSN 2363-6335).<\/p>\n\n\n\n<p>Dumm, Sebastian; Niekler, Andreas (2014): \u201eMethoden und G\u00fctekriterien. Computergest\u00fctzte Diskurs-und Inhaltsanalysen zwischen Sozialwissenschaft und Automatischer Sprachverarbeitung\u201c; Schriftenreihe des Verbundprojekts Postdemokratie und Neoliberalismus, Discussion Paper Nr. 4, Helmut-Schmidt-Universit\u00e4t Hamburg (UniBw) und Universit\u00e4t Leipzig, ISSN 2363-6335.<\/p>\n\n\n\n<p>Dumm, Sebastian; Lemke, Matthias (2013): \u201eArgumentmarker. Definition, Generierung und Anwendung im Rahmen eines semi-automatischen Dokument-Retrieval-Verfahrens\u201c; Schriftenreihe des Verbundprojekts Postdemokratie und Neoliberalismus, Discussion Paper Nr. 3, Helmut-Schmidt-Universit\u00e4t Hamburg (UniBw) und Universit\u00e4t Leipzig, ISSN 2363-6335.<\/p>\n\n\n\n<p><strong>Vortr\u00e4ge<\/strong>:<\/p>\n\n\n\n<p>Dumm, Sebastian; Niekler, Andreas; Schaal, Gary S.: \u201ePostdemokratie und Neoliberalismus\u201c, Vortrag: Jahrestagung der Sektion Methoden der Politikwissenschaft (DVPW), Universit\u00e4t Duisburg-Essen, 23.05.2014.<\/p>\n\n\n\n<p>Schaal, Gary S.; Dumm, Sebastian; Lemke, Matthias: \u201eNeoliberal Marketization. Strategies for the Identification of Neoliberal Arguments in Big-Text-Data Corpuses\u201c; Vortrag: Kick Off Workshop Visargue, Universit\u00e4t Konstanz, 02.10.2013.<\/p>\n\n\n\n<p>Schaal, Gary S.; Lemke, Matthias; Dumm, Sebastian: \u201eJustification matters. Analysing policy change with text-mining tools\u201c; Vortrag: International Conference on Public Policy (ICPP), Universit\u00e4t Grenoble, 28.06.2013.<\/p>\n\n\n\n<p><strong>Poster<\/strong>:<\/p>\n\n\n\n<p>Dumm, Sebastian; Hoss, Anne; Manteuffel, Bastian; Gary S. Schaal:<strong> \u201e<\/strong>Smarte Systeme Erh\u00f6hung der Nutzungsqualit\u00e4t von E-Government\u201c, Poster f\u00fcr das Zentrum f\u00fcr Digitalisierung und Technologieforschung der Bundeswehr, Helmut-Schmidt-Universit\u00e4t\/Universit\u00e4t der Bundeswehr Hamburg, 08.06.2024.<\/p>\n\n\n\n<p>Niekler, Andreas; Wiedemann, Gregor; Dumm, Sebastian; Heyer, Gerhard: \u201eCreating dictionaries for argument identification by reference data\u201c Poster zur 1. Jahrestagung der Digital Humanities im deutschsprachigen Raum, Universit\u00e4t Passau, 25.\/28.3.2014.<\/p>\n\n\n\n<p>Heyer, Gerhard; Schaal, Gary; Dumm, Sebastian; Lemke, Matthias; Niekler, Andreas: \u201eZur Nutzung neoliberaler Argumentation in der bundesdeutschen Politik 1949-2011\u201c Poster zum Kickoff-Workshop der eHumanities-Verbundprojekte 2013; Universit\u00e4t Leipzig; 8.\/9.4.2013.<\/p>\n\n\n\n<hr class=\"wp-block-separator has-css-opacity is-style-wide\" \/>\n\n\n\n<h2 class=\"wp-block-heading\">Lehrt\u00e4tigkeit<\/h2>\n\n\n\n<hr class=\"wp-block-separator has-css-opacity is-style-wide\" \/>\n\n\n\n<p><strong>Fr\u00fchjahrstrimester 2026<\/strong><\/p>\n\n\n\n<p>Seminar: \u201eQuantitative Methoden der Politikwissenschaft\u201c (3 Gruppen)<\/p>\n\n\n\n<p><strong>Wintertrimester 2025<\/strong><\/p>\n\n\n\n<p>Seminar: Techniken wissenschaftlichen Arbeitens<\/p>\n\n\n\n<p><strong>Fr\u00fchjahrstrimester 2025<\/strong><\/p>\n\n\n\n<p>Seminar: \u201eQuantitative Methoden der Politikwissenschaft\u201c (3 Gruppen)<\/p>\n\n\n\n<p><strong>Fr\u00fchjahrstrimester 2024<\/strong><\/p>\n\n\n\n<p>Seminar: \u201eQuantitative Methoden der Politikwissenschaft\u201c (3 Gruppen)<\/p>\n\n\n\n<p><strong>Fr\u00fchjahrstrimester 2023<\/strong><\/p>\n\n\n\n<p>Seminar: \u201eQuantitative Methoden der Politikwissenschaft\u201c (3 Gruppen)<\/p>\n\n\n\n<p><strong>Fr\u00fchjahrstrimester 2022<\/strong><\/p>\n\n\n\n<p>Seminar: \u201ePolitik und Digitalisierung\u201c (3 Gruppen)<\/p>\n\n\n\n<p><strong>Fr\u00fchjahrstrimester 2021<\/strong><\/p>\n\n\n\n<p>Seminar: \u201ePolitik und Digitalisierung\u201c (3 Gruppen)<\/p>\n\n\n\n<p><strong>Herbsttrimester 2018<\/strong><\/p>\n\n\n\n<p>Seminar: \u201eKlassiker des politischen Denkens\u201c<\/p>\n\n\n\n<p><strong>Herbsttrimester 2017<\/strong><\/p>\n\n\n\n<p>Seminar: \u201eKlassiker des politischen Denkens\u201c<\/p>\n\n\n\n<p><strong>Herbsttrimester 2012<\/strong><\/p>\n\n\n\n<p>Seminar: \u201eKlassiker des politischen Denkens\u201c<\/p>\n\n\n\n<p><strong>Wintersemester 2011\/12<\/strong><\/p>\n\n\n\n<p>Seminar: \u201eEinf\u00fchrung in das wissenschaftliche Arbeiten\u201c<\/p>\n\n\n\n<p><strong>Sommersemester 2011<\/strong><\/p>\n\n\n\n<p>Seminar: \u201eGrundbegriffe der Politik- und Verwaltungswissenschaft\u201c<\/p>\n\n\n\n<p><strong>Wintersemester 2010\/11<\/strong><\/p>\n\n\n\n<p>Seminar: \u201eInstitutionen- und Demokratietheorien\u201c<\/p>\n\n\n\n<hr class=\"wp-block-separator has-css-opacity is-style-wide\" \/>\n\n\n\n<h2 class=\"wp-block-heading\">Akademische Selbstverwaltung<\/h2>\n\n\n\n<hr class=\"wp-block-separator has-css-opacity is-style-wide\" \/>\n\n\n\n<p><strong>seit 2017<\/strong><\/p>\n\n\n\n<p>Seit 2017 Mitglied des Beirates im: \u201eZentrum f\u00fcr Wissenschaftliche Weiterbildung\u201c (ZWW) als Vertreter des Mittelbaus der Fakult\u00e4t WISO an der Helmut-Schmidt Universit\u00e4t\/Universit\u00e4t der Bundeswehr Hamburg.<\/p>\n\n\n\n<p>Seit 2024 Mitglied des Senatsausschusses f\u00fcr Haushalts-, Planungs- und Bauangelegenheiten als Vertreter des Mittelbaus an der Helmut-Schmidt Universit\u00e4t\/Universit\u00e4t der Bundeswehr Hamburg.<\/p>\n\n\n\n<p><\/p>\n","protected":false},"excerpt":{"rendered":"<p>Wissenschaftlicher Mitarbeiter am Lehrstuhl f\u00fcr Politikwissenschaft, insbesondere Politische Theorie Helmut-Schmidt-Universit\u00e4tHolstenhofweg 8522043 Hamburg Geb\u00e4ude H1, Raum: 1365 Telefon: +49406541-3379Fax: +49-40-6541-3370Email: sebastian.dumm [a] hsu-hh.de Sprechstunde (nur nach Vereinbarung): Montag: 11:00-12:00 Lebenslauf seit [&hellip;]<\/p>\n","protected":false},"author":181,"featured_media":0,"parent":124,"menu_order":0,"comment_status":"closed","ping_status":"closed","template":"","meta":{"footnotes":""},"categories":[8],"tags":[],"class_list":["post-105","page","type-page","status-publish","hentry","category-team"],"_links":{"self":[{"href":"https:\/\/www.hsu-hh.de\/politiktheorie\/wp-json\/wp\/v2\/pages\/105","targetHints":{"allow":["GET"]}}],"collection":[{"href":"https:\/\/www.hsu-hh.de\/politiktheorie\/wp-json\/wp\/v2\/pages"}],"about":[{"href":"https:\/\/www.hsu-hh.de\/politiktheorie\/wp-json\/wp\/v2\/types\/page"}],"author":[{"embeddable":true,"href":"https:\/\/www.hsu-hh.de\/politiktheorie\/wp-json\/wp\/v2\/users\/181"}],"replies":[{"embeddable":true,"href":"https:\/\/www.hsu-hh.de\/politiktheorie\/wp-json\/wp\/v2\/comments?post=105"}],"version-history":[{"count":94,"href":"https:\/\/www.hsu-hh.de\/politiktheorie\/wp-json\/wp\/v2\/pages\/105\/revisions"}],"predecessor-version":[{"id":3650,"href":"https:\/\/www.hsu-hh.de\/politiktheorie\/wp-json\/wp\/v2\/pages\/105\/revisions\/3650"}],"up":[{"embeddable":true,"href":"https:\/\/www.hsu-hh.de\/politiktheorie\/wp-json\/wp\/v2\/pages\/124"}],"wp:attachment":[{"href":"https:\/\/www.hsu-hh.de\/politiktheorie\/wp-json\/wp\/v2\/media?parent=105"}],"wp:term":[{"taxonomy":"category","embeddable":true,"href":"https:\/\/www.hsu-hh.de\/politiktheorie\/wp-json\/wp\/v2\/categories?post=105"},{"taxonomy":"post_tag","embeddable":true,"href":"https:\/\/www.hsu-hh.de\/politiktheorie\/wp-json\/wp\/v2\/tags?post=105"}],"curies":[{"name":"wp","href":"https:\/\/api.w.org\/{rel}","templated":true}]}}