{"id":589,"date":"2018-03-05T15:54:09","date_gmt":"2018-03-05T14:54:09","guid":{"rendered":"https:\/\/www.hsu-hh.de\/polbrd\/?page_id=589"},"modified":"2018-03-05T16:04:27","modified_gmt":"2018-03-05T15:04:27","slug":"europaeische-integration","status":"publish","type":"page","link":"https:\/\/www.hsu-hh.de\/polbrd\/mitarbeiter-lehrstuhl-professor-lhotta\/univ-prof-dr-roland-lhotta\/europaeische-integration","title":{"rendered":"Europ\u00e4ische Integration"},"content":{"rendered":"<p>Adam, Hans; Mayer, Peter (2016): Europ\u00e4ische Integration. Einf\u00fchrung f\u00fcr \u00d6konomen. 2., \u00fcberarbeitete und erweiterte Auflage. Konstanz, M\u00fcnchen: UVK Verlagsgesellschaft mbH; UVK\/Lucius (UTB, 4110).<\/p>\n<p>Arnull, Anthony; Chalmers, Damian (Hg.) (2017): The Oxford handbook of European Union law. Oxford: Oxford University Press.<\/p>\n<p>Barnard, Catherine (2016): The substantive law of the EU. The four freedoms. Fifth Edition. Oxford: Oxford University Press.<\/p>\n<p>Barnard, Catherine; Peers, Steve (Hg.) (2017): European Union law. Second edition. Oxford, New York, NY: Oxford University Press.<\/p>\n<p>Bieling, Hans-J\u00fcrgen; Lerch, Marika (2013): Theorien der europ\u00e4ischen Integration. 3. <abbr title=\"Auflage\">Aufl.<\/abbr> 2013. Wiesbaden: Springer. Online verf\u00fcgbar unter http:\/\/dx.doi.org\/10.1007\/978-3-531-19715-9.<\/p>\n<p>Bogdandy, Armin von; Bast, J\u00fcrgen (2009): Europ\u00e4isches Verfassungsrecht. Theoretische und dogmatische Grundz\u00fcge. 2., vollst\u00e4ndig aktualisierte und erweiterte <abbr title=\"Auflage\">Aufl.<\/abbr> Dordrecht: Springer (Springer-Lehrbuch).<\/p>\n<p>Brasche, Ulrich (2017): Europ\u00e4ische Integration. Wirtschaft, Euro-Krise, Erweiterung und Perspektiven. 4., vollst\u00e4ndig \u00fcberarbeitete Auflage. Berlin, Boston: de Gruyter Oldenbourg. Online verf\u00fcgbar unter http:\/\/www.degruyter.com\/search?f_0=isbnissn&amp;q_0=9783110495478&amp;searchTitles=true.<\/p>\n<p>Craig, Paul P.; B\u00farca, Gr\u00e1inne de (2015): EU law. Text, cases, and materials. Sixth edition. Oxford, New York: Oxford University Press.<\/p>\n<p>Dialer, Doris (Hg.) (2014): Lobbying in der Europ\u00e4ischen Union. Zwischen Professionalisierung und Regulierung. <abbr title=\"Auflage\">Aufl.<\/abbr> 2014. Wiesbaden: Springer Fachmedien Wiesbaden.<\/p>\n<p>Dinan, Desmond (Hg.) (2014): Origins and evolution of the European Union. 2. ed. Oxford: Oxford Univ. Press (The new European Union series).<\/p>\n<p>Haratsch, Andreas; Koenig, Christian; Pechstein, Matthias (2016): Europarecht. Unter Mitarbeit von Tobias Fuchs und Philipp Kubicki. 10., \u00fcberarbeitete und aktualisierte Auflage. T\u00fcbingen: Mohr Siebeck (Mohr Lehrbuch).<\/p>\n<p>Herdegen, Matthias (2017): Europarecht. 19., \u00fcberarbeitete und erweiterte Auflage. M\u00fcnchen: C.H. Beck (Grundrisse des Rechts).<\/p>\n<p>Hix, Simon; H\u00f8yland, Bj\u00f8rn (2011): The political system of the European Union. Third edition. Basingstoke: Palgrave Macmillan (The European Union series).<\/p>\n<p>Hodson, Dermot; Peterson, John (Hg.) (2017): The institutions of the European Union. Fourth edition. Oxford, New York, NY: Oxford University Press (The new European Union series).<\/p>\n<p>Hustedt, Thurid; Wonka, Arndt; Blauberger, Michael; T\u00f6ller, Annette Elisabeth; Reiter, Renate (2014): Verwaltungsstrukturen in der Europ\u00e4ischen Union. Kommission, Komitologie, Agenturen und Verwaltungsnetzwerke. Wiesbaden: Springer VS (Lehrbuch).<\/p>\n<p>Kenealy, Daniel; Peterson, John; Corbett, Richard (Hg.) (2015): The European Union. How does it work? Fourth edition. Oxford, New York: Oxford University Press (The new European Union series).<\/p>\n<p>Knodt, Mich\u00e8le; Corcaci, Andreas (2012): Europ\u00e4ische Integration. Anleitung zur theoriegeleiteten Analyse. Konstanz: UVK-Verl.-Ges (UTB Politikwissenschaft, 3361).<\/p>\n<p>Nelsen, Brent F. (Hg.) (2014): The European Union. Readings on the theory and practice of European integration. 4. ed. Basingstoke: Palgrave Macmillan (The European Union series).<\/p>\n<p>Olsen, Jonathan; McCormick, John (2017): The European Union. Politics and policies. Boulder, CO: Westview Press.<\/p>\n<p>Pollak, Johannes; Slominski, Peter (2012): Das politische System der EU. 2., v\u00f6llig \u00fcberarbeitete und aktualisierte Auflage. Wien: Facultas.wuv (Europa kompakt, 1).<\/p>\n<p>Ripoll Servent, Ariadna (2017): The European Parliament. 1st edition 2018. Oxford: Macmillan Education; Palgrave (The European Union series).<\/p>\n<p>Rosamond, Ben (2006): Theories of European integration. [Nachdr.]. Basingstoke, Hampshire: Palgrave (The European Union series).<\/p>\n<p>Saurugger, Sabine (2013): Theoretical Approaches to European Integration. 2014. Auflage. Oxford: Macmillan Education; Palgrave (The European Union series).<\/p>\n<p>Thiemeyer, Guido (2010): Europ\u00e4ische Integration. Motive &#8211; Prozesse &#8211; Strukturen. 1. <abbr title=\"Auflage\">Aufl.<\/abbr> K\u00f6ln: B\u00f6hlau (UTB Geschichte, Politikwissenschaft, 3297).<\/p>\n<p>T\u00f6mmel, Ingeborg (2014): Das politische System der EU. 4., \u00fcberarb. und erw. <abbr title=\"Auflage\">Aufl.<\/abbr> M\u00fcnchen: de Gruyter Oldenbourg (Lehr- und Handb\u00fccher der Politikwissenschaft).<\/p>\n<p>Weidenfeld, Werner; Wessels, Wolfgang (Hg.) (2016): Europa von A bis Z. Taschenbuch der europ\u00e4ischen Integration. Nomos Verlagsgesellschaft. 14. Auflage. Baden-Baden: Nomos.<\/p>\n<p>Wiener, Antje; Diez, Thomas (2009): European integration theory. Second edition. Oxford: Oxford University Press.<\/p>\n","protected":false},"excerpt":{"rendered":"<p>Adam, Hans; Mayer, Peter (2016): Europ\u00e4ische Integration. Einf\u00fchrung f\u00fcr \u00d6konomen. 2., \u00fcberarbeitete und erweiterte Auflage. Konstanz, M\u00fcnchen: UVK Verlagsgesellschaft mbH; UVK\/Lucius (UTB, 4110). Arnull, Anthony; Chalmers, Damian (Hg.) (2017): The [&hellip;]<\/p>\n","protected":false},"author":115,"featured_media":0,"parent":261,"menu_order":0,"comment_status":"closed","ping_status":"closed","template":"","meta":{"footnotes":""},"categories":[],"tags":[],"class_list":["post-589","page","type-page","status-publish","hentry"],"_links":{"self":[{"href":"https:\/\/www.hsu-hh.de\/polbrd\/wp-json\/wp\/v2\/pages\/589","targetHints":{"allow":["GET"]}}],"collection":[{"href":"https:\/\/www.hsu-hh.de\/polbrd\/wp-json\/wp\/v2\/pages"}],"about":[{"href":"https:\/\/www.hsu-hh.de\/polbrd\/wp-json\/wp\/v2\/types\/page"}],"author":[{"embeddable":true,"href":"https:\/\/www.hsu-hh.de\/polbrd\/wp-json\/wp\/v2\/users\/115"}],"replies":[{"embeddable":true,"href":"https:\/\/www.hsu-hh.de\/polbrd\/wp-json\/wp\/v2\/comments?post=589"}],"version-history":[{"count":3,"href":"https:\/\/www.hsu-hh.de\/polbrd\/wp-json\/wp\/v2\/pages\/589\/revisions"}],"predecessor-version":[{"id":595,"href":"https:\/\/www.hsu-hh.de\/polbrd\/wp-json\/wp\/v2\/pages\/589\/revisions\/595"}],"up":[{"embeddable":true,"href":"https:\/\/www.hsu-hh.de\/polbrd\/wp-json\/wp\/v2\/pages\/261"}],"wp:attachment":[{"href":"https:\/\/www.hsu-hh.de\/polbrd\/wp-json\/wp\/v2\/media?parent=589"}],"wp:term":[{"taxonomy":"category","embeddable":true,"href":"https:\/\/www.hsu-hh.de\/polbrd\/wp-json\/wp\/v2\/categories?post=589"},{"taxonomy":"post_tag","embeddable":true,"href":"https:\/\/www.hsu-hh.de\/polbrd\/wp-json\/wp\/v2\/tags?post=589"}],"curies":[{"name":"wp","href":"https:\/\/api.w.org\/{rel}","templated":true}]}}