{"id":73,"date":"2017-07-03T15:52:08","date_gmt":"2017-07-03T13:52:08","guid":{"rendered":"https:\/\/www.hsu-hh.de\/vorlage\/?page_id=73"},"modified":"2026-03-13T10:02:04","modified_gmt":"2026-03-13T09:02:04","slug":"startseite","status":"publish","type":"page","link":"https:\/\/www.hsu-hh.de\/pfs\/","title":{"rendered":"Professur f\u00fcr Str\u00f6mungsmechanik"},"content":{"rendered":"\n<div class=\"wp-block-columns is-layout-flex wp-container-core-columns-is-layout-9d6595d7 wp-block-columns-is-layout-flex\">\n<div class=\"wp-block-column background-grey is-layout-flow wp-block-column-is-layout-flow\"><\/div>\n<\/div>\n\n\n\n<div class=\"wp-block-columns is-layout-flex wp-container-core-columns-is-layout-9d6595d7 wp-block-columns-is-layout-flex\">\n<div class=\"wp-block-column is-layout-flow wp-block-column-is-layout-flow\"><\/div>\n\n\n\n<div class=\"wp-block-column is-layout-flow wp-block-column-is-layout-flow\"><\/div>\n<\/div>\n\n\n\n<p class=\"has-white-background-color has-background\"><\/p>\n\n\n\n<p class=\"has-text-align-center has-grey-background-color has-background\">Wir gratulieren Herrn Surya Kiran Peravali <br>zur erfolgreich abgeschlossenen Promotion am 21.07.2025,<br>f\u00fcr weitere Information siehe <br><a href=\"https:\/\/www.hsu-hh.de\/pfs\/surya-kiran-peravali\">Promotion Surya Kiran Peravali<\/a><br><\/p>\n\n\n\n<p class=\"has-text-align-center has-grey-background-color has-background\">Wir begr\u00fc\u00dfen Herrn <abbr title=\"Master of Science\">M.Sc.<\/abbr> Sachin B. Manjunath<br>zum 01.03.2026 als <abbr title=\"Wissenschaftlicher Mitarbeiter\">WMA<\/abbr> in unserem Team,<br>f\u00fcr weitere Information siehe <br><a href=\"https:\/\/www.hsu-hh.de\/pfs\/wma\">Forschungsthema DFG<\/a><br><\/p>\n\n\n<div><strong>Str\u00f6mungsvorg\u00e4nge sind allgegenw\u00e4rtig<\/strong>. Sie spielen in der Natur, in der Technik,\u00a0 in der Medizin, im Sport und auch bei Klima und Wetter eine entscheidende Rolle. Diese Aufz\u00e4hlung lie\u00dfe sich noch beliebig fortsetzen. Fazit:<\/p>\n<div class=\"background-grey\">\n<h3><strong>\u00a0\u00a0\u00a0\u00a0\u00a0\u00a0\u00a0\u00a0\u00a0\u00a0\u00a0\u00a0\u00a0\u00a0\u00a0\u00a0\u00a0\u00a0\u00a0\u00a0\u00a0\u00a0\u00a0\u00a0\u00a0 Ohne die Str\u00f6mungsmechanik ist kein Leben auf der Erde m\u00f6glich. \u00a0<\/strong><\/h3>\n<\/div>\n<p>Folglich ist die Str\u00f6mungsmechanik zentraler Bestandteil der <a href=\"https:\/\/www.hsu-hh.de\/pfs\/motivation\/\"><strong>Forschung<\/strong><\/a> und <a href=\"https:\/\/www.hsu-hh.de\/pfs\/lehrveranstaltungen\/\"><strong>Lehre<\/strong><\/a> an einer ingenieurwissenschafttlichen Fakult\u00e4t f\u00fcr Maschinenbau.<\/p>\n<p><img loading=\"lazy\" decoding=\"async\" class=\"wp-image-383 alignnone\" src=\"https:\/\/www.hsu-hh.de\/pfs\/wp-content\/uploads\/sites\/564\/2017\/09\/motivation_links-300x267.jpg\" alt=\"dummy\" width=\"450\" height=\"400\" srcset=\"https:\/\/www.hsu-hh.de\/pfs\/wp-content\/uploads\/sites\/564\/2017\/09\/motivation_links-300x267.jpg 300w, https:\/\/www.hsu-hh.de\/pfs\/wp-content\/uploads\/sites\/564\/2017\/09\/motivation_links.jpg 672w\" sizes=\"auto, (max-width: 450px) 100vw, 450px\" \/><img loading=\"lazy\" decoding=\"async\" class=\"wp-image-384 alignnone\" src=\"https:\/\/www.hsu-hh.de\/pfs\/wp-content\/uploads\/sites\/564\/2017\/09\/motivaton_rechts-300x264.png\" alt=\"dummy\" width=\"450\" height=\"396\" srcset=\"https:\/\/www.hsu-hh.de\/pfs\/wp-content\/uploads\/sites\/564\/2017\/09\/motivaton_rechts-300x264.png 300w, https:\/\/www.hsu-hh.de\/pfs\/wp-content\/uploads\/sites\/564\/2017\/09\/motivaton_rechts-768x675.png 768w, https:\/\/www.hsu-hh.de\/pfs\/wp-content\/uploads\/sites\/564\/2017\/09\/motivaton_rechts-1024x900.png 1024w, https:\/\/www.hsu-hh.de\/pfs\/wp-content\/uploads\/sites\/564\/2017\/09\/motivaton_rechts.png 1200w\" sizes=\"auto, (max-width: 450px) 100vw, 450px\" \/><\/p>\n<h3>n\u00fctzliche links<\/h3>\n<ul>\n<li><a href=\"http:\/\/theory.uwinnipeg.ca\/UNIXhelp\/\" target=\"_blank\" rel=\"noopener noreferrer\">UNIXhelp for Users <\/a><\/li>\n<li><a href=\"http:\/\/cfd-online.com\/\" target=\"_blank\" rel=\"noopener noreferrer\">CFD Online <\/a><\/li>\n<li><a href=\"http:\/\/cfd-online.com\/Links\/\" target=\"_blank\" rel=\"noopener noreferrer\">CFD Resources Online <\/a><\/li>\n<li><a href=\"http:\/\/www.nas.nasa.gov\/\" target=\"_blank\" rel=\"noopener noreferrer\">Numerical Aerodynamic Simulation <\/a><\/li>\n<li><a href=\"http:\/\/arXiv.org\/\" target=\"_blank\" rel=\"noopener noreferrer\">Nonlinear Science e-Print Archive <\/a><\/li>\n<li><a href=\"http:\/\/www.hensa.ac.uk\/parallel\/\" target=\"_blank\" rel=\"noopener noreferrer\">Internet Parallel Computing Archive <\/a><\/li>\n<\/ul>\n<p><a name=\"mecheng\" rel='nofollow'><\/a><\/p>\n<ul>\n<li>Mechanical Engineering:\n<ul>\n<li><a href=\"http:\/\/cdr.stanford.edu\/html\/WWW-ME\/home.html\" target=\"_blank\" rel=\"noopener noreferrer\">The Mechanical Engineering Virtual Library <\/a><\/li>\n<\/ul>\n<p><a name=\"meshrefin\" rel='nofollow'><\/a><\/p>\n<\/li>\n<li>Mesh Generation and Refinement:<br \/>Grid Generation:\n<ul>\n<li><a href=\"http:\/\/www.ansys.com\/products\/icemcfd.asp\/\" target=\"_blank\" rel=\"noopener noreferrer\">ICEM CFD <\/a><\/li>\n<li><a href=\"http:\/\/www.pointwise.com\/\" target=\"_blank\" rel=\"noopener noreferrer\">GRIDGEN by Pointwise <\/a><\/li>\n<\/ul>\n<p>Grid Refinement:<\/p>\n<ul>\n<li><a href=\"http:\/\/www.cwi.nl\/{3728c0ddcf5026c65bc0b4e995c837d09025c3e7fa253cea254631dfe46bf841}7Egollum\/LUGR\/index.html\" target=\"_blank\" rel=\"noopener noreferrer\">LUGR: Local Uniform Grid Refinement <\/a><\/li>\n<\/ul>\n<\/li>\n<li>Computational Fluid Dynamics:\n<ul>\n<li><em>Applied Mathematics\/Numerical Methods:<\/em>\n<ul>\n<li><a href=\"http:\/\/mip.ups-tlse.fr\/{3728c0ddcf5026c65bc0b4e995c837d09025c3e7fa253cea254631dfe46bf841}7Egrundman\/templates\/report.html\" target=\"_blank\" rel=\"noopener noreferrer\">Templates for the Solution of Linear Systems, 2nd Edition <\/a><\/li>\n<li><a href=\"http:\/\/www.siam.org\/\" target=\"_blank\" rel=\"noopener noreferrer\">SIAM World Wide Web Server <\/a><\/li>\n<li><a href=\"http:\/\/elib.zib.de\/\" target=\"_blank\" rel=\"noopener noreferrer\">The Electronic Library for Mathematical <span lang=\"en\" xml:lang=\"en\">Software<\/span> (ZIB) <\/a><\/li>\n<\/ul>\n<\/li>\n<li><em>Parallel Computing:<\/em>\n<ul>\n<li><a href=\"http:\/\/www.netlib.org\/benchmark\/top500.html\" target=\"_blank\" rel=\"noopener noreferrer\">TOP500 Supercomputer Sites (NETLIB) <\/a><\/li>\n<li><a href=\"http:\/\/www.nhse.org\/\" target=\"_blank\" rel=\"noopener noreferrer\">High Performance Computing and Communications <span lang=\"en\" xml:lang=\"en\">Software<\/span> Exchange (NHSE) <\/a><\/li>\n<li><a href=\"http:\/\/computer.org\/parascope\/\" target=\"_blank\" rel=\"noopener noreferrer\">David A. Bader&#8217;s List of Parallel Computing Sites <\/a><\/li>\n<li><a href=\"http:\/\/www.numa.uni-linz.ac.at\/Workshops\/proceedings.html\" target=\"_blank\" rel=\"noopener noreferrer\">Virtual Proceedings of the 9th Int. GAMM &#8211; Workshop on &#8222;Parallel Multigrid Methods&#8220; <\/a><\/li>\n<\/ul>\n<\/li>\n<li><em>Newsgroups:<\/em>\n<ul>\n<li><a href=\"news:sci.mec.fluids\" target=\"_blank\" rel=\"noopener noreferrer\">sci.mec.fluids <\/a><\/li>\n<li><a href=\"news:sci.physics.computational.fluid-dynamics\" target=\"_blank\" rel=\"noopener noreferrer\">sci.physics.computational.fluid-dynamics <\/a><\/li>\n<li><a href=\"news:sci.math.num-analysis\" target=\"_blank\" rel=\"noopener noreferrer\">sci.math.num-analysis <\/a><\/li>\n<li><a href=\"news:sci.engr.mech\" target=\"_blank\" rel=\"noopener noreferrer\">sci.engr.mech <\/a><\/li>\n<li><a href=\"news:de.sci.ing\" target=\"_blank\" rel=\"noopener noreferrer\">de.sci.ing <\/a>(Germany)<\/li>\n<\/ul>\n<\/li>\n<\/ul>\n<p><a name=\"sysadm\" rel='nofollow'><\/a><\/p>\n<\/li>\n<li>System Administration:\n<ul>\n<li>HP:\n<ul>\n<li><a href=\"http:\/\/europe-support.external.hp.com\/\" target=\"_blank\" rel=\"noopener noreferrer\">Hewlett Packard SupportLine Services <\/a><\/li>\n<li><a href=\"http:\/\/www.hp.com\/\" target=\"_blank\" rel=\"noopener noreferrer\">Hewlett Packard Home <\/a> (<a href=\"http:\/\/www.software.hp.com\/\" target=\"_blank\" rel=\"noopener noreferrer\"><span lang=\"en\" xml:lang=\"en\">Software<\/span> Depot <\/a>)<\/li>\n<\/ul>\n<\/li>\n<li>SUN:\n<ul>\n<li><a href=\"http:\/\/www.sun.com\/\" target=\"_blank\" rel=\"noopener noreferrer\">Sun Microsystems <\/a><\/li>\n<\/ul>\n<\/li>\n<li>Security, Viruses and Hoaxes:\n<ul>\n<li><a href=\"http:\/\/www.cert.org\/\" target=\"_blank\" rel=\"noopener noreferrer\">CERT Coordination Center <\/a><\/li>\n<li><a href=\"http:\/\/agn-www.informatik.uni-hamburg.de\/VTC\/\" target=\"_blank\" rel=\"noopener noreferrer\">VTC: Virus Test Center <\/a><\/li>\n<\/ul>\n<\/li>\n<li>General:\n<ul>\n<li><a href=\"http:\/\/www.cert.dfn.de\/\" target=\"_blank\" rel=\"noopener noreferrer\">DFN-CERT (german) <\/a><\/li>\n<li><a href=\"news:comp.answers\" target=\"_blank\" rel=\"noopener noreferrer\">news:comp.answers <\/a><\/li>\n<li><a href=\"http:\/\/theory.uwinnipeg.ca\/UNIXhelp\/\" target=\"_blank\" rel=\"noopener noreferrer\">UNIXhelp for users <\/a><\/li>\n<li><a href=\"http:\/\/www.rrze.uni-erlangen.de\/\" target=\"_blank\" rel=\"noopener noreferrer\">RRZE &#8211; computing center in Erlangen <\/a><\/li>\n<li><a href=\"http:\/\/www4.informatik.uni-erlangen.de\/Services\/\" target=\"_blank\" rel=\"noopener noreferrer\">The IMMD IV Services <\/a><\/li>\n<\/ul>\n<\/li>\n<\/ul>\n<\/li>\n<\/ul>\n<\/div>\n\n\n<p><\/p>\n","protected":false},"excerpt":{"rendered":"<p>Wir gratulieren Herrn Surya Kiran Peravali zur erfolgreich abgeschlossenen Promotion am 21.07.2025,f\u00fcr weitere Information siehe Promotion Surya Kiran Peravali Wir begr\u00fc\u00dfen Herrn M.Sc. Sachin B. Manjunathzum 01.03.2026 als WMA in [&hellip;]<\/p>\n","protected":false},"author":1,"featured_media":0,"parent":0,"menu_order":0,"comment_status":"closed","ping_status":"closed","template":"","meta":{"footnotes":""},"categories":[35],"tags":[],"class_list":["post-73","page","type-page","status-publish","hentry","category-startseite"],"_links":{"self":[{"href":"https:\/\/www.hsu-hh.de\/pfs\/wp-json\/wp\/v2\/pages\/73","targetHints":{"allow":["GET"]}}],"collection":[{"href":"https:\/\/www.hsu-hh.de\/pfs\/wp-json\/wp\/v2\/pages"}],"about":[{"href":"https:\/\/www.hsu-hh.de\/pfs\/wp-json\/wp\/v2\/types\/page"}],"author":[{"embeddable":true,"href":"https:\/\/www.hsu-hh.de\/pfs\/wp-json\/wp\/v2\/users\/1"}],"replies":[{"embeddable":true,"href":"https:\/\/www.hsu-hh.de\/pfs\/wp-json\/wp\/v2\/comments?post=73"}],"version-history":[{"count":99,"href":"https:\/\/www.hsu-hh.de\/pfs\/wp-json\/wp\/v2\/pages\/73\/revisions"}],"predecessor-version":[{"id":3314,"href":"https:\/\/www.hsu-hh.de\/pfs\/wp-json\/wp\/v2\/pages\/73\/revisions\/3314"}],"wp:attachment":[{"href":"https:\/\/www.hsu-hh.de\/pfs\/wp-json\/wp\/v2\/media?parent=73"}],"wp:term":[{"taxonomy":"category","embeddable":true,"href":"https:\/\/www.hsu-hh.de\/pfs\/wp-json\/wp\/v2\/categories?post=73"},{"taxonomy":"post_tag","embeddable":true,"href":"https:\/\/www.hsu-hh.de\/pfs\/wp-json\/wp\/v2\/tags?post=73"}],"curies":[{"name":"wp","href":"https:\/\/api.w.org\/{rel}","templated":true}]}}