{"id":362,"date":"2017-09-13T08:59:58","date_gmt":"2017-09-13T06:59:58","guid":{"rendered":"https:\/\/www.hsu-hh.de\/pfs\/?page_id=362"},"modified":"2022-11-01T10:08:54","modified_gmt":"2022-11-01T09:08:54","slug":"monographien","status":"publish","type":"page","link":"https:\/\/www.hsu-hh.de\/pfs\/monographien","title":{"rendered":"Monographien"},"content":{"rendered":"<ul>\n<li><a href=\"https:\/\/doi.org\/10.24405\/14518\" rel='nofollow'>Khalifa A.\u00a0<\/a> Modeling and simulation of the breakage of cohesive particle agglomerates in turbulent wall-bounded flows, Professur f\u00fcr Str\u00f6mungsmechanik, Helmut-Schmidt-Universit\u00e4t &#8211; Universit\u00e4t der Bundeswehr Hamburg, Dissertation, 2022<\/li>\n<li><a href=\"https:\/\/doi.org\/10.24405\/14145\" rel='nofollow'>Reinwardt, I.<\/a> Validation and improvement of wake models for site-specific load and power calculations in wind farms, Professur f\u00fcr Str\u00f6mungsmechanik, Helmut-Schmidt-Universit\u00e4t &#8211; Universit\u00e4t der Bundeswehr Hamburg, Dissertation, 2021<\/li>\n<li><a href=\"https:\/\/openhsu.ub.hsu-hh.de\/handle\/10.24405\/5129\" rel='nofollow'>Hoppe, F.\u00a0<\/a> Euler-Lagrange Simulations of Turbulent Bubble-Laden Flows Including Coalescence and Breakup, Professur f\u00fcr Str\u00f6mungsmechanik, Helmut-Schmidt-Universit\u00e4t &#8211; Universit\u00e4t der Bundeswehr Hamburg, Dissertation, 2020<\/li>\n<li><a href=\"https:\/\/www.researchgate.net\/publication\/343305149_Experimental_investigations_on_the_fluid-structure_interaction_of_a_deformable_and_membranous_hemisphere_in_turbulent_flow\" rel='nofollow'>Wood, N. W.<\/a> Experimental Investigations on the Fluid-Structure Interaction of a Deformable and Membranous Hemisphere in Turbulent Flow, Professur f\u00fcr Str\u00f6mungsmechanik, Helmut-Schmidt-Universit\u00e4t &#8211; Universit\u00e4t der Bundeswehr Hamburg, Dissertation, 2019<\/li>\n<li><a href=\"https:\/\/doi.org\/10.24405\/4333\" rel='nofollow'>Schwab, D.<\/a> Aerodynamische Grenzschichtuntersuchung an einem Windturbinenblatt im Feldversuch, Professur f\u00fcr Str\u00f6mungsmechanik, Helmut-Schmidt-Universit\u00e4t &#8211; Universit\u00e4t der Bundeswehr Hamburg, Dissertation, 2018.<\/li>\n<li><a href=\"https:\/\/doi.org\/10.24405\/4347\" rel='nofollow'>Almohammed, N.<\/a> Modeling and Simulation of Particle Agglolmeration, Droplet Coalescence and Particle Wall Adhesion in Turbulent Multiphase Flows, Professur f\u00fcr Str\u00f6mungsmechanik, Helmut-Schmidt-Universit\u00e4t &#8211; Universit\u00e4t der Bundeswehr Hamburg, Dissertation, 2018<\/li>\n<li><a href=\"https:\/\/doi.org\/10.24405\/4328\" rel='nofollow'>Harle\u00df, A<\/a>. Steigerung der Energie- und Kosteneffizienz bei der Abw\u00e4rmenutzung durch Optimierung von Strukturrohren in Rohrb\u00fcndelw\u00e4rme\u00fcbertragern, Professur f\u00fcr Str\u00f6mungsmechanik, Helmut-Schmidt-Universit\u00e4t &#8211; Universit\u00e4t der Bundeswehr Hamburg, Dissertation, 2017.<\/li>\n<\/ul>\n<ul>\n<li><a href=\"https:\/\/doi.org\/10.24405\/4295\" rel='nofollow'>Schmidt, S.<\/a> Entwicklung einer hybriden LES-URANS Methode f\u00fcr die Simulation interner und externer turbulenter Str\u00f6mungen, Professur f\u00fcr Str\u00f6mungsmechanik, Helmut-Schmidt-Universit\u00e4t &#8211; Universit\u00e4t der Bundeswehr Hamburg, Dissertation, 2016.<\/li>\n<li><a href=\"http:\/\/edoc.sub.uni-hamburg.de\/hsu\/volltexte\/2015\/3109\/\" rel='nofollow'>Kalmbach, A.<\/a> Experimental investigations on vortex-induced fluid-structure interaction benchmarks and corresponding numerical RANS predictions, Professur f\u00fcr Str\u00f6mungsmechanik, Helmut-Schmidt-Universit\u00e4t &#8211; Universit\u00e4t der Bundeswehr Hamburg, Dissertation, 2015.<\/li>\n<li><a href=\"http:\/\/edoc.sub.uni-hamburg.de\/hsu\/volltexte\/2014\/3077\/\" rel='nofollow'>Alletto, M. <\/a>Numerical Investigation of the Influence of Particle-Particle and Particle-Wall Collisions in Turbulent Wall-Bounded Flows at High Mass Loadings, Professur f\u00fcr Str\u00f6mungsmechanik, Helmut-Schmidt-Universit\u00e4t &#8211; Universit\u00e4t der Bundeswehr Hamburg, Dissertation,2014.<\/li>\n<li><a href=\"http:\/\/edoc.sub.uni-hamburg.de\/hsu\/volltexte\/2014\/3085\/\" rel='nofollow'>Diffo, P.<\/a> Entwicklung und Anwendung einer Simulationstechnik f\u00fcr das Polyurethan-Faserspr\u00fchverfahren, Professur f\u00fcr Str\u00f6mungsmechanik, Helmut-Schmidt-Universit\u00e4t &#8211; Universit\u00e4t der Bundeswehr Hamburg, Dissertation, 2014.<\/li>\n<li><a href=\"http:\/\/edoc.sub.uni-hamburg.de\/hsu\/volltexte\/2011\/2882\/\" rel='nofollow'>Zucht, A.<\/a> Experimentelle Untersuchung reibungsbehafteter Str\u00f6mungen in einer teilgef\u00fcllten rotierenden Trommel. Bericht aus dem Institut f\u00fcr Mechanik, Helmut-Schmidt-Universit\u00e4t &#8211; Universit\u00e4t der Bundeswehr Hamburg, 2011.<\/li>\n<li>Ulrich, S. Entwicklung eines elektrorheologischen Aktors f\u00fcr die aktive Schwingungsisolierung. Aachen: Shaker Verlag 2010.<\/li>\n<li><a href=\"http:\/\/edoc.sub.uni-hamburg.de\/hsu\/volltexte\/2009\/2084\/\" rel='nofollow'>Stock, J.<\/a> Untersuchung der Hochviskosstr\u00f6mung in der Umgebung gleichsinnig rotierender Doppelschneckenelmente mittels dreidimensionaler Laser-Doppler-Velocimetry. Bericht aus dem Institut f\u00fcr Mechanik. Helmut-Schmidt-Universit\u00e4t &#8211; Universit\u00e4t der Bundeswehr Hamburg, 2009.<\/li>\n<li><a href=\"http:\/\/edoc.sub.uni-hamburg.de\/hsu\/volltexte\/2008\/1449\/\" rel='nofollow'>M\u00fcller, A.<\/a> Theoretische Untersuchungen eines rotierenden fluiddynamischen Systems mit variierendem F\u00fcllgrad. Bericht aus dem Institut f\u00fcr Mechanik. Helmut-Schmidt-Universit\u00e4t &#8211; Universit\u00e4t der Bundeswehr Hamburg, 2008.<\/li>\n<li><a href=\"https:\/\/www.hsu-hh.de\/pfs\/wp-content\/uploads\/sites\/564\/2017\/10\/Wissenschaftlicher-Ertrag-der-PfS.pdf\">B\u00f6hme, G.<\/a> Wissenschaftlicher Ertrag der Professur f\u00fcr Str\u00f6mungslehre im R\u00fcckblick auf 32 Jahre: 1975 &#8211; 2007. Helmut-Schmidt-Universit\u00e4t &#8211; Universit\u00e4t der Bundeswehr Hamburg, 2007.<\/li>\n<li><a href=\"http:\/\/edoc.sub.uni-hamburg.de\/hsu\/volltexte\/2007\/1054\/\" rel='nofollow'>Schneider, S.<\/a> Methoden zur Charakterisierung elektrorheologischer Suspensionen unter besonderer Ber\u00fccksichtigung des Temperatureinflusses. Bericht aus dem Institut f\u00fcr Mechanik. Helmut-Schmidt-Universit\u00e4t &#8211; Universit\u00e4t der Bundeswehr Hamburg, 2007.<\/li>\n<li><a href=\"http:\/\/edoc.sub.uni-hamburg.de\/hsu\/volltexte\/2006\/766\/\" rel='nofollow'>Trukenm\u00fcller, K.<\/a> Stabilit\u00e4tstheorie f\u00fcr die oszillierende Rohrstr\u00f6mung. Bericht aus dem Institut f\u00fcr Mechanik. Helmut-Schmidt-Universit\u00e4t &#8211; Universit\u00e4t der Bundeswehr Hamburg, 2006.<\/li>\n<li><a href=\"http:\/\/edoc.sub.uni-hamburg.de\/hsu\/volltexte\/2005\/537\/\" rel='nofollow'>Pokriefke, G. <\/a>Numerische Analyse reibungsbehafteter Str\u00f6mungen in teilgef\u00fcllten Extrudern. Bericht aus dem Institut f\u00fcr Mechanik. Helmut-Schmidt-Universit\u00e4t &#8211; Universit\u00e4t der Bundeswehr Hamburg, 2005.<\/li>\n<li>R\u00fctten, M. Topologische Untersuchung des Wirbelplatzens zur Identifikation von Wirbelplatzparametern. Clausthal-Zellerfeld: Papierflieger Verlag, 2005.<\/li>\n<li>Andoleit, B. Eine Parallelisierungsstrategie zur numerischen Str\u00f6mungssimulation f\u00fcr Fl\u00fcssigkeiten mit Ged\u00e4chnis. Berichte aus der Str\u00f6mungstechnik. Aachen: Shaker Verlag, 2002.<\/li>\n<li>Leitner, M. Dreidimensionale Laser-Doppler-Velocimetry zur Analyse der Str\u00f6mung in statischen Mischelementen. Fortschritt-Berichte VDI, Reihe 7 (Str\u00f6mungstechnik), Nr. 420. D\u00fcsseldorf: VDI-Verlag, 2001.<\/li>\n<li>W\u00fcnsch, O. Str\u00f6mungsmechanik des laminaren Mischens. Berlin, Heidelberg: Springer-Verlag, 2001.<\/li>\n<li>Pust, O. Quantitative Visualisierung komplexer verfahrenstechnischer Str\u00f6mungsvorg\u00e4nge mit der digitalen Particle Image Velocimetry. Berichte aus der Str\u00f6mungstechnik. Aachen: Shaker Verlag, 2001.<\/li>\n<li>B\u00f6hme, G. Str\u00f6mungsmechanik nichtnewtonscher Fluide. 2., v\u00f6llig neubearbeitete und erweiterte <abbr title=\"Auflage\">Aufl.<\/abbr> Stuttgart: B. G. Teubner, 2000.<\/li>\n<li>Lund, C. Ein Verfahren zur numerischen Simulation instation\u00e4rer Str\u00f6mungen mit nichtlinear-viskosen Flie\u00dfeigenschaften. VDI-Fortschritt-Berichte, Reihe 7 (Str\u00f6mungstechnik), Nr. 344. D\u00fcsseldorf: VDI-Verlag, 1998.<\/li>\n<li>Schwarz, S. Elektrorheologische Fluide &#8211; Charakterisierung und Anwendungen. VDI-Fortschritt-Berichte, Reihe 7 (Str\u00f6mungstechnik), Nr. 331. D\u00fcsseldorf: VDI-Verlag, 1997.<\/li>\n<li>Broszeit, J. Numerische Simulation station\u00e4rer Str\u00f6mungen in Fl\u00fcssigkeiten mit Ged\u00e4chtnis. VDI-Fortschritt-Berichte, Reihe 7 (Str\u00f6mungstechnik), Nr. 271. D\u00fcsseldorf: VDI-Verlag, 1995.<\/li>\n<li>Stenger, M. Beschleunigung von Sedimentationsprozessen in strukturviskosen Fl\u00fcssigkeiten. VDI-Fortschritt-Berichte, Reihe 7 (Str\u00f6mungstechnik), Nr. 247. D\u00fcsseldorf: VDI-Verlag, 1994.<\/li>\n<li>W\u00fcnsch, O. Schwingungsinduzierte Sedimentation in viskoplastischen Fluiden. VDI-Fortschritt-Berichte, Reihe 7 (Str\u00f6mungstechnik), Nr. 240. D\u00fcsseldorf: VDI-Verlag, 1994.<\/li>\n<li>Nikolakis, D. Eine Theorie f\u00fcr station\u00e4re Drifterscheinungen viskoelastischer Fl\u00fcssigkeiten. VDI-Fortschritt-Berichte, Reihe 7 (Str\u00f6mungstechnik), Nr. 209. D\u00fcsseldorf: VDI-Verlag, 1992.<\/li>\n<li>Rubart, L. Ein Mehrgitterverfahren f\u00fcr gemischte Finite-Elemente-Systeme mit Anwendung auf nicht-newtonsche Str\u00f6mungsprobleme. Wissenschaftliche Beitr\u00e4ge aus europ\u00e4ischen Hochschulen, 11\/6. Ammersbek: Verlag an der Lottbek, 1992.<\/li>\n<li>Schultz, W. Untersuchung eines Entmischungseffekts beim R\u00fchren von kleinen Teilchen in newtonschen Fl\u00fcssigkeiten. VDI-Fortschritt-Berichte, Reihe 7 (Str\u00f6mungstechnik), Nr. 131. D\u00fcsseldorf: VDI-Verlag, 1987.<\/li>\n<li>Bruns, R. Ein Finite-Elemente-Verfahren f\u00fcr die Navier-Stokes-Gleichungen und dessen Anwendung auf Str\u00f6mungen in R\u00fchrger\u00e4ten. VDI-Fortschritt-Berichte, Reihe 7 (Str\u00f6mungstechnik), Nr. 119. D\u00fcsseldorf: VDI-Verlag, 1987.<\/li>\n<li>B\u00f6hme, G. Non-Newtonian Fluid Mechanics. North-Holland Series in Applied Mathematics and Mechancis, Vol. 31. Amsterdam: Elsevier Science Publisher, 1987.<\/li>\n<li>Friedrich, R. Theoretische Untersuchung der peristaltischen Str\u00f6mung nicht-newtonscher Fl\u00fcssigkeiten. VDI-Fortschritt-Berichte, Reihe 7 (Str\u00f6mungstechnik), Nr. 102. D\u00fcsseldorf: VDI-Verlag, 1985.<\/li>\n<li>P\u00f6pplau, J. Funktionalminimierung mit Evolutionsstrategien unter Verwendung von Finite Elemente Diskretisierungen. Schriftenreihe des Fachbereichs Maschinenbau der Hochschule der Bundeswehr Hamburg. Hamburg, 1982.<\/li>\n<li>Nonn, G. Untersuchungen bei instation\u00e4ren Rohrstr\u00f6mungen nichtlinear viskoelastischer Fl\u00fcssigkeiten. VDI-Fortschritt-Berichte, Reihe 3 (Verfahrenstechnik), Nr. 62. D\u00fcsseldorf: VDI-Verlag, 1981.<\/li>\n<li>B\u00f6hme, G.: Str\u00f6mungsmechanik nicht\u2013newtonscher Fluide, Stuttgart: B. G. Teubner, 1981. (Leitf\u00e4den der angewandten Mathematik und Mechanik, <abbr title=\"Band\">Bd.<\/abbr> 52)<\/li>\n<\/ul>\n","protected":false},"excerpt":{"rendered":"<p>Khalifa A.\u00a0 Modeling and simulation of the breakage of cohesive particle agglomerates in turbulent wall-bounded flows, Professur f\u00fcr Str\u00f6mungsmechanik, Helmut-Schmidt-Universit\u00e4t &#8211; Universit\u00e4t der Bundeswehr Hamburg, Dissertation, 2022 Reinwardt, I. Validation [&hellip;]<\/p>\n","protected":false},"author":50,"featured_media":0,"parent":0,"menu_order":0,"comment_status":"closed","ping_status":"closed","template":"","meta":{"footnotes":""},"categories":[4],"tags":[],"class_list":["post-362","page","type-page","status-publish","hentry","category-forschung"],"_links":{"self":[{"href":"https:\/\/www.hsu-hh.de\/pfs\/wp-json\/wp\/v2\/pages\/362","targetHints":{"allow":["GET"]}}],"collection":[{"href":"https:\/\/www.hsu-hh.de\/pfs\/wp-json\/wp\/v2\/pages"}],"about":[{"href":"https:\/\/www.hsu-hh.de\/pfs\/wp-json\/wp\/v2\/types\/page"}],"author":[{"embeddable":true,"href":"https:\/\/www.hsu-hh.de\/pfs\/wp-json\/wp\/v2\/users\/50"}],"replies":[{"embeddable":true,"href":"https:\/\/www.hsu-hh.de\/pfs\/wp-json\/wp\/v2\/comments?post=362"}],"version-history":[{"count":41,"href":"https:\/\/www.hsu-hh.de\/pfs\/wp-json\/wp\/v2\/pages\/362\/revisions"}],"predecessor-version":[{"id":2773,"href":"https:\/\/www.hsu-hh.de\/pfs\/wp-json\/wp\/v2\/pages\/362\/revisions\/2773"}],"wp:attachment":[{"href":"https:\/\/www.hsu-hh.de\/pfs\/wp-json\/wp\/v2\/media?parent=362"}],"wp:term":[{"taxonomy":"category","embeddable":true,"href":"https:\/\/www.hsu-hh.de\/pfs\/wp-json\/wp\/v2\/categories?post=362"},{"taxonomy":"post_tag","embeddable":true,"href":"https:\/\/www.hsu-hh.de\/pfs\/wp-json\/wp\/v2\/tags?post=362"}],"curies":[{"name":"wp","href":"https:\/\/api.w.org\/{rel}","templated":true}]}}