{"id":1721,"date":"2019-03-25T14:11:48","date_gmt":"2019-03-25T13:11:48","guid":{"rendered":"https:\/\/www.hsu-hh.de\/pfs\/?page_id=1721"},"modified":"2025-09-25T11:59:42","modified_gmt":"2025-09-25T09:59:42","slug":"numerische-stroemungsmechanik-cfd","status":"publish","type":"page","link":"https:\/\/www.hsu-hh.de\/pfs\/numerische-stroemungsmechanik-cfd","title":{"rendered":"Numerische Str\u00f6mungsmechanik (CFD)"},"content":{"rendered":"<h2><strong>Numerische Str\u00f6mungsmechanik (CFD) (2V + 1\u00dc) [MB 09433 Master]<\/strong><\/h2>\n<p align=\"justify\">Aufbauend auf den Grundlagenvorlesungen\u00a0 <strong>&#8222;Technische Str\u00f6mungslehre&#8220;<\/strong> (Bachelor, MB05431)\u00a0 und <strong>&#8222;Str\u00f6mungsmechanik&#8220; <\/strong>(Master, MB 08432) wird eine Einf\u00fchrung in Berechnungsverfahren zur\u00a0 numerischen Simulation str\u00f6mungsmechanischer Prozesse gegeben.\u00a0 Die sogenannte <strong>&#8222;Computational Fluid Dynamics (CFD)<\/strong>&#8220; hat in den letzten Jahren rasant an Bedeutung gewonnen und ist in die Forschungs- und Entwicklungsabteilungen vieler Firmen als unverzichtbares Werkzeug zur Vorhersage und zur Optimierung von Str\u00f6mungs- und W\u00e4rme\u00fcbertragungsprozessen eingezogen. In der Zwischenzeit werden auch viele kommerzielle CFD-Programme angeboten, die aber immer nur dann zuverl\u00e4ssige Ergebnisse liefern, wenn der Nutzer die Grundlagen aber auch die Grenzen der Verfahren kennt und entsprechend fachgerecht einsetzt. Das dazu ben\u00f6tigte Wissen soll in dieser Lehrveranstaltung vermittelt werden.<\/p>\n<h3>Inhalt:<\/h3>\n<ul>\n<li>Kontinuumsmechanische Grundlagen<\/li>\n<li>Finite-Differenzen-Verfahren<\/li>\n<li>Finite-Volumen-Verfahren<\/li>\n<li>Zeitschrittverfahren f\u00fcr instation\u00e4re Str\u00f6mungen<\/li>\n<li>Eigenschaften numerischer Verfahren: Konsistenz, Stabilit\u00e4t, Konvergenz<\/li>\n<li>Modellierungs-, Diskretisierungs- und L\u00f6sungsfehler<\/li>\n<li>L\u00f6sungsverfahren f\u00fcr lineare Gleichungssysteme<\/li>\n<li>L\u00f6sungsverfahren f\u00fcr die Navier-Stokes-Gleichungen inkompressibler Fluide<\/li>\n<li>Numerische Gitter und ihre Eigenschaften<\/li>\n<li>Rand- und Anfangsbedingungen<\/li>\n<li>High-Performance Computing<\/li>\n<\/ul>\n<h3>Hinweise:<\/h3>\n<p>Kombiniert mit dem Fach <strong>&#8222;Angewandte Fluiddynamik&#8220; (MB 10435)<\/strong> kann diese Lehrveranstaltung als Langfach im Master-Studiengang anerkannt werden.<\/p>\n<p><img loading=\"lazy\" decoding=\"async\" class=\"size-medium wp-image-383 alignnone\" src=\"https:\/\/www.hsu-hh.de\/pfs\/wp-content\/uploads\/sites\/564\/2017\/09\/motivation_links-300x267.jpg\" alt=\"dummy\" width=\"300\" height=\"267\" srcset=\"https:\/\/www.hsu-hh.de\/pfs\/wp-content\/uploads\/sites\/564\/2017\/09\/motivation_links-300x267.jpg 300w, https:\/\/www.hsu-hh.de\/pfs\/wp-content\/uploads\/sites\/564\/2017\/09\/motivation_links.jpg 672w\" sizes=\"auto, (max-width: 300px) 100vw, 300px\" \/><img loading=\"lazy\" decoding=\"async\" class=\"size-medium wp-image-384 alignnone\" src=\"https:\/\/www.hsu-hh.de\/pfs\/wp-content\/uploads\/sites\/564\/2017\/09\/motivaton_rechts-300x264.png\" alt=\"dummy\" width=\"300\" height=\"264\" srcset=\"https:\/\/www.hsu-hh.de\/pfs\/wp-content\/uploads\/sites\/564\/2017\/09\/motivaton_rechts-300x264.png 300w, https:\/\/www.hsu-hh.de\/pfs\/wp-content\/uploads\/sites\/564\/2017\/09\/motivaton_rechts-768x675.png 768w, https:\/\/www.hsu-hh.de\/pfs\/wp-content\/uploads\/sites\/564\/2017\/09\/motivaton_rechts-1024x900.png 1024w, https:\/\/www.hsu-hh.de\/pfs\/wp-content\/uploads\/sites\/564\/2017\/09\/motivaton_rechts.png 1200w\" sizes=\"auto, (max-width: 300px) 100vw, 300px\" \/><\/p>\n<p><strong>Unterlagen zur Lehrveranstaltung finden Sie <a href=\"https:\/\/intranet.hsu-hh.de\/go\/cat\/513\" rel='nofollow'>hier <\/a><\/strong><\/p>\n<ul>\n<li>Slides<\/li>\n<li>\u00dcbungsbl\u00e4tter<\/li>\n<li>Formelsammlung<\/li>\n<li>Klausuren<\/li>\n<\/ul>\n","protected":false},"excerpt":{"rendered":"<p>Numerische Str\u00f6mungsmechanik (CFD) (2V + 1\u00dc) [MB 09433 Master] Aufbauend auf den Grundlagenvorlesungen\u00a0 &#8222;Technische Str\u00f6mungslehre&#8220; (Bachelor, MB05431)\u00a0 und &#8222;Str\u00f6mungsmechanik&#8220; (Master, MB 08432) wird eine Einf\u00fchrung in Berechnungsverfahren zur\u00a0 numerischen Simulation [&hellip;]<\/p>\n","protected":false},"author":18,"featured_media":0,"parent":0,"menu_order":0,"comment_status":"closed","ping_status":"closed","template":"","meta":{"footnotes":""},"categories":[4],"tags":[],"class_list":["post-1721","page","type-page","status-publish","hentry","category-forschung"],"_links":{"self":[{"href":"https:\/\/www.hsu-hh.de\/pfs\/wp-json\/wp\/v2\/pages\/1721","targetHints":{"allow":["GET"]}}],"collection":[{"href":"https:\/\/www.hsu-hh.de\/pfs\/wp-json\/wp\/v2\/pages"}],"about":[{"href":"https:\/\/www.hsu-hh.de\/pfs\/wp-json\/wp\/v2\/types\/page"}],"author":[{"embeddable":true,"href":"https:\/\/www.hsu-hh.de\/pfs\/wp-json\/wp\/v2\/users\/18"}],"replies":[{"embeddable":true,"href":"https:\/\/www.hsu-hh.de\/pfs\/wp-json\/wp\/v2\/comments?post=1721"}],"version-history":[{"count":4,"href":"https:\/\/www.hsu-hh.de\/pfs\/wp-json\/wp\/v2\/pages\/1721\/revisions"}],"predecessor-version":[{"id":3280,"href":"https:\/\/www.hsu-hh.de\/pfs\/wp-json\/wp\/v2\/pages\/1721\/revisions\/3280"}],"wp:attachment":[{"href":"https:\/\/www.hsu-hh.de\/pfs\/wp-json\/wp\/v2\/media?parent=1721"}],"wp:term":[{"taxonomy":"category","embeddable":true,"href":"https:\/\/www.hsu-hh.de\/pfs\/wp-json\/wp\/v2\/categories?post=1721"},{"taxonomy":"post_tag","embeddable":true,"href":"https:\/\/www.hsu-hh.de\/pfs\/wp-json\/wp\/v2\/tags?post=1721"}],"curies":[{"name":"wp","href":"https:\/\/api.w.org\/{rel}","templated":true}]}}