{"id":1719,"date":"2019-03-25T14:11:51","date_gmt":"2019-03-25T13:11:51","guid":{"rendered":"https:\/\/www.hsu-hh.de\/pfs\/?page_id=1719"},"modified":"2025-09-25T11:58:19","modified_gmt":"2025-09-25T09:58:19","slug":"technische-stroemungslehre","status":"publish","type":"page","link":"https:\/\/www.hsu-hh.de\/pfs\/technische-stroemungslehre","title":{"rendered":"Technische Str\u00f6mungslehre"},"content":{"rendered":"<h2><strong>Technische Str\u00f6mungslehre\u00a0 (3V + 1\u00dc) [MB 05431, Pflichtfach Bachelor]<\/strong><\/h2>\n<p><a id=\"a01\" rel='nofollow'><\/a>Str\u00f6mungsvorg\u00e4nge sind in Natur und Technik gleicherma\u00dfen von erheblicher Bedeutung. Der mit ihnen verbundene Transport von Masse, Impuls und Energie pr\u00e4gt viele technische Ger\u00e4te. In der einf\u00fchrenden Lehrveranstaltung werden Grundlagen und elementare Methoden behandelt, die man zur Beschreibung, zur Analyse und zur Berechnung verschiedenartiger Str\u00f6mungsvorg\u00e4nge ben\u00f6tigt. Die vielf\u00e4ltigen Anwendungsm\u00f6glichkeiten werden anhand typischer Beispiele aufgezeigt. Im Maschinenbau sind das vor allem Umstr\u00f6mungsprobleme, insbesondere bei Luft- oder Wasserfahrzeugen, und Durchstr\u00f6mungsprobleme, <abbr title=\"zum Beispiel\">z.B.<\/abbr> in Turbinen, Rohrleitungen oder engen Spalten. Auch in vielen anderen Fachgebieten wie beispielsweise der Verfahrenstechnik und in der Akustik werden solide str\u00f6mungsmechanische Kenntnisse gebraucht.<\/p>\n<p>Die Vorlesung und die begleitenden \u00dcbungen sollen die\u00a0 Studierenden mit den wichtigsten Begriffen der technischen Str\u00f6mungslehre, deren elementaren Grundgesetzen, vereinfachenden Modellbildungen sowie deren G\u00fcltigkeitsgrenzen vertraut machen.\u00a0 Sie sollen lernen, die theoretischen Grundlagen zur L\u00f6sung konkreter Aufgaben anzuwenden und somit in die Lage versetzt werden, verschiedenartige technische Str\u00f6mungsprozesse zu analysieren und mit angemessenen Methoden zu berechnen.<\/p>\n<h3>Inhalt<\/h3>\n<ul>\n<li>Einf\u00fchrung in die Str\u00f6mungsmechanik, Physikalische Grundlagen, Kontinuumsannahme<\/li>\n<li>Str\u00f6mungskinematik, Lagrangesche und Eulersche Betrachtungsweise (Bahnlinie, Streichlinie, Stromlinie)<\/li>\n<li>Herleitung der Grundgleichungen der Str\u00f6mungsmechanik (Massen- und Impulserhaltung)<\/li>\n<li>Hydrostatik<\/li>\n<li>Hydrodynamik (Bernoulli-Gleichung)<\/li>\n<li>Integralform der Grundgleichungen der Str\u00f6mungsmechanik<\/li>\n<li>Massen- und Impulsbilanz<\/li>\n<li>\u00c4hnlichkeitstheorie \/ Dimensionsanalyse<\/li>\n<li>Schichtenstr\u00f6mungen z\u00e4her Fluide<\/li>\n<li>Str\u00f6mungen kleiner Reynolds-Zahlen (schleichende Str\u00f6mungen)<\/li>\n<\/ul>\n<p><img loading=\"lazy\" decoding=\"async\" class=\" wp-image-784 alignnone\" src=\"https:\/\/www.hsu-hh.de\/pfs\/wp-content\/uploads\/sites\/564\/2017\/10\/pressure_vortex_structures_unsteady_flow_new-300x183.jpg\" alt=\"pressure\" width=\"420\" height=\"256\" srcset=\"https:\/\/www.hsu-hh.de\/pfs\/wp-content\/uploads\/sites\/564\/2017\/10\/pressure_vortex_structures_unsteady_flow_new-300x183.jpg 300w, https:\/\/www.hsu-hh.de\/pfs\/wp-content\/uploads\/sites\/564\/2017\/10\/pressure_vortex_structures_unsteady_flow_new.jpg 648w\" sizes=\"auto, (max-width: 420px) 100vw, 420px\" \/><img loading=\"lazy\" decoding=\"async\" class=\"alignright wp-image-786\" src=\"https:\/\/www.hsu-hh.de\/pfs\/wp-content\/uploads\/sites\/564\/2017\/10\/cylind-300-300x211.jpg\" alt=\"cylind-300\" width=\"417\" height=\"293\" srcset=\"https:\/\/www.hsu-hh.de\/pfs\/wp-content\/uploads\/sites\/564\/2017\/10\/cylind-300-300x211.jpg 300w, https:\/\/www.hsu-hh.de\/pfs\/wp-content\/uploads\/sites\/564\/2017\/10\/cylind-300-768x540.jpg 768w, https:\/\/www.hsu-hh.de\/pfs\/wp-content\/uploads\/sites\/564\/2017\/10\/cylind-300-1024x719.jpg 1024w, https:\/\/www.hsu-hh.de\/pfs\/wp-content\/uploads\/sites\/564\/2017\/10\/cylind-300.jpg 1600w\" sizes=\"auto, (max-width: 417px) 100vw, 417px\" \/><\/p>\n<h3><\/h3>\n<h3>Hinweis:<\/h3>\n<p>Auf dieser Vorlesung baut im Master-Studiengang die Lehrveranstaltung &#8222;STR\u00d6MUNGSMECHANIK&#8220; (MB 08432) auf, die einen vertieften Einblick in die Thematik bietet und sich <abbr title=\"unter anderem\">u.a.<\/abbr> mit den vollst\u00e4ndigen Erhaltungsgleichungen f\u00fcr Masse, Impuls und Energie (Navier-Stokes-Gleichungen) sowie vereinfachten Formen und deren L\u00f6sung auseinandersetzt.<\/p>\n<p><strong>Unterlagen zur Lehrveranstaltung finden Sie <a href=\"https:\/\/intranet.hsu-hh.de\/go\/cat\/513\" rel='nofollow'>hier <\/a><\/strong><\/p>\n<ul>\n<li>Slides<\/li>\n<li>\u00dcbungsbl\u00e4tter<\/li>\n<li>Formelsammlung<\/li>\n<li>Klausuren<\/li>\n<\/ul>\n","protected":false},"excerpt":{"rendered":"<p>Technische Str\u00f6mungslehre\u00a0 (3V + 1\u00dc) [MB 05431, Pflichtfach Bachelor] Str\u00f6mungsvorg\u00e4nge sind in Natur und Technik gleicherma\u00dfen von erheblicher Bedeutung. Der mit ihnen verbundene Transport von Masse, Impuls und Energie pr\u00e4gt [&hellip;]<\/p>\n","protected":false},"author":18,"featured_media":0,"parent":0,"menu_order":0,"comment_status":"closed","ping_status":"closed","template":"","meta":{"footnotes":""},"categories":[4],"tags":[],"class_list":["post-1719","page","type-page","status-publish","hentry","category-forschung"],"_links":{"self":[{"href":"https:\/\/www.hsu-hh.de\/pfs\/wp-json\/wp\/v2\/pages\/1719","targetHints":{"allow":["GET"]}}],"collection":[{"href":"https:\/\/www.hsu-hh.de\/pfs\/wp-json\/wp\/v2\/pages"}],"about":[{"href":"https:\/\/www.hsu-hh.de\/pfs\/wp-json\/wp\/v2\/types\/page"}],"author":[{"embeddable":true,"href":"https:\/\/www.hsu-hh.de\/pfs\/wp-json\/wp\/v2\/users\/18"}],"replies":[{"embeddable":true,"href":"https:\/\/www.hsu-hh.de\/pfs\/wp-json\/wp\/v2\/comments?post=1719"}],"version-history":[{"count":10,"href":"https:\/\/www.hsu-hh.de\/pfs\/wp-json\/wp\/v2\/pages\/1719\/revisions"}],"predecessor-version":[{"id":3278,"href":"https:\/\/www.hsu-hh.de\/pfs\/wp-json\/wp\/v2\/pages\/1719\/revisions\/3278"}],"wp:attachment":[{"href":"https:\/\/www.hsu-hh.de\/pfs\/wp-json\/wp\/v2\/media?parent=1719"}],"wp:term":[{"taxonomy":"category","embeddable":true,"href":"https:\/\/www.hsu-hh.de\/pfs\/wp-json\/wp\/v2\/categories?post=1719"},{"taxonomy":"post_tag","embeddable":true,"href":"https:\/\/www.hsu-hh.de\/pfs\/wp-json\/wp\/v2\/tags?post=1719"}],"curies":[{"name":"wp","href":"https:\/\/api.w.org\/{rel}","templated":true}]}}