{"id":1046,"date":"2017-10-13T09:36:36","date_gmt":"2017-10-13T07:36:36","guid":{"rendered":"https:\/\/www.hsu-hh.de\/pfs\/?page_id=1046"},"modified":"2017-11-21T09:19:32","modified_gmt":"2017-11-21T08:19:32","slug":"windkanal","status":"publish","type":"page","link":"https:\/\/www.hsu-hh.de\/pfs\/ausstattung\/windkanal","title":{"rendered":"Windkanal"},"content":{"rendered":"<p><strong>Windkanal G\u00f6ttinger Bauart mit offener Messstrecke<\/strong><\/p>\n<p>&nbsp;<\/p>\n<table border=\"1\" cellspacing=\"1\" cellpadding=\"1\">\n<tbody>\n<tr>\n<td>Messquerschnitt<\/td>\n<td>375 mm x 500 mm<\/td>\n<\/tr>\n<tr>\n<td>L\u00e4nge der Messstrecke<\/td>\n<td>780 mm<\/td>\n<\/tr>\n<tr>\n<td>D\u00fcsenkontraktion<\/td>\n<td>5:1<\/td>\n<\/tr>\n<tr>\n<td>Maximalgeschwindigkeit<\/td>\n<td>28 m\/s<\/td>\n<\/tr>\n<tr>\n<td>Ventilator-Nennleistung<\/td>\n<td>3.1 kW<\/td>\n<\/tr>\n<tr>\n<td>Auslegung<\/td>\n<td>Fluidyn Beratende Ingenieure<\/p>\n<p><abbr title=\"Doktor der Ingenieurwissenschaften\">Dr.-Ing.<\/abbr> Reiner M\u00fcller<\/p>\n<p>Dipl-<abbr title=\"Ingenieur\">Ing.<\/abbr> Hermann Lienhart<\/td>\n<\/tr>\n<tr>\n<td>Konstruktion und Planung<\/td>\n<td><abbr title=\"Diplom-Ingenieur\">Dipl.-Ing.<\/abbr> (FH) W. Warnecke<\/p>\n<p>PfS, HSU Hamburg<\/td>\n<\/tr>\n<tr>\n<td>Baujahr<\/td>\n<td>2013<\/td>\n<\/tr>\n<\/tbody>\n<\/table>\n<p>&nbsp;<\/p>\n<figure id=\"attachment_1023\" aria-describedby=\"caption-attachment-1023\" style=\"width: 1068px\" class=\"wp-caption alignright\"><img loading=\"lazy\" decoding=\"async\" class=\"size-full wp-image-1023\" src=\"https:\/\/www.hsu-hh.de\/pfs\/wp-content\/uploads\/sites\/564\/2017\/10\/lo.jpg\" alt=\"winkanal\" width=\"1068\" height=\"840\" srcset=\"https:\/\/www.hsu-hh.de\/pfs\/wp-content\/uploads\/sites\/564\/2017\/10\/lo.jpg 1068w, https:\/\/www.hsu-hh.de\/pfs\/wp-content\/uploads\/sites\/564\/2017\/10\/lo-300x236.jpg 300w, https:\/\/www.hsu-hh.de\/pfs\/wp-content\/uploads\/sites\/564\/2017\/10\/lo-768x604.jpg 768w, https:\/\/www.hsu-hh.de\/pfs\/wp-content\/uploads\/sites\/564\/2017\/10\/lo-1024x805.jpg 1024w\" sizes=\"auto, (max-width: 1068px) 100vw, 1068px\" \/><figcaption id=\"caption-attachment-1023\" class=\"wp-caption-text\">Zeichnung Windkanal<\/figcaption><\/figure>\n<figure id=\"attachment_1115\" aria-describedby=\"caption-attachment-1115\" style=\"width: 1600px\" class=\"wp-caption alignright\"><img loading=\"lazy\" decoding=\"async\" class=\"size-full wp-image-1115\" src=\"https:\/\/www.hsu-hh.de\/pfs\/wp-content\/uploads\/sites\/564\/2017\/11\/Windkanal_Totale.jpg\" alt=\"Windkanal\" width=\"1600\" height=\"1066\" srcset=\"https:\/\/www.hsu-hh.de\/pfs\/wp-content\/uploads\/sites\/564\/2017\/11\/Windkanal_Totale.jpg 1600w, https:\/\/www.hsu-hh.de\/pfs\/wp-content\/uploads\/sites\/564\/2017\/11\/Windkanal_Totale-300x200.jpg 300w, https:\/\/www.hsu-hh.de\/pfs\/wp-content\/uploads\/sites\/564\/2017\/11\/Windkanal_Totale-768x512.jpg 768w, https:\/\/www.hsu-hh.de\/pfs\/wp-content\/uploads\/sites\/564\/2017\/11\/Windkanal_Totale-1024x682.jpg 1024w\" sizes=\"auto, (max-width: 1600px) 100vw, 1600px\" \/><figcaption id=\"caption-attachment-1115\" class=\"wp-caption-text\">Windkanal<\/figcaption><\/figure>\n<figure id=\"attachment_1118\" aria-describedby=\"caption-attachment-1118\" style=\"width: 1600px\" class=\"wp-caption alignright\"><img loading=\"lazy\" decoding=\"async\" class=\"size-full wp-image-1118\" src=\"https:\/\/www.hsu-hh.de\/pfs\/wp-content\/uploads\/sites\/564\/2017\/11\/Windkanal_Messstrecke.jpg\" alt=\"Windkanal_Messstrecke\" width=\"1600\" height=\"1066\" srcset=\"https:\/\/www.hsu-hh.de\/pfs\/wp-content\/uploads\/sites\/564\/2017\/11\/Windkanal_Messstrecke.jpg 1600w, https:\/\/www.hsu-hh.de\/pfs\/wp-content\/uploads\/sites\/564\/2017\/11\/Windkanal_Messstrecke-300x200.jpg 300w, https:\/\/www.hsu-hh.de\/pfs\/wp-content\/uploads\/sites\/564\/2017\/11\/Windkanal_Messstrecke-768x512.jpg 768w, https:\/\/www.hsu-hh.de\/pfs\/wp-content\/uploads\/sites\/564\/2017\/11\/Windkanal_Messstrecke-1024x682.jpg 1024w\" sizes=\"auto, (max-width: 1600px) 100vw, 1600px\" \/><figcaption id=\"caption-attachment-1118\" class=\"wp-caption-text\">Windkanal_Messstrecke<\/figcaption><\/figure>\n<figure id=\"attachment_1120\" aria-describedby=\"caption-attachment-1120\" style=\"width: 1600px\" class=\"wp-caption alignright\"><img loading=\"lazy\" decoding=\"async\" class=\"size-full wp-image-1120\" src=\"https:\/\/www.hsu-hh.de\/pfs\/wp-content\/uploads\/sites\/564\/2017\/11\/Windkanal_Duese.jpg\" alt=\"Windkanal_Duese\" width=\"1600\" height=\"1127\" srcset=\"https:\/\/www.hsu-hh.de\/pfs\/wp-content\/uploads\/sites\/564\/2017\/11\/Windkanal_Duese.jpg 1600w, https:\/\/www.hsu-hh.de\/pfs\/wp-content\/uploads\/sites\/564\/2017\/11\/Windkanal_Duese-300x211.jpg 300w, https:\/\/www.hsu-hh.de\/pfs\/wp-content\/uploads\/sites\/564\/2017\/11\/Windkanal_Duese-768x541.jpg 768w, https:\/\/www.hsu-hh.de\/pfs\/wp-content\/uploads\/sites\/564\/2017\/11\/Windkanal_Duese-1024x721.jpg 1024w\" sizes=\"auto, (max-width: 1600px) 100vw, 1600px\" \/><figcaption id=\"caption-attachment-1120\" class=\"wp-caption-text\">Windkanal_Duese<\/figcaption><\/figure>\n<figure id=\"attachment_1121\" aria-describedby=\"caption-attachment-1121\" style=\"width: 1600px\" class=\"wp-caption alignright\"><img loading=\"lazy\" decoding=\"async\" class=\"size-full wp-image-1121\" src=\"https:\/\/www.hsu-hh.de\/pfs\/wp-content\/uploads\/sites\/564\/2017\/11\/Windkanal_Auffang.jpg\" alt=\"Windkanal Auffang\" width=\"1600\" height=\"1066\" srcset=\"https:\/\/www.hsu-hh.de\/pfs\/wp-content\/uploads\/sites\/564\/2017\/11\/Windkanal_Auffang.jpg 1600w, https:\/\/www.hsu-hh.de\/pfs\/wp-content\/uploads\/sites\/564\/2017\/11\/Windkanal_Auffang-300x200.jpg 300w, https:\/\/www.hsu-hh.de\/pfs\/wp-content\/uploads\/sites\/564\/2017\/11\/Windkanal_Auffang-768x512.jpg 768w, https:\/\/www.hsu-hh.de\/pfs\/wp-content\/uploads\/sites\/564\/2017\/11\/Windkanal_Auffang-1024x682.jpg 1024w\" sizes=\"auto, (max-width: 1600px) 100vw, 1600px\" \/><figcaption id=\"caption-attachment-1121\" class=\"wp-caption-text\">Windkanal Auffang<\/figcaption><\/figure>\n<p>&nbsp;<\/p>\n<p>&nbsp;<\/p>\n","protected":false},"excerpt":{"rendered":"<p>Windkanal G\u00f6ttinger Bauart mit offener Messstrecke &nbsp; Messquerschnitt 375 mm x 500 mm L\u00e4nge der Messstrecke 780 mm D\u00fcsenkontraktion 5:1 Maximalgeschwindigkeit 28 m\/s Ventilator-Nennleistung 3.1 kW Auslegung Fluidyn Beratende Ingenieure [&hellip;]<\/p>\n","protected":false},"author":50,"featured_media":0,"parent":1035,"menu_order":0,"comment_status":"closed","ping_status":"closed","template":"","meta":{"footnotes":""},"categories":[],"tags":[],"class_list":["post-1046","page","type-page","status-publish","hentry"],"_links":{"self":[{"href":"https:\/\/www.hsu-hh.de\/pfs\/wp-json\/wp\/v2\/pages\/1046","targetHints":{"allow":["GET"]}}],"collection":[{"href":"https:\/\/www.hsu-hh.de\/pfs\/wp-json\/wp\/v2\/pages"}],"about":[{"href":"https:\/\/www.hsu-hh.de\/pfs\/wp-json\/wp\/v2\/types\/page"}],"author":[{"embeddable":true,"href":"https:\/\/www.hsu-hh.de\/pfs\/wp-json\/wp\/v2\/users\/50"}],"replies":[{"embeddable":true,"href":"https:\/\/www.hsu-hh.de\/pfs\/wp-json\/wp\/v2\/comments?post=1046"}],"version-history":[{"count":7,"href":"https:\/\/www.hsu-hh.de\/pfs\/wp-json\/wp\/v2\/pages\/1046\/revisions"}],"predecessor-version":[{"id":1122,"href":"https:\/\/www.hsu-hh.de\/pfs\/wp-json\/wp\/v2\/pages\/1046\/revisions\/1122"}],"up":[{"embeddable":true,"href":"https:\/\/www.hsu-hh.de\/pfs\/wp-json\/wp\/v2\/pages\/1035"}],"wp:attachment":[{"href":"https:\/\/www.hsu-hh.de\/pfs\/wp-json\/wp\/v2\/media?parent=1046"}],"wp:term":[{"taxonomy":"category","embeddable":true,"href":"https:\/\/www.hsu-hh.de\/pfs\/wp-json\/wp\/v2\/categories?post=1046"},{"taxonomy":"post_tag","embeddable":true,"href":"https:\/\/www.hsu-hh.de\/pfs\/wp-json\/wp\/v2\/tags?post=1046"}],"curies":[{"name":"wp","href":"https:\/\/api.w.org\/{rel}","templated":true}]}}