{"id":263,"date":"2021-03-23T13:16:49","date_gmt":"2021-03-23T12:16:49","guid":{"rendered":"https:\/\/www.hsu-hh.de\/paehis\/?page_id=263"},"modified":"2024-05-24T08:49:42","modified_gmt":"2024-05-24T06:49:42","slug":"prof-dr-carola-groppe","status":"publish","type":"page","link":"https:\/\/www.hsu-hh.de\/paehis\/prof-dr-carola-groppe\/","title":{"rendered":"Prof. Dr. Carola Groppe"},"content":{"rendered":"\n<p>Sprechzeit: Sprechstunden im <abbr title=\"Herbsttrimester\">HT<\/abbr> 21: Immer mittwochs, 13.00 &#8211; 14.00 Uhr, im MS Teams Raum &#8222;Sprechstunde&#8220;, nach vorheriger Termin- und Zeitabsprache per Mail&nbsp;<\/p>\n\n\n<script type=\"application\/ld+json\">[{\"@context\": \"https:\/\/www.schema.org\",\"@type\": \"Person\",\"name\": \"   \",\"worksFor\": [{\t\"@type\": \"Organization\",\t\"name\": \"Helmut-Schmidt-Universit\u00e4t\",\t\"url\": \"https:\/\/www.hsu-hh.de\"}],\"image\": \"https:\/\/www.hsu-hh.de\/paehis\/wp-content\/uploads\/sites\/852\/2021\/04\/Foto-Groppe-150x150.jpg\",\"telephone\": \"+49406541-2854\",\"faxNumber\": \"\",\"email\": \"groppe@hsu-hh.de\"}]<\/script><div class=\"clearfix\"><\/div><div class=\"ansprechparter-container \" style=\"margin-top:1em; \"><div class=\"row ansprechpartner-item ansprechparter-header\" ><div class=\"col-xs-8 col-lg-12\" style=\"margin-bottom: 30px;\"><h3 class=\"ansprechparter-headline\">   <\/h3><\/div><\/div><div class=\"col-md-4 col-lg-3 col-xs-4 ansprechpartner-item floatright img-circle center-block\" style=\"margin-bottom: 30px;\"><div class=\"img-responsive-wrapper\"><img decoding=\"async\" src=\"https:\/\/www.hsu-hh.de\/paehis\/wp-content\/uploads\/sites\/852\/2021\/04\/Foto-Groppe-150x150.jpg\" alt=\"Profilbild Carola Groppe\" class=\"img-circle img-responsive center-block\" \/><\/div><\/div><div class=\"col-md-12 col-lg-3 col-xs-12 ansprechpartner-item kontakt floatright\" style=\"margin-bottom: 30px; \"><div class=\"row\"><div class=\"col-xs-12 col-sm-6 col-lg-12\"><div class=\"row\"><div class=\"col-xs-4 col-lg-4 row-text bold\" >Raum:<\/div><div class=\" row-text\">Geb\u00e4ude H4 \/ 113<\/div><\/div><\/div><div class=\"col-xs-12 col-sm-6 col-lg-12\"><div class=\"row\"><div class=\"col-xs-4 col-lg-4 row-text bold\">Telefon:<\/div><div class=\" row-text\">+49406541-2854<\/div><\/div><\/div><div class=\"col-xs-12 col-sm-6 col-lg-12\"><div class=\"row\"><div class=\"col-xs-4 col-lg-4 row-text bold\">E-Mail:<\/div><div class=\"row-text\" style=\"overflow:hidden; word-break: break-word\"><a href=\"mailto:groppe@hsu-hh.de\" rel=\"nofollow\">groppe@hsu-hh.de<\/a><\/div><\/div><\/div><\/div><\/div><div class=\"col-md-6 col-lg-3 col-xs-12 ansprechpartner-item anschrift floatright\" ><div class=\"row-headline\">Besucheranschrift<\/div><div class=\"dataBesucheranschrift\" style=\"\"><div class=\"row-text\">Helmut-Schmidt-Universit\u00e4t<\/div><div class=\"row-text\">Geb\u00e4ude H04<\/div><div class=\"row-text\">Holstenhofweg 85<\/div><div class=\"row-text\">22043 Hamburg<\/div><\/div><\/div><div class=\"col-md-6 col-lg-3 col-xs-12 ansprechpartner-item anschrift floatright\"><div class=\"row-headline\">Postanschrift<\/div><div class=\"dataPostanschrift\" style=\"\"><div class=\"row-text\">Helmut-Schmidt-Universit\u00e4t<\/div><div class=\"row-text\">Postfach 70 08 22<\/div><div class=\"row-text\">22008 Hamburg<\/div><\/div><\/div><\/div><div class=\"clearfix\"><\/div>\n\n\n<h4 class=\"wp-block-heading\">Kurzvita<\/h4>\n\n\n\n<p>Geboren und aufgewachsen in Essen<\/p>\n\n\n\n<p><strong>1983-1991:<\/strong> Studium der Geschichte, Germanistik und Erziehungswissenschaft an der Ruhr-Universit\u00e4t Bochum<\/p>\n\n\n\n<p><strong>1991-1997: <\/strong>Wissenschaftliche Mitarbeiterin an der Ruhr-Universit\u00e4t Bochum (Lehrstuhl \u201eSozialgeschichte der Erziehung und des Bildungswesens\u201c, <abbr title=\"Professor\">Prof.<\/abbr> <abbr title=\"Doktor\">Dr.<\/abbr> Detlef K. M\u00fcller, Institut f\u00fcr P\u00e4dagogik sowie \u201eReformmodell zur Neustrukturierung des Magisterstudiums\u201c)<\/p>\n\n\n\n<p><strong>1996:<\/strong> Promotion an der Fakult\u00e4t f\u00fcr Philosophie, P\u00e4dagogik und Publizistik der Ruhr-Universit\u00e4t Bochum. Publikation der Dissertation mit dem Titel &#8222;Die Macht der Bildung. Das deutsche B\u00fcrgertum und der George-Kreis 1890-1933&#8220; (B\u00f6hlau-Verlag K\u00f6ln, Weimar, Wien 1997)<\/p>\n\n\n\n<p><strong>2002:<\/strong> Habilitation an der Fakult\u00e4t f\u00fcr Philosophie, P\u00e4dagogik und Publizistik der Ruhr-Universit\u00e4t Bochum, Habilitationsschrift publiziert mit dem Titel &#8222;Der Geist des Unternehmertums. Eine Bildungs- und Sozialgeschichte. Die Seidenfabrikantenfamilie Colsman 1649-1814&#8220; (B\u00f6hlau-Verlag K\u00f6ln, Weimar, Wien 2004)<\/p>\n\n\n\n<p><strong>Mai 2005-September 2006:<\/strong> Professorin f\u00fcr \u201eAllgemeine Erziehungswissenschaft mit dem Schwerpunkt Historische Bildungsforschung\u201c an der Universit\u00e4t Dortmund<\/p>\n\n\n\n<p><strong>Seit Oktober 2006: <\/strong>Professorin f\u00fcr \u201eErziehungswissenschaft, insbesondere Historische Bildungsforschung\u201c an der Helmut-Schmidt-Universit\u00e4t\/ Universit\u00e4t der Bundeswehr Hamburg<\/p>\n\n\n\n<p><strong>2013: <\/strong>Ruf (Listenplatz 1) an die Westf\u00e4lische Wilhelms-Universit\u00e4t M\u00fcnster (Ruf abgelehnt)<\/p>\n\n\n\n<p><strong>2016: <\/strong>Dreimonatige Gastprofessur an der Stanford University, Kalifornien, USA im Department of German Studies<\/p>\n\n\n\n<p><strong>Januar 2021-Januar 2023:<\/strong> Dekanin der Fakult\u00e4t f\u00fcr Geistes- und Sozialwissenschaften der Helmut-Schmidt-Universit\u00e4t<\/p>\n\n\n\n<h4 class=\"wp-block-heading\">Publikationen<\/h4>\n\n\n\n<p><\/p>\n\n\n\n<div class=\"wp-block-hsu-publicationblock\"><div class=\"img-area download-image\"><img decoding=\"async\" src=\"\/wp-content\/themes\/hsu\/img\/dummy\/downloads_dummy.png\" alt=\"Publikation Symbol-Icon\" \/><\/div><div class=\"content-area\"><a href=\"https:\/\/www.hsu-hh.de\/paehis\/wp-content\/uploads\/sites\/852\/2024\/05\/Publikationen_Mai-2024.pdf\">Publikationen<\/a><\/div><\/div>\n\n\n\n<h4 class=\"wp-block-heading\">Mitgliedschaften<\/h4>\n\n\n\n<ul class=\"wp-block-list\">\n<li><strong>seit 1997<\/strong> Mitglied der&nbsp;<a rel=\"noreferrer noopener\" href=\"http:\/\/www.stefan-george-gesellschaft.de\/\" target=\"_blank\">Stefan-George-Gesellschaft<\/a><\/li>\n\n\n\n<li><strong>seit 1999 <\/strong>Mitglied in der Sektion&nbsp;Historische Bildungsforschung&nbsp;und der Sektion&nbsp;<a rel=\"noreferrer noopener\" href=\"http:\/\/www.dgfe.de\/sektionen-kommissionen\/sektion-2-allgemeine-erziehungswissenschaft.html\" target=\"_blank\">Allgemeine Erziehungswissenschaft<\/a>&nbsp;der&nbsp;<a rel=\"noreferrer noopener\" href=\"http:\/\/www.dgfe.de\/\" target=\"_blank\">DGfE<\/a><\/li>\n\n\n\n<li><strong>seit 2010<\/strong> Mitglied des wissenschaftlichen Stiftungsrats der&nbsp;<a rel=\"noreferrer noopener\" href=\"http:\/\/www.wlb-stuttgart.de\/sammlungen\/stefan-george-archiv\/stefan-george-stiftung\/\" target=\"_blank\">Stefan-George-Stiftung<\/a><\/li>\n\n\n\n<li><strong>September 2011-September 2015<\/strong> stellvertretende Vorsitzende der Sektion&nbsp;<a rel=\"noreferrer noopener\" href=\"http:\/\/bbf.dipf.de\/hk\/\" target=\"_blank\">Historische Bildungsforschung<\/a>&nbsp;in der&nbsp;<a rel=\"noreferrer noopener\" href=\"http:\/\/www.dgfe.de\/\" target=\"_blank\">DGfE<\/a><\/li>\n<\/ul>\n\n\n\n<h4 class=\"wp-block-heading\">T\u00e4tigkeit in wissenschaftlichen Organisationen (Auswahl)<\/h4>\n\n\n\n<ul class=\"wp-block-list\">\n<li><strong>seit Januar 2004:<\/strong> Sprecherin des Arbeitskreises Historische Familienforschung (gem. mit&nbsp;<abbr title=\"Professor\">Prof.<\/abbr>&nbsp;<abbr title=\"Doktor\">Dr.<\/abbr>&nbsp;Jutta Ecarius, Universit\u00e4t Gie\u00dfen, und&nbsp;<abbr title=\"Doktor\">Dr.<\/abbr>&nbsp;Hans Malmede, Universit\u00e4t D\u00fcsseldorf; seit 2015 gemeinsam mit&nbsp;<abbr title=\"Professor\">Prof.<\/abbr>&nbsp;<abbr title=\"Doktor\">Dr.<\/abbr>&nbsp;Meike Baader, Universit\u00e4t Hildesheim)<\/li>\n\n\n\n<li><strong>2006-2011:<\/strong> Redakteurin des Jahrbuchs f\u00fcr Historische Bildungsforschung der Sektion Historische Bildungsforschung in der DGfE (Jahrb\u00fccher 2006, 2007, 2008, 2009, 2010). <\/li>\n\n\n\n<li><strong>Juli 2006-September 2006:<\/strong> Mitglied der Bundesjury des Geschichtswettbewerbs des Bundespr\u00e4sidenten, durchgef\u00fchrt von der K\u00f6rber-Stiftung Hamburg, zum Thema \u201emiteinander &#8211; gegeneinander? Jung und Alt in der Geschichte\u201c<\/li>\n\n\n\n<li><strong>Januar 2007-Dezember 2007:<\/strong> Mentorin im ProFiL-Programm (Professionalisierung f\u00fcr Frauen in Forschung und Lehre) der drei Berliner Universit\u00e4ten (HU Berlin, FU Berlin, <abbr title=\"Technische Universit\u00e4t\">TU<\/abbr> Berlin) <\/li>\n\n\n\n<li><strong>seit 2011:<\/strong> Mitglied im Herausgebergremium des <a href=\"https:\/\/www.klinkhardt.de\/verlagsprogramm\/geschichte-der-paedagogik-und-schulpaedagogik\/jahrbuch-fuer-historische-bildungsforschung\/\" rel='nofollow'>Jahrbuchs f\u00fcr Historische Bildungsforschung<\/a> der Sektion Historische Bildungsforschung<\/li>\n<\/ul>\n\n\n\n<h4 class=\"wp-block-heading\" id=\"parent-fieldname-title\">Forschungsprojekte<\/h4>\n\n\n\n<h5 class=\"wp-block-heading\"><a href=\"https:\/\/www.hsu-hh.de\/paehis\/aktuelle-projekte\/\" data-type=\"URL\" data-id=\"https:\/\/www.hsu-hh.de\/paehis\/aktuelle-projekte\/\">Aktuelle Projekte<\/a><\/h5>\n\n\n\n<ul class=\"wp-block-list\">\n<li>Sch\u00fclerpensionen und Sch\u00fclerverbindungen im 19. und fr\u00fchen 20. Jahrhundert<\/li>\n\n\n\n<li>Die Preu\u00dfischen Reformer &#8211; eine kollektive Bildungsgeschichte zwischen 1750 und 1820<\/li>\n<\/ul>\n\n\n\n<h5 class=\"wp-block-heading\"><a href=\"https:\/\/www.hsu-hh.de\/paehis\/abgeschlossene-projekte\/\" data-type=\"URL\" data-id=\"https:\/\/www.hsu-hh.de\/paehis\/abgeschlossene-projekte\/\"> K\u00fcrzlich abgeschlossene Projekte<\/a><\/h5>\n\n\n\n<ul class=\"wp-block-list\">\n<li>Im deutschen Kaiserreich. Eine Bildungsgeschichte des B\u00fcrgertums von 1871 bis 1918.&nbsp;&nbsp;Projekt im November 2018 abgeschlossen. Laufzeit: Jan. 2013 &#8211; Oktober 2018<\/li>\n\n\n\n<li>Carola Groppe und Ute Oelmann (Stefan George Archiv in der W\u00fcrttembergischen Landesbibliothek Stuttgart): Stefan George \u2013 Ernst Morwitz. Wissenschaftliche Edition, Einleitung und Kommentierung des Briefwechsels zwischen 1905\u20131933. Bearbeitung im Auftrag der Stefan George Stiftung; Kooperationsprojekt mit der New York Public Library. Laufzeit: Januar 2016 bis November 2020. Briefband erschienen 2020 bei de Gruyter 2020 (628 S.).<\/li>\n<\/ul>\n\n\n\n<h4 class=\"wp-block-heading\"><\/h4>\n\n\n\n<p><\/p>\n","protected":false},"excerpt":{"rendered":"<p>Sprechzeit: Sprechstunden im HT 21: Immer mittwochs, 13.00 &#8211; 14.00 Uhr, im MS Teams Raum &#8222;Sprechstunde&#8220;, nach vorheriger Termin- und Zeitabsprache per Mail&nbsp; Kurzvita Geboren und aufgewachsen in Essen 1983-1991: [&hellip;]<\/p>\n","protected":false},"author":693,"featured_media":0,"parent":0,"menu_order":0,"comment_status":"closed","ping_status":"closed","template":"","meta":{"footnotes":""},"categories":[4],"tags":[],"class_list":["post-263","page","type-page","status-publish","hentry","category-forschung"],"_links":{"self":[{"href":"https:\/\/www.hsu-hh.de\/paehis\/wp-json\/wp\/v2\/pages\/263","targetHints":{"allow":["GET"]}}],"collection":[{"href":"https:\/\/www.hsu-hh.de\/paehis\/wp-json\/wp\/v2\/pages"}],"about":[{"href":"https:\/\/www.hsu-hh.de\/paehis\/wp-json\/wp\/v2\/types\/page"}],"author":[{"embeddable":true,"href":"https:\/\/www.hsu-hh.de\/paehis\/wp-json\/wp\/v2\/users\/693"}],"replies":[{"embeddable":true,"href":"https:\/\/www.hsu-hh.de\/paehis\/wp-json\/wp\/v2\/comments?post=263"}],"version-history":[{"count":66,"href":"https:\/\/www.hsu-hh.de\/paehis\/wp-json\/wp\/v2\/pages\/263\/revisions"}],"predecessor-version":[{"id":1279,"href":"https:\/\/www.hsu-hh.de\/paehis\/wp-json\/wp\/v2\/pages\/263\/revisions\/1279"}],"wp:attachment":[{"href":"https:\/\/www.hsu-hh.de\/paehis\/wp-json\/wp\/v2\/media?parent=263"}],"wp:term":[{"taxonomy":"category","embeddable":true,"href":"https:\/\/www.hsu-hh.de\/paehis\/wp-json\/wp\/v2\/categories?post=263"},{"taxonomy":"post_tag","embeddable":true,"href":"https:\/\/www.hsu-hh.de\/paehis\/wp-json\/wp\/v2\/tags?post=263"}],"curies":[{"name":"wp","href":"https:\/\/api.w.org\/{rel}","templated":true}]}}