{"id":247,"date":"2021-02-23T14:37:57","date_gmt":"2021-02-23T13:37:57","guid":{"rendered":"https:\/\/www.hsu-hh.de\/paehis\/?page_id=247"},"modified":"2021-08-14T16:48:21","modified_gmt":"2021-08-14T14:48:21","slug":"arbeitskreis-historische-familienforschung","status":"publish","type":"page","link":"https:\/\/www.hsu-hh.de\/paehis\/arbeitskreis-historische-familienforschung\/","title":{"rendered":"Arbeitskreis Historische Familienforschung"},"content":{"rendered":"\n<h2 class=\"wp-block-heading\">Arbeitskreis Historische Familienforschung<\/h2>\n\n\n\n<p>Der 2003 gegr\u00fcndete Arbeitskreis &#8222;Historische Familienforschung (AHFF)&#8220; macht es sich zur Aufgabe, Forschung zur Familie unter bildungshistorischem Aspekt sowohl zu b\u00fcndeln als auch anzuregen. Das umfasst historische Familienforschung und historische Sozialisationsforschung in realhistorischem und ideengeschichtlichem Zuschnitt. In den historischen Blick genommen werden die politische, \u00f6konomische, soziale und kulturelle Lage von &#8222;Familie&#8220; als gesellschaftliche Instanz von Erziehung, Bildung und Sozialisation. Erforscht werden dar\u00fcber hinaus historische familiale Sozialisationsprozesse sowie historische Diskurse und Debatten \u00fcber Familie.<\/p>\n\n\n\n<p>Der Arbeitskreis ist interdisziplin\u00e4r offen.<br>Arbeitsformen: Der Arbeitskreis trifft sich j\u00e4hrlich (am letzten Januarwochenende) zu einem Arbeitstreffen. In gr\u00f6\u00dferen Abst\u00e4nden findet das Arbeitstreffen als gr\u00f6\u00dfere Fach- bzw. Forschungstagung statt.<\/p>\n\n\n\n<p>Mitglied im Arbeitskreis k\u00f6nnen alle einschl\u00e4gig forschenden Wissenschaftlerinnen und Wissenschaftler werden. \u00dcber die Aufnahme entscheidet das Sprechergremium. Das aktuelle Sprechergremium besteht aus:<br>Prof. Dr. Meike Baader (Universit\u00e4t Hildesheim), E-Mail: baader[at]uni-hildesheim.de<br>Prof. Dr. Carola Groppe (Helmut-Schmidt-Universit\u00e4t, Universit\u00e4t der Bundeswehr Hamburg), E-Mail: groppe[at]hsu-hh.de<\/p>\n\n\n\n<h2 class=\"wp-block-heading\"><\/h2>\n","protected":false},"excerpt":{"rendered":"<p>Arbeitskreis Historische Familienforschung Der 2003 gegr\u00fcndete Arbeitskreis &#8222;Historische Familienforschung (AHFF)&#8220; macht es sich zur Aufgabe, Forschung zur Familie unter bildungshistorischem Aspekt sowohl zu b\u00fcndeln als auch anzuregen. Das umfasst historische [&hellip;]<\/p>\n","protected":false},"author":693,"featured_media":0,"parent":0,"menu_order":0,"comment_status":"closed","ping_status":"closed","template":"","meta":{"footnotes":""},"categories":[4],"tags":[],"class_list":["post-247","page","type-page","status-publish","hentry","category-forschung"],"_links":{"self":[{"href":"https:\/\/www.hsu-hh.de\/paehis\/wp-json\/wp\/v2\/pages\/247","targetHints":{"allow":["GET"]}}],"collection":[{"href":"https:\/\/www.hsu-hh.de\/paehis\/wp-json\/wp\/v2\/pages"}],"about":[{"href":"https:\/\/www.hsu-hh.de\/paehis\/wp-json\/wp\/v2\/types\/page"}],"author":[{"embeddable":true,"href":"https:\/\/www.hsu-hh.de\/paehis\/wp-json\/wp\/v2\/users\/693"}],"replies":[{"embeddable":true,"href":"https:\/\/www.hsu-hh.de\/paehis\/wp-json\/wp\/v2\/comments?post=247"}],"version-history":[{"count":3,"href":"https:\/\/www.hsu-hh.de\/paehis\/wp-json\/wp\/v2\/pages\/247\/revisions"}],"predecessor-version":[{"id":542,"href":"https:\/\/www.hsu-hh.de\/paehis\/wp-json\/wp\/v2\/pages\/247\/revisions\/542"}],"wp:attachment":[{"href":"https:\/\/www.hsu-hh.de\/paehis\/wp-json\/wp\/v2\/media?parent=247"}],"wp:term":[{"taxonomy":"category","embeddable":true,"href":"https:\/\/www.hsu-hh.de\/paehis\/wp-json\/wp\/v2\/categories?post=247"},{"taxonomy":"post_tag","embeddable":true,"href":"https:\/\/www.hsu-hh.de\/paehis\/wp-json\/wp\/v2\/tags?post=247"}],"curies":[{"name":"wp","href":"https:\/\/api.w.org\/{rel}","templated":true}]}}